541
CXUS56 KPQR 011200
CF6VUO
PRELIMINARY LOCAL CLIMATOLOGICAL DATA (WS FORM: F-6)
STATION: VANCOUVER WA
MONTH: JUNE
YEAR: 2020
LATITUDE: 45 37 N
LONGITUDE: 122 39 W
TEMPERATURE IN F: :PCPN: SNOW: WIND :SUNSHINE: SKY :PK WND
================================================================================
1 2 3 4 5 6A 6B 7 8 9 10 11 12 13 14 15 16 17 18
12Z AVG MX 2MIN
DY MAX MIN AVG DEP HDD CDD WTR SNW DPTH SPD SPD DIR MIN PSBL S-S WX SPD DR
================================================================================
1 73 45 59 -2 6 0 0.00 M M 2.6 9 310 M M 0 13 320
2 79 46 63 2 2 0 0.00 M M 6.5 16 340 M M 1 23 330
3 74 55 65 3 0 0 0.00 M M 6.9 16 320 M M 2 22 310
4 73 51 62 0 3 0 0.00 M M 6.9 16 300 M M 4 24 300
5 70 52 61 -1 4 0 0.44 M M 4.0 10 310 M M 4 16 310
6 61 50 56 -6 9 0 0.61 M M 3.1 14 270 M M 10 18 17 270
7 61 50 56 -6 9 0 0.23 M M 5.2 16 290 M M 10 8 22 320
8 64 54 59 -3 6 0 0.20 M M 3.1 18 250 M M 10 1 28 260
9 65 52 59 -3 6 0 0.45 M M 3.7 10 200 M M 10 18 16 200
10 79 61 70 8 0 5 0.00 M M 5.6 14 270 M M 8 19 280
11 75 59 67 4 0 2 0.01 M M 4.1 10 330 M M 5 19 320
12 62 55 59 -4 6 0 0.08 M M 3.7 12 290 M M 9 18 14 280
13 61 52 57 -6 8 0 0.31 M M 2.4 10 210 M M 10 16 210
14 68 49 59 -4 6 0 0.01 M M 2.1 8 110 M M 8 1 10 120
15 65 56 61 -2 4 0 0.68 M M 5.2 16 260 M M 9 1 20 270
16 66 53 60 -3 5 0 0.18 M M 3.9 13 110 M M 8 18 17 110
17 74 50 62 -2 3 0 0.00 M M 4.7 15 290 M M 3 20 290
18 82 51 67 3 0 2 0.00 M M 5.2 14 310 M M 2 20 330
19 87 54 71 7 0 6 0.00 M M 3.4 10 340 M M 0 16 310
20 70 61 66 2 0 1 0.20 M M 3.3 9 260 M M 9 1 13 140
21 76 60 68 4 0 3 0.00 M M 4.5 14 320 M M 6 19 320
22 86 52 69 5 0 4 0.00 M M 6.5 14 310 M M 0 20 300
23 94 60 77 13 0 12 0.00 M M 5.7 15 310 M M 0 22 320
24 79 61 70 5 0 5 0.00 M M 5.8 14 320 M M 2 23 310
25 85 60 73 8 0 8 0.00 M M 8.5 17 310 M M 4 26 310
26 87 61 74 9 0 9 0.00 M M 5.5 14 330 M M 0 20 320
27 69 57 63 -2 2 0 0.00 M M 7.7 15 310 M M 9 22 310
28 71 56 64 -1 1 0 T M M 7.4 16 290 M M 9 21 280
29 74 51 63 -3 2 0 0.00 M M 3.5 13 320 M M 7 18 310
30 71 59 65 -1 0 0 T M M 6.4 16 300 M M 9 8 22 290
================================================================================
SM 2201 1633 82 57 3.40 M 147.1 M 168
================================================================================
AV 73.4 54.4 4.9 FASTST M M 6 MAX(MPH)
MISC ----> # 18 250 # 28 260
================================================================================
NOTES:
# LAST OF SEVERAL OCCURRENCES
COLUMN 17 PEAK WIND IN M.P.H.
PRELIMINARY LOCAL CLIMATOLOGICAL DATA (WS FORM: F-6) , PAGE 2
STATION: VANCOUVER WA
MONTH: JUNE
YEAR: 2020
LATITUDE: 45 37 N
LONGITUDE: 122 39 W
[TEMPERATURE DATA] [PRECIPITATION DATA] SYMBOLS USED IN COLUMN 16
AVERAGE MONTHLY: 63.9 TOTAL FOR MONTH: 3.40 1 = FOG OR MIST
DPTR FM NORMAL: 0.6 DPTR FM NORMAL: 1.61 2 = FOG REDUCING VISIBILITY
HIGHEST: 94 ON 23 GRTST 24HR 0.68 ON 15-15 TO 1/4 MILE OR LESS
LOWEST: 45 ON 1 3 = THUNDER
SNOW, ICE PELLETS, HAIL 4 = ICE PELLETS
TOTAL MONTH: M 5 = HAIL
GRTST 24HR M ON M 6 = FREEZING RAIN OR DRIZZLE
GRTST DEPTH: M ON M 7 = DUSTSTORM OR SANDSTORM:
VSBY 1/2 MILE OR LESS
8 = SMOKE OR HAZE
[NO. OF DAYS WITH] [WEATHER - DAYS WITH] 9 = BLOWING SNOW
X = TORNADO
MAX 32 OR BELOW: 0 0.01 INCH OR MORE: 12
MAX 90 OR ABOVE: 1 0.10 INCH OR MORE: 9
MIN 32 OR BELOW: 0 0.50 INCH OR MORE: 2
MIN 0 OR BELOW: 0 1.00 INCH OR MORE: 0
[HDD (BASE 65) ]
TOTAL THIS MO. 82 CLEAR (SCALE 0-3) 9
DPTR FM NORMAL -9 PTCLDY (SCALE 4-7) 10
TOTAL FM JUL 1 4160 CLOUDY (SCALE 8-10) 11
DPTR FM NORMAL -188
[CDD (BASE 65) ]
TOTAL THIS MO. 57
DPTR FM NORMAL 16 [PRESSURE DATA]
TOTAL FM JAN 1 84 HIGHEST SLP 30.31 ON 17
DPTR FM NORMAL 29 LOWEST SLP 29.72 ON 5
[REMARKS]
#FINAL-06-20#