000
CXUS56 KLKN 132151
CF6WMC
PRELIMINARY LOCAL CLIMATOLOGICAL DATA (WS FORM: F-6)
STATION: WINNEMUCCA AIRPORT NV
MONTH: DECEMBER
YEAR: 2022
LATITUDE: 40 54 N
LONGITUDE: 117 48 W
TEMPERATURE IN F: :PCPN: SNOW: WIND :SUNSHINE: SKY :PK WND
================================================================================
1 2 3 4 5 6A 6B 7 8 9 10 11 12 13 14 15 16 17 18
12Z AVG MX 2MIN
DY MAX MIN AVG DEP HDD CDD WTR SNW DPTH SPD SPD DIR MIN PSBL S-S WX SPD DR
================================================================================
1 54 23 39 6 26 0 0.12 1.9 0 12.0 29 230 M M 6 1 40 240
2 34 12 23 -10 42 0 0.00 0.0 2 8.1 14 60 M M 1 19 180
3 38 18 28 -5 37 0 T T 2 12.6 18 40 M M 4 1 24 50
4 45 26 36 4 29 0 0.18 T 1 6.6 23 260 M M 7 1 32 260
5 44 24 34 2 31 0 T T T 5.1 12 70 M M 4 1 17 40
6 41 19 30 -2 35 0 0.00 0.0 T 4.7 9 160 M M 1 1 10 160
7 40 11 26 -6 39 0 0.00 0.0 T 3.5 13 190 M M 1 128 18 180
8 44 11 28 -3 37 0 0.00 0.0 0 4.0 18 190 M M 2 25 190
9 40 28 34 3 31 0 T T T 6.6 26 230 M M 8 1 38 240
10 53 34 44 13 21 0 0.27 0.0 0 12.0 28 210 M M 9 1 43 150
11 42 30 36 5 29 0 0.38 0.4 0 10.8 20 170 M M 8 1 28 180
12 33 29 31 0 34 0 0.16 3.3 1 10.8 20 230 M M 10 1 28 230
13 35 27 31 1 34 0 0.01 0.5 5 4.7 12 280 M M 10 1 15 270
14 33 4 19 -11 46 0 0.20 T 3 2.0 8 180 M M 5 12 10 180
15 35 8 22 -8 43 0 0.00 0.0 3 2.5 9 150 M M 8 12 140
16 25 4 15 -15 50 0 0.00 0.0 2 5.6 12 150 M M 7 15 170
17 20 16 18 -12 47 0 T T 2 8.0 14 150 M M 10 16 150
18 20 14 17 -13 48 0 T T 2 9.9 15 160 M M M 19 160
19 24 14 19 -11 46 0 0.00 0.0 2 5.3 14 50 M M M 19 60
20 38 9 24 -6 41 0 T 0.0 2 3.9 15 190 M M M 21 180
21 47 32 40 10 25 0 0.00 0.0 2 8.8 18 230 M M M 26 240
22 35 26 31 1 34 0 0.07 0.3 0 9.1 17 30 M M M 25 40
23 46 29 38 8 27 0 0.00 0.0 T 3.4 13 200 M M M 17 200
24 51 29 40 10 25 0 0.00 0.0 0 3.5 9 80 M M M 10 120
25 53 28 41 11 24 0 0.00 0.0 0 4.6 12 70 M M M 16 50
26 50 35 43 13 22 0 0.00 0.0 0 6.7 20 180 M M M 27 170
27 55 38 47 17 18 0 0.12 0.0 0 16.9 35 220 M M 8 50 210
28 41 24 33 3 32 0 0.00 0.0 0 7.9 17 270 M M 5 28 260
29 35 26 31 1 34 0 0.10 1.3 0 7.4 15 180 M M 8 1 20 180
30 51 33 42 12 23 0 1.13 1.7 1 9.9 21 170 M M 10 1 34 200
31 51 34 43 13 22 0 0.07 0.0 0 6.4 17 30 M M 10 1 28 210
================================================================================
SM 1253 695 1032 0 2.81 9.4 223.3 M 142
================================================================================
AV 40.4 22.4 7.2 FASTST M M 6 MAX(MPH)
MISC ----> 35 220 50 210
================================================================================
NOTES:
# LAST OF SEVERAL OCCURRENCES
COLUMN 17 PEAK WIND IN M.P.H.
PRELIMINARY LOCAL CLIMATOLOGICAL DATA (WS FORM: F-6) , PAGE 2
STATION: WINNEMUCCA AIRPORT NV
MONTH: DECEMBER
YEAR: 2022
LATITUDE: 40 54 N
LONGITUDE: 117 48 W
[TEMPERATURE DATA] [PRECIPITATION DATA] SYMBOLS USED IN COLUMN 16
AVERAGE MONTHLY: 31.4 TOTAL FOR MONTH: 2.81 1 = FOG OR MIST
DPTR FM NORMAL: 0.7 DPTR FM NORMAL: 1.79 2 = FOG REDUCING VISIBILITY
HIGHEST: 55 ON 27 GRTST 24HR 1.13 ON 30-30 TO 1/4 MILE OR LESS
LOWEST: 4 ON 16,14 3 = THUNDER
SNOW, ICE PELLETS, HAIL 4 = ICE PELLETS
TOTAL MONTH: 9.4 INCHES 5 = HAIL
GRTST 24HR 3.3 ON 12-12 6 = FREEZING RAIN OR DRIZZLE
GRTST DEPTH: 5 ON 13 7 = DUSTSTORM OR SANDSTORM:
VSBY 1/2 MILE OR LESS
8 = SMOKE OR HAZE
[NO. OF DAYS WITH] [WEATHER - DAYS WITH] 9 = BLOWING SNOW
X = TORNADO
MAX 32 OR BELOW: 4 0.01 INCH OR MORE: 12
MAX 90 OR ABOVE: 0 0.10 INCH OR MORE: 9
MIN 32 OR BELOW: 26 0.50 INCH OR MORE: 1
MIN 0 OR BELOW: 0 1.00 INCH OR MORE: 1
[HDD (BASE 65) ]
TOTAL THIS MO. 1032 CLEAR (SCALE 0-3) 4
DPTR FM NORMAL -31 PTCLDY (SCALE 4-7) 8
TOTAL FM JUL 1 2533 CLOUDY (SCALE 8-10) 19
DPTR FM NORMAL 43
[CDD (BASE 65) ]
TOTAL THIS MO. 0
DPTR FM NORMAL 0 [PRESSURE DATA]
TOTAL FM JAN 1 999 HIGHEST SLP 30.54 ON 16
DPTR FM NORMAL 316 LOWEST SLP 29.48 ON 11
[REMARKS]
#FINAL-12-22#