417
CXUS55 KLKN 041733
CLSWMC
CLIMATE REPORT
NATIONAL WEATHER SERVICE ELKO NV
1014 AM PDT THU JUN 4 2020
...................................
...THE WINNEMUCCA AIRPORT NV CLIMATE SUMMARY FOR THE SEASON, FROM
3/1/2020 TO 5/31/2020...
CLIMATE NORMAL PERIOD 1981 TO 2010
CLIMATE RECORD PERIOD 1877 TO 2020
WEATHER OBSERVED NORMAL DEPART LAST YEAR`S
VALUE DATE(S) VALUE FROM VALUE
NORMAL
.............................................................
TEMPERATURE (F)
RECORD
HIGH 100 05/29/2020
LOW -3 03/02/1971
03/01/1971
03/12/1954
HIGHEST 100R 05/29 90 10 86
LOWEST 9 04/02 11 -2 13
AVG. MAXIMUM 66.6 63.5 3.1 62.1
AVG. MINIMUM 31.6 31.8 -0.2 34.5
MEAN 49.1 47.6 1.5 48.3
DAYS MAX >= 90 6 1.4 4.6 0
DAYS MAX <= 32 0 0.0 0.0 0
DAYS MIN <= 32 50 47.6 2.4 36
DAYS MIN <= 0 0 0.0 0.0 0
PRECIPITATION (INCHES)
RECORD
MAXIMUM 6.73 1998
MINIMUM 0.71 1931
TOTALS 2.04 2.84 -0.80 4.34
DAILY AVG. 0.02 0.03 -0.01 0.05
DAYS >= .01 23 22.7 0.3 36
DAYS >= .10 7 9.1 -2.1 15
DAYS >= .50 1 0.9 0.1 0
DAYS >= 1.00 0 0.1 -0.1 0
SNOWFALL (INCHES)
RECORDS
TOTAL 23.4 1952
1896
TOTALS 1.8 4.9 -3.1 8.5
DAYS >= 1.0 1 1.6 -0.6 4
GREATEST
SNOW DEPTH 1 03/01 2
DEGREE_DAYS
HEATING TOTAL 1493 1611 -118 1519
COOLING TOTAL 54 12 42 0
..............................................................
WIND (MPH)
AVERAGE WIND SPEED 7.8
HIGHEST WIND SPEED/DIRECTION 39/240 DATE 03/13
HIGHEST GUST SPEED/DIRECTION 51/240 DATE 03/13
AVERAGE RH (PERCENT) 44
WEATHER CONDITIONS. NUMBER OF DAYS WITH
THUNDERSTORM 1 MIXED PRECIP 0
HEAVY RAIN 2 RAIN 4
LIGHT RAIN 23 FREEZING RAIN 0
LT FREEZING RAIN 0 HAIL 0
HEAVY SNOW 0 SNOW 0
LIGHT SNOW 5 SLEET 0
FOG 13 FOG W/VIS <= 1/4 MILE 1
HAZE 9
- INDICATES NEGATIVE NUMBERS.
R INDICATES RECORD WAS SET OR TIED.
MM INDICATES DATA IS MISSING.
T INDICATES TRACE AMOUNT.
&&
=====================================================================
...WINNEMUCCA WARMER AND DRIER THAN NORMAL FOR METEORLOGICAL SPRING
2020...
THE AVERAGE TEMPERATURE IN WINNEMUCCA DURING METEOROLOGICAL SPRING
(MAR-MAY) 2020 WAS 49.1 DEGREES...WHICH IS 1.5 DEGREES ABOVE THE
NORMAL 47.6 DEGREES. THE TOTAL PRECIPITATION WAS 2.04 INCHES...
WHICH IS 0.80 INCHES BELOW OR 72 PERCENT OF THE NORMAL OF 2.84
INCHES. THE TOTAL SNOWFALL WAS 1.8 INCHES... WHICH IS 3.1 INCHES
BELOW OR 37 PERCENT OF THE 1981-2010 CLIMATOLOGICAL NORMAL OF 4.9
INCHES.
MAY 2020 IN WINNEMUCCA WAS THE 10TH WARMEST ON RECORD.
THE PERIOD OF RECORD FOR THE WINNEMUCCA AREA BEGAN IN 1877 AND THE
CLIMATOLOGICAL NORMAL IS FROM 1981-2010.
$$
DTK