000
CXUS55 KRIW 011010
CF6WRL
PRELIMINARY LOCAL CLIMATOLOGICAL DATA (WS FORM: F-6)
STATION: WORLAND WY
MONTH: SEPTEMBER
YEAR: 2021
LATITUDE: 43 58 N
LONGITUDE: 107 57 W
TEMPERATURE IN F: :PCPN: SNOW: WIND :SUNSHINE: SKY :PK WND
================================================================================
1 2 3 4 5 6A 6B 7 8 9 10 11 12 13 14 15 16 17 18
12Z AVG MX 2MIN
DY MAX MIN AVG DEP HDD CDD WTR SNW DPTH SPD SPD DIR MIN PSBL S-S WX SPD DR
================================================================================
1 80 54 67 2 0 2 0.00 M M 4.6 12 250 M M 2 8 17 10
2 76 44 60 -5 5 0 0.00 M M 4.9 16 50 M M 0 23 50
3 75 49 62 -2 3 0 T M M 5.0 14 320 M M 1 18 30
4 82 41 62 -2 3 0 0.00 M M 4.4 10 120 M M 0 13 40
5 90 41 66 2 0 1 0.00 M M 5.0 14 30 M M 0 17 30
6 91 46 69 6 0 4 0.00 M M 5.0 14 170 M M 0 16 50
7 86 50 68 5 0 3 0.00 M M 5.1 10 170 M M 0 8 13 190
8 91 48 70 8 0 5 0.00 M M 5.6 10 140 M M 0 16 110
9 97 46 72 10 0 7 0.00 M M 5.2 12 110 M M 0 15 70
10 93 50 72 10 0 7 T M M 6.1 23 320 M M 0 38 34 300
11 87 58 73 12 0 8 0.00 M M 6.9 14 350 M M 2 21 10
12 85 45 65 4 0 0 0.00 M M 5.5 20 240 M M 0 3 26 250
13 78 51 65 4 0 0 0.02 M M 4.8 17 230 M M 1 23 230
14 79 41 60 0 5 0 0.00 M M 3.7 9 20 M M 0 14 20
15 88 39 64 4 1 0 0.00 M M 4.4 12 180 M M 0 14 50
16 78 42 60 1 5 0 0.00 M M 9.5 25 360 M M 0 36 360
17 84 37 61 2 4 0 0.00 M M 8.0 16 220 M M 0 22 230
18 85 42 64 6 1 0 0.00 M M 11.9 30 200 M M 1 44 210
19 79 48 64 6 1 0 0.01 M M 12.0 30 340 M M 4 38 41 340
20 56 37 47 -11 18 0 0.07 M M 5.2 25 320 M M 6 36 320
21 68 31 50 -7 15 0 0.00 M M 3.7 10 160 M M 1 17 240
22 82 30 56 -1 9 0 0.00 M M 4.7 10 180 M M 0 15 350
23 77 39 58 2 7 0 0.00 M M 5.1 12 170 M M 2 14 360
24 73 39 56 0 9 0 0.00 M M 4.6 10 230 M M 0 12 340
25 84 37 61 6 4 0 0.00 M M 4.7 12 170 M M 0 13 180
26 87 42 65 10 0 0 0.00 M M 5.1 13 130 M M 0 14 130
27 88 38 63 9 2 0 0.00 M M 5.3 14 150 M M 0 18 360
28 84 40 62 8 3 0 T M M 6.5 23 330 M M 2 8 37 330
29 57 33 45 -8 20 0 T M M 6.6 25 320 M M 6 38 320
30 65 23 44 -9 21 0 0.00 M M 4.1 10 150 M M 0 13 170
================================================================================
SM 2425 1261 136 37 0.10 M 173.2 M 28
================================================================================
AV 80.8 42.0 5.8 FASTST M M 1 MAX(MPH)
MISC ----> # 30 200 44 210
================================================================================
NOTES:
# LAST OF SEVERAL OCCURRENCES
COLUMN 17 PEAK WIND IN M.P.H.
PRELIMINARY LOCAL CLIMATOLOGICAL DATA (WS FORM: F-6) , PAGE 2
STATION: WORLAND WY
MONTH: SEPTEMBER
YEAR: 2021
LATITUDE: 43 58 N
LONGITUDE: 107 57 W
[TEMPERATURE DATA] [PRECIPITATION DATA] SYMBOLS USED IN COLUMN 16
AVERAGE MONTHLY: 61.4 TOTAL FOR MONTH: 0.10 1 = FOG OR MIST
DPTR FM NORMAL: 2.1 DPTR FM NORMAL: -0.83 2 = FOG REDUCING VISIBILITY
HIGHEST: 97 ON 9 GRTST 24HR 0.08 ON 19-20 TO 1/4 MILE OR LESS
LOWEST: 23 ON 30 3 = THUNDER
SNOW, ICE PELLETS, HAIL 4 = ICE PELLETS
TOTAL MONTH: M 5 = HAIL
GRTST 24HR M ON M 6 = FREEZING RAIN OR DRIZZLE
GRTST DEPTH: M ON M 7 = DUSTSTORM OR SANDSTORM:
VSBY 1/2 MILE OR LESS
8 = SMOKE OR HAZE
[NO. OF DAYS WITH] [WEATHER - DAYS WITH] 9 = BLOWING SNOW
X = TORNADO
MAX 32 OR BELOW: 0 0.01 INCH OR MORE: 3
MAX 90 OR ABOVE: 5 0.10 INCH OR MORE: 0
MIN 32 OR BELOW: 3 0.50 INCH OR MORE: 0
MIN 0 OR BELOW: 0 1.00 INCH OR MORE: 0
[HDD (BASE 65) ]
TOTAL THIS MO. 136 CLEAR (SCALE 0-3) 27
DPTR FM NORMAL -66 PTCLDY (SCALE 4-7) 3
TOTAL FM JUL 1 163 CLOUDY (SCALE 8-10) 0
DPTR FM NORMAL -77
[CDD (BASE 65) ]
TOTAL THIS MO. 37
DPTR FM NORMAL 6 [PRESSURE DATA]
TOTAL FM JAN 1 787 HIGHEST SLP 30.52 ON 21
DPTR FM NORMAL 259 LOWEST SLP 29.45 ON 28
[REMARKS]
#FINAL-09-21#