000
CXUS54 KFWD 010730
CF6XBP
PRELIMINARY LOCAL CLIMATOLOGICAL DATA (WS FORM: F-6)
STATION: BRIDGEPORT
MONTH: APRIL
YEAR: 2021
LATITUDE: 33 10 N
LONGITUDE: 96 30 W
TEMPERATURE IN F: :PCPN: SNOW: WIND :SUNSHINE: SKY :PK WND
================================================================================
1 2 3 4 5 6A 6B 7 8 9 10 11 12 13 14 15 16 17 18
12Z AVG MX 2MIN
DY MAX MIN AVG DEP HDD CDD WTR SNW DPTH SPD SPD DIR MIN PSBL S-S WX SPD DR
================================================================================
1 67 31 49 -9 16 0 0.00 M M 3.0 7 130 M M 0 M M
2 68 34 51 -8 14 0 0.00 M M 8.0 16 140 M M 3 24 140
3 72 54 63 4 2 0 0.00 M M 8.6 13 180 M M 6 21 200
4 72 58 65 6 0 0 0.00 M M 7.2 13 190 M M 9 16 190
5 78 50 64 4 1 0 0.00 M M 8.5 15 180 M M 3 20 180
6 82 64 73 13 0 8 0.00 M M 15.1 22 170 M M 4 32 170
7 74 47 61 1 4 0 0.00 M M 10.5 18 310 M M 2 26 190
8 82 41 62 2 3 0 0.00 M M 4.1 13 170 M M 0 21 160
9 90 58 74 13 0 9 0.00 M M 10.2 24 340 M M 1 35 340
10 71 43 57 -4 8 0 0.00 M M 8.0 16 350 M M 0 21 350
11 85 36 61 0 4 0 0.00 M M 6.3 14 170 M M 0 23 200
12 78 50 64 2 1 0 0.01 0.0 M 5.2 14 340 M M 1 3 17 330
13 75 52 64 2 1 0 0.16 M M 5.9 9 70 M M 7 8 M M
14 71 52 62 0 3 0 0.00 M M 7.5 12 60 M M 8 3 18 350
15 58 54 56 -6 9 0 0.82 M M 6.4 15 110 M M 9 3 21 110
16 59 49 54 -9 11 0 0.26 M M 7.3 15 360 M M 10 13 23 340
17 60 43 52 -11 13 0 0.00 M M 9.4 15 350 M M 2 25 10
18 67 40 54 -9 11 0 0.00 M M 4.9 13 360 M M 0 17 330
19 74 36 55 -9 10 0 0.00 M M 4.9 12 190 M M 0 18 190
20 60 33 47 -17 18 0 0.00 M M 10.1 18 350 M M 1 25 290
21 60 29 45 -19 20 0 0.00 M M 1.9 7 150 M M 5 M M
22 60 50 55 -9 10 0 M M M 4.5 13 150 M M 10 17 170
23 71 54 63 -1 2 0 0.16 M M 6.5 12 160 M M 8 13 24 130
24 67 47 57 -8 8 0 M M M 6.3 14 340 M M 3 21 340
25 82 46 64 -1 1 0 0.00 M M 8.2 14 180 M M 0 1 23 180
26 81 64 73 8 0 8 0.00 M M 11.9 22 170 M M 0 32 170
27 76 67 72 6 0 7 M M M 10.4 17 150 M M 7 28 140
28 74 65 70 4 0 5 1.00 M M 4.5 10 130 M M 8 13 18 170
29 65 60 63 -3 2 0 1.34 M M 4.9 10 350 M M 9 21 350
30 73 60 67 1 0 2 0.00 M M 5.8 12 80 M M 9 1 18 80
================================================================================
SM 2152 1467 172 39 3.75 0.0 216.2 M 125
================================================================================
AV 71.7 48.9 7.2 FASTST M M 4 MAX(MPH)
MISC ----> 24 340 35 340
================================================================================
NOTES:
# LAST OF SEVERAL OCCURRENCES
COLUMN 17 PEAK WIND IN M.P.H.
PRELIMINARY LOCAL CLIMATOLOGICAL DATA (WS FORM: F-6) , PAGE 2
STATION: BRIDGEPORT
MONTH: APRIL
YEAR: 2021
LATITUDE: 33 10 N
LONGITUDE: 96 30 W
[TEMPERATURE DATA] [PRECIPITATION DATA] SYMBOLS USED IN COLUMN 16
AVERAGE MONTHLY: 60.3 TOTAL FOR MONTH: 3.75 1 = FOG OR MIST
DPTR FM NORMAL: -2.1 DPTR FM NORMAL: 0.87 2 = FOG REDUCING VISIBILITY
HIGHEST: 90 ON 9 GRTST 24HR 1.34 ON 29-29 TO 1/4 MILE OR LESS
LOWEST: 29 ON 21 3 = THUNDER
SNOW, ICE PELLETS, HAIL 4 = ICE PELLETS
TOTAL MONTH: 0.0 INCH 5 = HAIL
GRTST 24HR 0.0 6 = FREEZING RAIN OR DRIZZLE
GRTST DEPTH: M ON M 7 = DUSTSTORM OR SANDSTORM:
VSBY 1/2 MILE OR LESS
8 = SMOKE OR HAZE
[NO. OF DAYS WITH] [WEATHER - DAYS WITH] 9 = BLOWING SNOW
X = TORNADO
MAX 32 OR BELOW: 0 0.01 INCH OR MORE: 7
MAX 90 OR ABOVE: 1 0.10 INCH OR MORE: 6
MIN 32 OR BELOW: 2 0.50 INCH OR MORE: 3
MIN 0 OR BELOW: 0 1.00 INCH OR MORE: 1
[HDD (BASE 65) ]
TOTAL THIS MO. 172 CLEAR (SCALE 0-3) 14
DPTR FM NORMAL 33 PTCLDY (SCALE 4-7) 10
TOTAL FM JUL 1 2702 CLOUDY (SCALE 8-10) 6
DPTR FM NORMAL -235
[CDD (BASE 65) ]
TOTAL THIS MO. 39
DPTR FM NORMAL -24 [PRESSURE DATA]
TOTAL FM JAN 1 66 HIGHEST SLP M ON M
DPTR FM NORMAL -13 LOWEST SLP M ON M
[REMARKS]
#FINAL-04-21#