000
CXUS56 KPDT 011540
CLMYKM
CLIMATE REPORT
NATIONAL WEATHER SERVICE PENDLETON, OR
840 AM PDT WED NOV 01 2023
...................................
...THE YAKIMA WA CLIMATE SUMMARY FOR THE MONTH OF OCTOBER 2023...
CLIMATE NORMAL PERIOD 1991 TO 2020
CLIMATE RECORD PERIOD 1946 TO 2023
WEATHER OBSERVED NORMAL DEPART LAST YEAR`S
VALUE DATE(S) VALUE FROM VALUE DATE(S)
NORMAL
................................................................
TEMPERATURE (F)
RECORD
HIGH 91 10/06/2014
LOW 4 10/31/2002
HIGHEST 81 10/04 85 10/06
10/07
LOWEST 17 10/29 29 10/23
AVG. MAXIMUM 65.3 64.4 0.9 72.6
AVG. MINIMUM 37.7 35.3 2.4 40.5
MEAN 51.5 49.8 1.7 56.6
DAYS MAX >= 90 0 0.0 0.0 0
DAYS MAX <= 32 0 0.0 0.0 0
DAYS MIN <= 32 7 11.4 -4.4 3
DAYS MIN <= 0 0 0.0 0.0 0
PRECIPITATION (INCHES)
RECORD
MAXIMUM 2.43 2016
MINIMUM 0.00 1978
TOTALS 0.28 0.64 -0.36 0.30
DAILY AVG. 0.01 0.02 -0.01 0.01
DAYS >= .01 2 5.9 -3.9 1
DAYS >= .10 0 2.1 -2.1 1
DAYS >= .50 0 0.1 -0.1 0
DAYS >= 1.00 0 0.0 0.0 0
GREATEST
24 HR. TOTAL 0.19 10/24 TO 10/25 0.30 10/21 TO 10/22
DEGREE DAYS
HEATING TOTAL 413 471 -58 258
SINCE 7/1 535 637 -102
COOLING TOTAL 3 1 2 3
SINCE 1/1 868 606 262
................................................................
WIND (MPH)
AVERAGE WIND SPEED 5.1
RESULTANT WIND SPEED/DIRECTION 3/270
HIGHEST WIND SPEED/DIRECTION 25/200 DATE 10/16
HIGHEST GUST SPEED/DIRECTION 35/190 DATE 10/16
AVERAGE RH (PERCENT) 62
WEATHER CONDITIONS. NUMBER OF DAYS WITH
THUNDERSTORM 0 MIXED PRECIP 0
HEAVY RAIN 1 RAIN 1
LIGHT RAIN 10 FREEZING RAIN 0
LT FREEZING RAIN 0 HAIL 0
HEAVY SNOW 0 SNOW 0
LIGHT SNOW 0 SLEET 0
FOG 5 FOG W/VIS <= 1/4 MILE 0
HAZE 7
- INDICATES NEGATIVE NUMBERS.
R INDICATES RECORD WAS SET OR TIED.
MM INDICATES DATA IS MISSING.
T INDICATES TRACE AMOUNT.
$$