000
CXUS51 KBTV 280700
CF61V4
PRELIMINARY LOCAL CLIMATOLOGICAL DATA (WS FORM: F-6)

                                          STATION:   ST. JOHNSBURY VT
                                          MONTH:     AUGUST
                                          YEAR:      2014
                                          LATITUDE:   44 25 N
                                          LONGITUDE:  72  1 W

  TEMPERATURE IN F:       :PCPN:    SNOW:  WIND      :SUNSHINE: SKY     :PK WND
================================================================================
1   2   3   4   5  6A  6B    7    8   9   10  11  12  13   14  15   16   17  18
                                     12Z  AVG MX 2MIN
DY MAX MIN AVG DEP HDD CDD  WTR  SNW DPTH SPD SPD DIR MIN PSBL S-S WX    SPD DR
================================================================================

 1  80  54  67  -3   0   2 0.00  0.0    0   M   M   M   M    M   0         M  M
 2  79  58  69   0   0   4 0.00  0.0    0   M   M   M   M    M   0         M  M
 3  80  56  68  -1   0   3 0.00  0.0    0   M   M   M   M    M   0         M  M
 4  80  60  70   1   0   5 0.01  0.0    0   M   M   M   M    M   0         M  M
 5  82  57  70   1   0   5 0.09  0.0    0   M   M   M   M    M   0         M  M
 6  77  53  65  -4   0   0 0.01  0.0    0   M   M   M   M    M   0         M  M
 7  72  52  62  -7   3   0 0.24  0.0    0   M   M   M   M    M   0         M  M
 8  78  53  66  -3   0   1 0.00  0.0    0   M   M   M   M    M   0         M  M
 9  82  54  68  -1   0   3 0.00  0.0    0   M   M   M   M    M   0         M  M
10  82  52  67  -2   0   2 0.00  0.0    0   M   M   M   M    M   0         M  M
11  83  55  69   0   0   4 0.00  0.0    0   M   M   M   M    M   0         M  M
12  79  56  68   0   0   3 0.00  0.0    0   M   M   M   M    M   0         M  M
13  70  58  64  -4   1   0 0.97  0.0    0   M   M   M   M    M   0         M  M
14  68  50  59  -9   6   0 0.00  0.0    0   M   M   M   M    M   0         M  M
15  67  49  58 -10   7   0 0.00  0.0    0   M   M   M   M    M   0         M  M
16  70  55  63  -5   2   0 0.08  0.0    0   M   M   M   M    M   0         M  M
17  68  57  63  -5   2   0 0.02  0.0    0   M   M   M   M    M   0         M  M
18  67  51  59  -9   6   0 0.10  0.0    0   M   M   M   M    M   0         M  M
19  75  48  62  -6   3   0 0.00    M    0   M   M   M   M    M   0         M  M
20  78  50  64  -4   1   0 0.00  0.0    0   M   M   M   M    M   0         M  M
21  71  56  64  -3   1   0 0.01  0.0    0   M   M   M   M    M   0         M  M
22  66  58  62  -5   3   0 0.17  0.0    0   M   M   M   M    M   0         M  M
23  77  58  68   1   0   3 0.00  0.0    0   M   M   M   M    M   0         M  M
24  82  54  68   1   0   3 0.00  0.0    0   M   M   M   M    M   0         M  M
25  85  55  70   3   0   5 0.00  0.0    0   M   M   M   M    M   0         M  M
26  85  56  71   5   0   6 0.00  0.0    0   M   M   M   M    M   0         M  M
27  83  58  71   5   0   6 0.00  0.0    0   M   M   M   M    M   0         M  M
================================================================================
SM 2066 1473        35  55  1.70     0.0     M          M        0
================================================================================
AV 76.5 54.6                                 M FASTST   M    M   0    MAX(MPH)
                                 MISC ---->     M   M                  M    M
================================================================================
NOTES:
# LAST OF SEVERAL OCCURRENCES

COLUMN 17 PEAK WIND IN M.P.H.

PRELIMINARY LOCAL CLIMATOLOGICAL DATA (WS FORM: F-6) , PAGE 2

                                          STATION:  ST. JOHNSBURY VT
                                          MONTH:    AUGUST
                                          YEAR:     2014
                                          LATITUDE:   44 25 N
                                          LONGITUDE:  72  1 W

[TEMPERATURE DATA]      [PRECIPITATION DATA]       SYMBOLS USED IN COLUMN 16

AVERAGE MONTHLY: 65.5   TOTAL FOR MONTH:   1.70    1 = FOG OR MIST
DPTR FM NORMAL:  -2.6   DPTR FM NORMAL:   -2.12    2 = FOG REDUCING VISIBILITY
HIGHEST:    85 ON 26,25 GRTST 24HR  0.97 ON 13-13      TO 1/4 MILE OR LESS
LOWEST:     48 ON 19                               3 = THUNDER
                        SNOW, ICE PELLETS, HAIL    4 = ICE PELLETS
                        TOTAL MONTH:   0.0 INCH    5 = HAIL
                        GRTST 24HR     0.0         6 = FREEZING RAIN OR DRIZZLE
                        GRTST DEPTH:   0           7 = DUSTSTORM OR SANDSTORM:
                                                       VSBY 1/2 MILE OR LESS
                                                   8 = SMOKE OR HAZE
[NO. OF DAYS WITH]      [WEATHER - DAYS WITH]      9 = BLOWING SNOW
                                                   X = TORNADO
MAX 32 OR BELOW:   0    0.01 INCH OR MORE:  10
MAX 90 OR ABOVE:   0    0.10 INCH OR MORE:   4
MIN 32 OR BELOW:   0    0.50 INCH OR MORE:   1
MIN  0 OR BELOW:   0    1.00 INCH OR MORE:   0

[HDD (BASE 65) ]
TOTAL THIS MO.    35    CLEAR  (SCALE 0-3)  27
DPTR FM NORMAL     6    PTCLDY (SCALE 4-7)   0
TOTAL FM JUL 1    53    CLOUDY (SCALE 8-10)  0
DPTR FM NORMAL     9

[CDD (BASE 65) ]
TOTAL THIS MO.    55
DPTR FM NORMAL   -55    [PRESSURE DATA]
TOTAL FM JAN 1   217    HIGHEST SLP M ON M
DPTR FM NORMAL  -170    LOWEST  SLP M ON M

[REMARKS]
