000
CXUS55 KBOU 260757
CF620V
PRELIMINARY LOCAL CLIMATOLOGICAL DATA (WS FORM: F-6)

                                          STATION:   Kremmling
                                          MONTH:     SEPTEMBER
                                          YEAR:      2016
                                          LATITUDE:   40  3 N
                                          LONGITUDE: 106 22 W

  TEMPERATURE IN F:       :PCPN:    SNOW:  WIND      :SUNSHINE: SKY     :PK WND
================================================================================
1   2   3   4   5  6A  6B    7    8   9   10  11  12  13   14  15   16   17  18
                                     12Z  AVG MX 2MIN
DY MAX MIN AVG DEP HDD CDD  WTR  SNW DPTH SPD SPD DIR MIN PSBL S-S WX    SPD DR
================================================================================

 1  81  39  60   M   5   0    M    M    M  3.5 13 210   M    M   2 3      17 300
 2  77  50  64   M   1   0    M    M    M  3.2 12 250   M    M   5 3       M  M
 3  79  43  61   M   4   0    M    M    M  5.4 16 260   M    M   2 3      23 270
 4  77  43  60   M   5   0    M    M    M  5.7 23 250   M    M   2 3      35 250
 5  79  32  56   M   9   0    M    M    M  6.2 18 250   M    M   0        30 250
 6  79  32  56   M   9   0    M    M    M  7.5 24 210   M    M   0        33 210
 7  79  34  57   M   8   0    M    M    M  5.9 20 230   M    M   0        27 240
 8  81  32  57   M   8   0    M    M    M  4.5 23 220   M    M   0        28 220
 9  73  32  53   M  12   0    M    M    M  4.0 17 320   M    M   0        24 320
10  81  23  52   M  13   0    M    M    M  3.6 17 240   M    M   0        23 230
11  82  28  55   M  10   0    M    M    M  6.4 22 230   M    M   1        37 240
12  77  41  59   M   6   0    M    M    M  8.7 23 240   M    M   3        38 240
13  77  36  57   M   8   0    M    M    M  5.0 16 210   M    M   4 3      31 260
14  73  39  56   M   9   0    M    M    M  6.2 28 210   M    M   5 3      40 210
15  70  34  52   M  13   0    M    M    M  6.1 20 240   M    M   2        32 240
16  70  28  49   M  16   0    M    M    M  2.1 10  20   M    M   1         M  M
17  72  28  50   M  15   0    M    M    M  3.2 16 280   M    M   2        29 280
18  79  28  54   M  11   0    M    M    M  4.8 14 230   M    M   0        24 230
19  82  32  57   M   8   0    M    M    M  2.7 13 210   M    M   0        23 280
20  79  34  57   M   8   0    M    M    M  3.5 12 210   M    M   1        20 240
21  73  52  63   M   2   0    M    M    M  3.1 10 220   M    M   8        16 270
22  81  37  59   M   6   0    M    M    M  4.1 15 210   M    M   3        21 210
23  64  37  51   M  14   0    M    M    M  9.1 23 250   M    M   6        37 250
24  52  34  43   M  22   0    M    M    M  5.3 17 240   M    M   9 8      22 250
25  64  32  48   M  17   0    M    M    M  1.8  9 330   M    M   2        18 310
================================================================================
SM 1881  880       239   0    M     M    121.6          M       58
================================================================================
AV 75.2 35.2                               4.9 FASTST   M    M   2    MAX(MPH)
                                 MISC ---->    28   M                 40    M
================================================================================
NOTES:
# LAST OF SEVERAL OCCURRENCES

COLUMN 17 PEAK WIND IN M.P.H.

PRELIMINARY LOCAL CLIMATOLOGICAL DATA (WS FORM: F-6) , PAGE 2

                                          STATION:  Kremmling
                                          MONTH:    SEPTEMBER
                                          YEAR:     2016
                                          LATITUDE:   40  3 N
                                          LONGITUDE: 106 22 W

[TEMPERATURE DATA]      [PRECIPITATION DATA]       SYMBOLS USED IN COLUMN 16

AVERAGE MONTHLY: 55.2   TOTAL FOR MONTH:      M    1 = FOG OR MIST
DPTR FM NORMAL:     M   DPTR FM NORMAL:       M    2 = FOG REDUCING VISIBILITY
HIGHEST:    82 ON 19,11 GRTST 24HR    M  ON   M        TO 1/4 MILE OR LESS
LOWEST:     23 ON 10                               3 = THUNDER
                        SNOW, ICE PELLETS, HAIL    4 = ICE PELLETS
                        TOTAL MONTH:    M          5 = HAIL
                        GRTST 24HR    M  ON   M    6 = FREEZING RAIN OR DRIZZLE
                        GRTST DEPTH:  M  ON   M    7 = DUSTSTORM OR SANDSTORM:
                                                       VSBY 1/2 MILE OR LESS
                                                   8 = SMOKE OR HAZE
[NO. OF DAYS WITH]      [WEATHER - DAYS WITH]      9 = BLOWING SNOW
                                                   X = TORNADO
MAX 32 OR BELOW:   0    0.01 INCH OR MORE:   0
MAX 90 OR ABOVE:   0    0.10 INCH OR MORE:   0
MIN 32 OR BELOW:  11    0.50 INCH OR MORE:   0
MIN  0 OR BELOW:   0    1.00 INCH OR MORE:   0

[HDD (BASE 65) ]
TOTAL THIS MO.   239    CLEAR  (SCALE 0-3)  18
DPTR FM NORMAL     M    PTCLDY (SCALE 4-7)   6
TOTAL FM JUL 1   468    CLOUDY (SCALE 8-10)  1
DPTR FM NORMAL     M

[CDD (BASE 65) ]
TOTAL THIS MO.     0
DPTR FM NORMAL     M    [PRESSURE DATA]
TOTAL FM JAN 1    49    HIGHEST SLP M ON M
DPTR FM NORMAL     M    LOWEST  SLP M ON M

[REMARKS]
