000
CXUS54 KMAF 301100
CF66R6
PRELIMINARY LOCAL CLIMATOLOGICAL DATA (WS FORM: F-6)

                                          STATION:   Terrell County Airport
                                          MONTH:     APRIL
                                          YEAR:      2016
                                          LATITUDE:   30  2 N
                                          LONGITUDE: 102 13 W

  TEMPERATURE IN F:       :PCPN:    SNOW:  WIND      :SUNSHINE: SKY     :PK WND
================================================================================
1   2   3   4   5  6A  6B    7    8   9   10  11  12  13   14  15   16   17  18
                                     12Z  AVG MX 2MIN
DY MAX MIN AVG DEP HDD CDD  WTR  SNW DPTH SPD SPD DIR MIN PSBL S-S WX    SPD DR
================================================================================

 1  67  49  58  -7   7   0 0.00  0.0    0 14.8 25  10   M    M   0        32  30
 2  70  40  55 -10  10   0 0.00  0.0    0  5.9 13 110   M    M   0        17 110
 3  80  42  61  -5   4   0 0.00  0.0    0  6.9 17 220   M    M   0        25 220
 4  89  46  68   2   0   3 0.00  0.0    0  8.2 20 120   M    M   0        23 140
 5  88  53  71   5   0   6 0.00  0.0    0 12.1 25 110   M    M   0        31 100
 6  84  55  70   4   0   5 0.00  0.0    0  9.8 30 360   M    M   0        40 340
 7  87  51  69   2   0   4 0.00  0.0    0  5.8 13 130   M    M   0        16 150
 8  81  65  73   6   0   8 0.02  0.0    0 17.7 31 100   M    M   0        45 130
 9  83  55  69   2   0   4 0.00  0.0    0 11.9 26 110   M    M   0        35 130
10  91  65  78  11   0  13 0.00  0.0    0 11.0 25 120   M    M   0        36 220
11  91  55  73   5   0   8 0.00  0.0    0  7.8 20 230   M    M   0        25 230
12  68  55  62  -6   3   0 0.00  0.0    0 13.0 26 350   M    M   0        33 360
13  84  47  66  -2   0   1 0.00  0.0    0  5.9 13  40   M    M   0        18 330
14  86  58  72   4   0   7 0.00  0.0    0 10.8 20 110   M    M   0        29 110
15  85  59  72   3   0   7 0.00  0.0    0 17.2 31 110   M    M   0        40 110
16  88  64  76   7   0  11 0.00  0.0    0 14.7 28 100   M    M   0        36 110
17  84  57  71   2   0   6 0.06  0.0    0  9.0 25  10   M    M   0        33  10
18  65  59  62  -8   3   0 0.09  0.0    0 12.7 22  10   M    M   0        30 360
19  75  61  68  -2   0   3 0.10  0.0    0  8.4 22 120   M    M   0        27 110
20  84  65  75   5   0  10 0.00  0.0    0  7.3 18 110   M    M   0        23 120
21  87  63  75   5   0  10 0.00  0.0    0  7.9 20  70   M    M   0        28  80
22  87  64  76   5   0  11 0.00  0.0    0  7.6 16 100   M    M   0        23 140
23  82  60  71   0   0   6 0.06  0.0    0  6.7 22 170   M    M   0        29 180
24  92  59  76   5   0  11 0.00  0.0    0  8.3 20 120   M    M   0        28 120
25  96  62  79   7   0  14 0.00  0.0    0  8.5 20 120   M    M   0        27 130
26  99  68  84  12   0  19 0.00  0.0    0  9.3 28 250   M    M   0        36 240
27  92  61  77   5   0  12 0.00  0.0    0 11.4 24 220   M    M   0        30 220
28  89  59  74   2   0   9 0.00  0.0    0 13.9 25 100   M    M   0        32 100
29  94  67  81   9   0  16 0.00  0.0    0 10.3 24 230   M    M   0        30 230
================================================================================
SM 2448 1664        27 204  0.33     0.0 294.8          M        0
================================================================================
AV 84.4 57.4                              10.2 FASTST   M    M   0    MAX(MPH)
                                 MISC ---->  # 31 100               # 45  130
================================================================================
NOTES:
# LAST OF SEVERAL OCCURRENCES

COLUMN 17 PEAK WIND IN M.P.H.

PRELIMINARY LOCAL CLIMATOLOGICAL DATA (WS FORM: F-6) , PAGE 2

                                          STATION:  Terrell County Airport
                                          MONTH:    APRIL
                                          YEAR:     2016
                                          LATITUDE:   30  2 N
                                          LONGITUDE: 102 13 W

[TEMPERATURE DATA]      [PRECIPITATION DATA]       SYMBOLS USED IN COLUMN 16

AVERAGE MONTHLY: 70.9   TOTAL FOR MONTH:   0.33    1 = FOG OR MIST
DPTR FM NORMAL:   2.1   DPTR FM NORMAL:   -0.70    2 = FOG REDUCING VISIBILITY
HIGHEST:    99 ON 26    GRTST 24HR  0.12 ON 18-19      TO 1/4 MILE OR LESS
LOWEST:     40 ON  2                               3 = THUNDER
                        SNOW, ICE PELLETS, HAIL    4 = ICE PELLETS
                        TOTAL MONTH:   0.0 INCH    5 = HAIL
                        GRTST 24HR     0.0         6 = FREEZING RAIN OR DRIZZLE
                        GRTST DEPTH:   0           7 = DUSTSTORM OR SANDSTORM:
                                                       VSBY 1/2 MILE OR LESS
                                                   8 = SMOKE OR HAZE
[NO. OF DAYS WITH]      [WEATHER - DAYS WITH]      9 = BLOWING SNOW
                                                   X = TORNADO
MAX 32 OR BELOW:   0    0.01 INCH OR MORE:   5
MAX 90 OR ABOVE:   7    0.10 INCH OR MORE:   1
MIN 32 OR BELOW:   0    0.50 INCH OR MORE:   0
MIN  0 OR BELOW:   0    1.00 INCH OR MORE:   0

[HDD (BASE 65) ]
TOTAL THIS MO.    27    CLEAR  (SCALE 0-3)  29
DPTR FM NORMAL   -12    PTCLDY (SCALE 4-7)   0
TOTAL FM JUL 1  1246    CLOUDY (SCALE 8-10)  0
DPTR FM NORMAL  -566

[CDD (BASE 65) ]
TOTAL THIS MO.   204
DPTR FM NORMAL    54    [PRESSURE DATA]
TOTAL FM JAN 1   297    HIGHEST SLP M ON M
DPTR FM NORMAL    96    LOWEST  SLP 29.45 ON 15

[REMARKS]
