000
CXUS52 KTAE 300800
CF6AAF
PRELIMINARY LOCAL CLIMATOLOGICAL DATA (WS FORM: F-6)

                                          STATION:   APALACHICOLA
                                          MONTH:     SEPTEMBER
                                          YEAR:      2014
                                          LATITUDE:   29 43 N
                                          LONGITUDE:  85  2 W

  TEMPERATURE IN F:       :PCPN:    SNOW:  WIND      :SUNSHINE: SKY     :PK WND
================================================================================
1   2   3   4   5  6A  6B    7    8   9   10  11  12  13   14  15   16   17  18
                                     12Z  AVG MX 2MIN
DY MAX MIN AVG DEP HDD CDD  WTR  SNW DPTH SPD SPD DIR MIN PSBL S-S WX    SPD DR
================================================================================

 1  90  75  83   2   0  18 0.00  0.0    0  4.5 15 160   M    M   1 1      18 150
 2  92  73  83   2   0  18 0.00  0.0    0  5.0 13 180   M    M   0        17 170
 3  89  75  82   1   0  17    T  0.0    0  5.3 14 340   M    M   2 3      19 150
 4  90  75  83   2   0  18 0.32  0.0    0  4.6 18  10   M    M   2 13     23  10
 5  92  73  83   2   0  18 0.00  0.0    0  5.7 16 210   M    M   1 3      20 190
 6  90  75  83   2   0  18 0.09  0.0    0  2.9 16 210   M    M   1 1      21 220
 7  90  76  83   2   0  18 0.03  0.0    0  2.3  9 240   M    M   3 3      12 210
 8  88  76  82   2   0  17 0.52  0.0    0  4.6 21 230   M    M   2 13     26 230
 9  85  74  80   0   0  15 0.02  0.0    0  5.2 10 140   M    M   3 13     13 140
10  88  76  82   2   0  17 0.86  0.0    0  5.8 16 130   M    M   1 1      20 130
11  91  76  84   4   0  19 0.00  0.0    0  5.0 14 160   M    M   1        17 160
12  92  76  84   4   0  19 0.00  0.0    0  4.8 13 150   M    M   0 3      17 170
13  91  77  84   4   0  19 0.00  0.0    0  6.7 16 130   M    M   1        20 120
14  92  77  85   5   0  20 0.07  0.0    0  7.9 17 140   M    M   1 3      22 140
15  86  77  82   3   0  17 0.27  0.0    0  8.3 22 210   M    M   6 138    29 210
16  83  75  79   0   0  14 0.19  0.0    0  6.7 17 230   M    M   4 13     23 230
17  88  73  81   2   0  16 0.00  0.0    0  4.4 10 170   M    M   0 1      15 160
18  89  73  81   2   0  16 0.00  0.0    0  4.1 12 360   M    M   0 3      15 190
19  82  73  78  -1   0  13 0.01  0.0    0  5.3 17 150   M    M   6        23 140
20  87  71  79   1   0  14 0.00  0.0    0  8.5 16  30   M    M   4        22  20
21  87  70  79   1   0  14 0.00  0.0    0  6.0 13 160   M    M   0        17  90
22  89  66  78   0   0  13    T  0.0    0  6.3 15  10   M    M   1 1      20 360
23  85  68  77  -1   0  12 0.00  0.0    0  9.6 17 100   M    M   2        23 110
24  85  65  75  -2   0  10 0.00  0.0    0  9.8 16  50   M    M   2        21  40
25  78  62  70  -7   0   5 0.00  0.0    0  7.8 15  40   M    M   3 8      20  40
26  83  62  73  -4   0   8 0.00  0.0    0  8.0 17 120   M    M   4        20 110
27  81  74  78   1   0  13 0.00  0.0    0  9.3 16  80   M    M   8        20  70
28  79  75  77   1   0  12 2.47  0.0    0  7.0 13  70   M    M   9 12     19  70
29  82  74  78   2   0  13 0.68  0.0    0  5.9 13  90   M    M   8 1      15  80
================================================================================
SM 2524 2112         0 441  5.53     0.0 177.3          M       76
================================================================================
AV 87.0 72.8                               6.1 FASTST   M    M   3    MAX(MPH)
                                 MISC ---->  # 22 210               # 29  210
================================================================================
NOTES:
# LAST OF SEVERAL OCCURRENCES

COLUMN 17 PEAK WIND IN M.P.H.

PRELIMINARY LOCAL CLIMATOLOGICAL DATA (WS FORM: F-6) , PAGE 2

                                          STATION:  APALACHICOLA
                                          MONTH:    SEPTEMBER
                                          YEAR:     2014
                                          LATITUDE:   29 43 N
                                          LONGITUDE:  85  2 W

[TEMPERATURE DATA]      [PRECIPITATION DATA]       SYMBOLS USED IN COLUMN 16

AVERAGE MONTHLY: 79.9   TOTAL FOR MONTH:   5.53    1 = FOG OR MIST
DPTR FM NORMAL:   0.8   DPTR FM NORMAL:   -1.01    2 = FOG REDUCING VISIBILITY
HIGHEST:    92 ON 14,12 GRTST 24HR  2.51 ON 28-29      TO 1/4 MILE OR LESS
LOWEST:     62 ON 26,25                            3 = THUNDER
                        SNOW, ICE PELLETS, HAIL    4 = ICE PELLETS
                        TOTAL MONTH:   0.0 INCH    5 = HAIL
                        GRTST 24HR     0.0         6 = FREEZING RAIN OR DRIZZLE
                        GRTST DEPTH:   0           7 = DUSTSTORM OR SANDSTORM:
                                                       VSBY 1/2 MILE OR LESS
                                                   8 = SMOKE OR HAZE
[NO. OF DAYS WITH]      [WEATHER - DAYS WITH]      9 = BLOWING SNOW
                                                   X = TORNADO
MAX 32 OR BELOW:   0    0.01 INCH OR MORE:  12
MAX 90 OR ABOVE:  10    0.10 INCH OR MORE:   7
MIN 32 OR BELOW:   0    0.50 INCH OR MORE:   4
MIN  0 OR BELOW:   0    1.00 INCH OR MORE:   1

[HDD (BASE 65) ]
TOTAL THIS MO.     0    CLEAR  (SCALE 0-3)  21
DPTR FM NORMAL     0    PTCLDY (SCALE 4-7)   6
TOTAL FM JUL 1     0    CLOUDY (SCALE 8-10)  2
DPTR FM NORMAL     0

[CDD (BASE 65) ]
TOTAL THIS MO.   441
DPTR FM NORMAL    32    [PRESSURE DATA]
TOTAL FM JAN 1  2421    HIGHEST SLP M ON M
DPTR FM NORMAL    86    LOWEST  SLP 29.88 ON M

[REMARKS]
