000
CXUS54 KSJT 251210
CF6ABI
PRELIMINARY LOCAL CLIMATOLOGICAL DATA (WS FORM: F-6)

                                          STATION:   ABILENE
                                          MONTH:     APRIL
                                          YEAR:      2017
                                          LATITUDE:   32 25 N
                                          LONGITUDE:  99 41 W

  TEMPERATURE IN F:       :PCPN:    SNOW:  WIND      :SUNSHINE: SKY     :PK WND
================================================================================
1   2   3   4   5  6A  6B    7    8   9   10  11  12  13   14  15   16   17  18
                                     12Z  AVG MX 2MIN
DY MAX MIN AVG DEP HDD CDD  WTR  SNW DPTH SPD SPD DIR MIN PSBL S-S WX    SPD DR
================================================================================

 1  69  50  60  -1   5   0 0.04  0.0    0 15.5 29 350   M    M   7 1      37 150
 2  51  46  49 -12  16   0 1.17    M    0 10.1 20  10   M    M   9 13     27  20
 3  80  46  63   2   2   0 0.00  0.0    0  9.2 16 280   M    M   0        21 290
 4  79  46  63   1   2   0 0.00  0.0    0 18.4 33 350   M    M   0        42 330
 5  67  42  55  -7  10   0 0.00  0.0    0 14.0 29 350   M    M   0        39 330
 6  74  39  57  -5   8   0 0.00  0.0    0  8.0 15 150   M    M   0        20 200
 7  77  47  62   0   3   0 0.00  0.0    0 13.7 24 190   M    M   0        29 190
 8  85  58  72  10   0   7 0.00  0.0    0 18.0 31 200   M    M   0        37 200
 9  85  63  74  11   0   9 0.00  0.0    0 18.2 30 200   M    M   0        40 200
10  75  61  68   5   0   3 0.00  0.0    0 10.4 20 360   M    M   5 8      25 180
11  77  55  66   3   0   1 0.00  0.0    0  9.2 18  60   M    M   2        24  60
12  70  58  64   0   1   0 0.00  0.0    0 11.2 20 140   M    M   9        25 140
13  76  61  69   5   0   4 0.09  0.0    0 13.5 30 150   M    M   7 1      38 140
14  75  61  68   4   0   3 0.00  0.0    0 16.4 25 140   M    M   5        32 180
15  80  61  71   7   0   6 0.00  0.0    0 15.3 24 170   M    M   6        32 180
16  78  64  71   6   0   6 0.00  0.0    0 11.4 20 200   M    M   5        25 190
17  84  60  72   7   0   7 0.02  0.0    M  7.7 20  90   M    M   1 1      24  60
18  81  54  68   3   0   3 0.00  0.0    0  9.1 16 140   M    M   1 1      21 140
19  84  61  73   7   0   8 0.00  0.0    0 14.4 23 160   M    M   3        30 150
20  86  63  75   9   0  10 0.00  0.0    0 14.6 23 130   M    M   1        27 160
21  90  55  73   7   0   8 0.00  0.0    0 16.2 26  10   M    M   2        35 180
22  64  47  56 -10   9   0 0.00  0.0    0 15.9 26 350   M    M   6        33 360
23  73  40  57 -10   8   0 0.00  0.0    0  6.3 14 360   M    M   0        18 360
24  84  50  67   0   0   2 0.00  0.0    0 15.8 24 180   M    M   0        32 160
================================================================================
SM 1844 1288        64  77  1.32     0.0 312.5          M       69
================================================================================
AV 76.8 53.7                              13.0 FASTST   M    M   3    MAX(MPH)
                                 MISC ---->  # 33 350               # 42  330
================================================================================
NOTES:
# LAST OF SEVERAL OCCURRENCES

COLUMN 17 PEAK WIND IN M.P.H.

PRELIMINARY LOCAL CLIMATOLOGICAL DATA (WS FORM: F-6) , PAGE 2

                                          STATION:  ABILENE
                                          MONTH:    APRIL
                                          YEAR:     2017
                                          LATITUDE:   32 25 N
                                          LONGITUDE:  99 41 W

[TEMPERATURE DATA]      [PRECIPITATION DATA]       SYMBOLS USED IN COLUMN 16

AVERAGE MONTHLY: 65.3   TOTAL FOR MONTH:   1.32    1 = FOG OR MIST
DPTR FM NORMAL:   1.5   DPTR FM NORMAL:    0.10    2 = FOG REDUCING VISIBILITY
HIGHEST:    90 ON 21    GRTST 24HR  1.19 ON  1- 2      TO 1/4 MILE OR LESS
LOWEST:     39 ON  6                               3 = THUNDER
                        SNOW, ICE PELLETS, HAIL    4 = ICE PELLETS
                        TOTAL MONTH:   0.0 INCH    5 = HAIL
                        GRTST 24HR     0.0         6 = FREEZING RAIN OR DRIZZLE
                        GRTST DEPTH:   0           7 = DUSTSTORM OR SANDSTORM:
                                                       VSBY 1/2 MILE OR LESS
                                                   8 = SMOKE OR HAZE
[NO. OF DAYS WITH]      [WEATHER - DAYS WITH]      9 = BLOWING SNOW
                                                   X = TORNADO
MAX 32 OR BELOW:   0    0.01 INCH OR MORE:   4
MAX 90 OR ABOVE:   1    0.10 INCH OR MORE:   1
MIN 32 OR BELOW:   0    0.50 INCH OR MORE:   1
MIN  0 OR BELOW:   0    1.00 INCH OR MORE:   1

[HDD (BASE 65) ]
TOTAL THIS MO.    64    CLEAR  (SCALE 0-3)  14
DPTR FM NORMAL   -37    PTCLDY (SCALE 4-7)   8
TOTAL FM JUL 1  1791    CLOUDY (SCALE 8-10)  2
DPTR FM NORMAL  -741

[CDD (BASE 65) ]
TOTAL THIS MO.    77
DPTR FM NORMAL     7    [PRESSURE DATA]
TOTAL FM JAN 1   192    HIGHEST SLP M ON M
DPTR FM NORMAL    88    LOWEST  SLP 29.50 ON 24

[REMARKS]
