000
CXUS55 KABQ 251000
CF6ABQ
PRELIMINARY LOCAL CLIMATOLOGICAL DATA (WS FORM: F-6)

                                          STATION:   ALBUQUERQUE  NM
                                          MONTH:     OCTOBER
                                          YEAR:      2014
                                          LATITUDE:   35  2 N
                                          LONGITUDE: 106 37 W

  TEMPERATURE IN F:       :PCPN:    SNOW:  WIND      :SUNSHINE: SKY     :PK WND
================================================================================
1   2   3   4   5  6A  6B    7    8   9   10  11  12  13   14  15   16   17  18
                                     12Z  AVG MX 2MIN
DY MAX MIN AVG DEP HDD CDD  WTR  SNW DPTH SPD SPD DIR MIN PSBL S-S WX    SPD DR
================================================================================

 1  78  48  63   0   2   0 0.00  0.0    0  7.7 22 250   M    M   3        28 250
 2  73  51  62  -1   3   0 0.00  0.0    0 10.8 23 310   M    M   1        30 310
 3  77  45  61  -2   4   0 0.00  0.0    0  4.9 13  20   M    M   0        17  20
 4  80  49  65   3   0   0 0.00  0.0    0  8.1 24 340   M    M   0        29 340
 5  79  51  65   3   0   0 0.00  0.0    0 11.2 20 320   M    M   0        30 310
 6  83  50  67   6   0   2 0.00  0.0    0  6.7 20 320   M    M   2        25 320
 7  81  51  66   5   0   1 0.00  0.0    0  3.1 10  30   M    M   8        14  30
 8  69  58  64   3   1   0 0.06  0.0    0  6.0 16 220   M    M   9        20 220
 9  69  53  61   1   4   0 0.06  0.0    0  5.8 28 220   M    M   7 3      33 220
10  64  55  60   0   5   0 0.04  0.0    0 11.0 23  80   M    M   9        26  80
11  69  50  60   0   5   0    T  0.0    0  5.9 15 310   M    M   6 3      18 320
12  75  50  63   4   2   0    T  0.0    0 18.7 49 300   M    M   3 78     67 290
13  66  39  53  -6  12   0 0.00  0.0    0  7.1 16 340   M    M   0        21 330
14  72  38  55  -3  10   0 0.00  0.0    0  2.7  9 120   M    M   0        10  20
15  73  42  58   0   7   0 0.00  0.0    0  5.4 14 190   M    M   5        18 190
16  79  49  64   6   1   0 0.00  0.0    0  3.7  9  90   M    M   3        13 150
17  77  50  64   7   1   0 0.00  0.0    0  7.8 24  90   M    M   7        28  90
18  74  56  65   8   0   0    T  0.0    0 17.9 31  80   M    M   6        38  80
19  67  50  59   3   6   0 0.00  0.0    0  6.6 20 170   M    M   6        23 200
20  73  47  60   4   5   0 0.46  0.0    0  6.2 26  90   M    M   6 3      29  80
21  69  52  61   5   4   0 0.00  0.0    0  6.1 17 170   M    M   5        19 160
22  73  52  63   8   2   0 0.00  0.0    0  3.7 10 210   M    M   4        13 270
23  76  51  64   9   1   0 0.00  0.0    0  3.0 12 290   M    M   1        14 270
24  79  47  63   9   2   0 0.00  0.0    0  3.4 10  20   M    M   0        12  10
================================================================================
SM 1775 1184        77   3  0.62     0.0 173.5          M       91
================================================================================
AV 74.0 49.3                               7.2 FASTST   M    M   4    MAX(MPH)
                                 MISC ---->  # 49 300               # 67  290
================================================================================
NOTES:
# LAST OF SEVERAL OCCURRENCES

COLUMN 17 PEAK WIND IN M.P.H.

PRELIMINARY LOCAL CLIMATOLOGICAL DATA (WS FORM: F-6) , PAGE 2

                                          STATION:  ALBUQUERQUE  NM
                                          MONTH:    OCTOBER
                                          YEAR:     2014
                                          LATITUDE:   35  2 N
                                          LONGITUDE: 106 37 W

[TEMPERATURE DATA]      [PRECIPITATION DATA]       SYMBOLS USED IN COLUMN 16

AVERAGE MONTHLY: 61.6   TOTAL FOR MONTH:   0.62    1 = FOG OR MIST
DPTR FM NORMAL:   2.7   DPTR FM NORMAL:   -0.24    2 = FOG REDUCING VISIBILITY
HIGHEST:    83 ON  6    GRTST 24HR  0.46 ON 20-20      TO 1/4 MILE OR LESS
LOWEST:     38 ON 14                               3 = THUNDER
                        SNOW, ICE PELLETS, HAIL    4 = ICE PELLETS
                        TOTAL MONTH:   0.0 INCH    5 = HAIL
                        GRTST 24HR     0.0         6 = FREEZING RAIN OR DRIZZLE
                        GRTST DEPTH:   0           7 = DUSTSTORM OR SANDSTORM:
                                                       VSBY 1/2 MILE OR LESS
                                                   8 = SMOKE OR HAZE
[NO. OF DAYS WITH]      [WEATHER - DAYS WITH]      9 = BLOWING SNOW
                                                   X = TORNADO
MAX 32 OR BELOW:   0    0.01 INCH OR MORE:   4
MAX 90 OR ABOVE:   0    0.10 INCH OR MORE:   1
MIN 32 OR BELOW:   0    0.50 INCH OR MORE:   0
MIN  0 OR BELOW:   0    1.00 INCH OR MORE:   0

[HDD (BASE 65) ]
TOTAL THIS MO.    77    CLEAR  (SCALE 0-3)  12
DPTR FM NORMAL   -79    PTCLDY (SCALE 4-7)  10
TOTAL FM JUL 1    86    CLOUDY (SCALE 8-10)  2
DPTR FM NORMAL   -96

[CDD (BASE 65) ]
TOTAL THIS MO.     3
DPTR FM NORMAL    -4    [PRESSURE DATA]
TOTAL FM JAN 1  1444    HIGHEST SLP M ON M
DPTR FM NORMAL   125    LOWEST  SLP 29.57 ON 12

[REMARKS]
