000
CXUS56 KEKA 011236
CF6ACV
PRELIMINARY LOCAL CLIMATOLOGICAL DATA (WS FORM: F-6)

                                          STATION:   ARCATA CA
                                          MONTH:     SEPTEMBER
                                          YEAR:      2014
                                          LATITUDE:   40 58 N
                                          LONGITUDE: 124  6 W

  TEMPERATURE IN F:       :PCPN:    SNOW:  WIND      :SUNSHINE: SKY     :PK WND
================================================================================
1   2   3   4   5  6A  6B    7    8   9   10  11  12  13   14  15   16   17  18
                                     12Z  AVG MX 2MIN
DY MAX MIN AVG DEP HDD CDD  WTR  SNW DPTH SPD SPD DIR MIN PSBL S-S WX    SPD DR
================================================================================

 1  65  49  57   1   8   0 0.00  0.0    0  4.0  9 300   M    M   3 2      14 280
 2  65  51  58   2   7   0 0.00  0.0    0  5.5 18 320   M    M   3 18     23 320
 3  80  47  64   8   1   0 0.00  0.0    0  5.8 21 340   M    M   3 8      30  10
 4  66  44  55  -1  10   0 0.00  0.0    0  5.0 13 220   M    M   4 8      16 210
 5  59  46  53  -3  12   0 0.00  0.0    0  4.9 12 320   M    M  10 2      14 320
 6  61  52  57   1   8   0 0.00  0.0    0  3.0 10 250   M    M  10 1      13 250
 7  59  53  56   0   9   0 0.00  0.0    0  4.3 13 310   M    M  10 1      14 310
 8  62  52  57   1   8   0 0.00  0.0    0  4.9 12 280   M    M   9 1      15 280
 9  63  49  56   0   9   0 0.00  0.0    0  5.0 13 330   M    M   5 1      20 230
10  72  45  59   3   6   0 0.00  0.0    0  3.6 12 310   M    M   1 18     14 320
11  71  47  59   3   6   0 0.00  0.0    0  3.1  9 240   M    M   2 28     19 230
12  64  44  54  -2  11   0 0.00  0.0    0  2.4  9 240   M    M   4 28     24 270
13  67  43  55   0  10   0 0.00  0.0    0  2.9  8 190   M    M   2 2      13 200
14  59  44  52  -3  13   0 0.00  0.0    0  2.8  9 240   M    M   8 2      12 250
15  65  50  58   3   7   0 0.00  0.0    0  2.5  8 310   M    M   7 2      11 200
16  69  48  59   4   6   0 0.00  0.0    0  3.5 10 280   M    M   0        15 290
17  65  52  59   4   6   0 0.55  0.0    0  5.0 15  90   M    M   7 238    22  90
18  76  56  66  11   0   1 0.02  0.0    0  4.4 15 330   M    M   6 1      20 350
19  65  55  60   5   5   0 0.00  0.0    0  3.5  9 280   M    M   5 28     13 270
20  64  53  59   4   6   0 0.00  0.0    0  6.1 17 330   M    M   7 28     21 330
21  67  59  63   8   2   0    T  0.0    0  4.2 12 240   M    M  10 1      16 230
22  68  57  63   8   2   0 0.00  0.0    0  5.4 12 240   M    M   6 1      14 280
23  79  58  69  14   0   4 0.00  0.0    0 10.1 23 220   M    M   7        30 220
24  71  54  63   8   2   0 2.62  0.0    0  3.5 16 280   M    M   9 1      21 280
25  70  54  62   7   3   0 0.01  0.0    0  6.5 17 180   M    M   6 8      21 180
26  66  51  59   4   6   0 0.00  0.0    0  6.3 16 320   M    M   2 1      21 320
27  70  50  60   6   5   0 0.00  0.0    0  6.0 21 320   M    M   4 1      26 320
28  65  50  58   4   7   0 0.00  0.0    0  4.6 14 320   M    M   3        19 310
29  65  58  62   8   3   0 0.03  0.0    0  5.8 14 310   M    M   9 1      17 320
30  70  48  59   5   6   0 0.00  0.0    0  7.8 25 350   M    M   2 28     43 330
================================================================================
SM 2008 1519       184   5  3.23     0.0 142.4          M      164
================================================================================
AV 66.9 50.6                               4.7 FASTST   M    M   5    MAX(MPH)
                                 MISC ---->  # 25 350               # 43  330
================================================================================
NOTES:
# LAST OF SEVERAL OCCURRENCES

COLUMN 17 PEAK WIND IN M.P.H.

PRELIMINARY LOCAL CLIMATOLOGICAL DATA (WS FORM: F-6) , PAGE 2

                                          STATION:  ARCATA CA
                                          MONTH:    SEPTEMBER
                                          YEAR:     2014
                                          LATITUDE:   40 58 N
                                          LONGITUDE: 124  6 W

[TEMPERATURE DATA]      [PRECIPITATION DATA]       SYMBOLS USED IN COLUMN 16

AVERAGE MONTHLY: 58.8   TOTAL FOR MONTH:   3.23    1 = FOG OR MIST
DPTR FM NORMAL:   3.6   DPTR FM NORMAL:    2.28    2 = FOG REDUCING VISIBILITY
HIGHEST:    80 ON  3    GRTST 24HR  2.62 ON 24-24      TO 1/4 MILE OR LESS
LOWEST:     43 ON 13                               3 = THUNDER
                        SNOW, ICE PELLETS, HAIL    4 = ICE PELLETS
                        TOTAL MONTH:   0.0 INCH    5 = HAIL
                        GRTST 24HR     0.0         6 = FREEZING RAIN OR DRIZZLE
                        GRTST DEPTH:   0           7 = DUSTSTORM OR SANDSTORM:
                                                       VSBY 1/2 MILE OR LESS
                                                   8 = SMOKE OR HAZE
[NO. OF DAYS WITH]      [WEATHER - DAYS WITH]      9 = BLOWING SNOW
                                                   X = TORNADO
MAX 32 OR BELOW:   0    0.01 INCH OR MORE:   5
MAX 90 OR ABOVE:   0    0.10 INCH OR MORE:   2
MIN 32 OR BELOW:   0    0.50 INCH OR MORE:   2
MIN  0 OR BELOW:   0    1.00 INCH OR MORE:   1

[HDD (BASE 65) ]
TOTAL THIS MO.   184    CLEAR  (SCALE 0-3)   9
DPTR FM NORMAL  -109    PTCLDY (SCALE 4-7)  14
TOTAL FM JUL 1   553    CLOUDY (SCALE 8-10)  7
DPTR FM NORMAL  -279

[CDD (BASE 65) ]
TOTAL THIS MO.     5
DPTR FM NORMAL     4    [PRESSURE DATA]
TOTAL FM JAN 1     8    HIGHEST SLP 30.10 ON 30
DPTR FM NORMAL     7    LOWEST  SLP 29.69 ON 17

[REMARKS]
#FINAL-09-14#
