000
CXUS54 KLZK 261330
CF6ADF
PRELIMINARY LOCAL CLIMATOLOGICAL DATA (WS FORM: F-6)

                                          STATION:   Arkadelphia Airport
                                          MONTH:     AUGUST
                                          YEAR:      2014
                                          LATITUDE:   34  9 N
                                          LONGITUDE:  93  4 W

  TEMPERATURE IN F:       :PCPN:    SNOW:  WIND      :SUNSHINE: SKY     :PK WND
================================================================================
1   2   3   4   5  6A  6B    7    8   9   10  11  12  13   14  15   16   17  18
                                     12Z  AVG MX 2MIN
DY MAX MIN AVG DEP HDD CDD  WTR  SNW DPTH SPD SPD DIR MIN PSBL S-S WX    SPD DR
================================================================================

 1  73  68  71 -10   0   6 0.01  0.0    0  3.0  7  30   M    M   8 1       M  M
 2  86  70  78  -3   0  13    T  0.0    0  3.8  9  50   M    M   3 1       M  M
 3  89  70  80  -1   0  15    T  0.0    0  4.5  8  40   M    M   1 1       M  M
 4  90  66  78  -3   0  13 0.00  0.0    0  2.5  7  10   M    M   0 1       M  M
 5  94  66  80  -1   0  15    T  0.0    0  1.2  5 250   M    M   0 1       M  M
 6  96  69  83   2   0  18    T  0.0    0  2.2 12 190   M    M   1 18     22 190
 7  91  71  81   0   0  16    T  0.0    0  3.0  9 310   M    M   2 12      M  M
 8  94  72  83   2   0  18 1.06  0.0    0  4.8 12 230   M    M   3 123     M  M
 9  85  71  78  -3   0  13 0.17  0.0    0  2.2  7 280   M    M   1 13      M  M
10  89  73  81   0   0  16 0.12  0.0    0  1.0  7 180   M    M   3 123     M  M
11  91  74  83   2   0  18 0.12  0.0    0  4.4 12 300   M    M   1 13      M  M
12  86  69  78  -3   0  13 0.00  0.0    0  3.7 10 360   M    M   1         M  M
13  87  64  76  -5   0  11 0.00  0.0    0  1.5  6 110   M    M   0 1       M  M
14  89  64  77  -4   0  12 0.00  0.0    0  1.2  5 160   M    M   0 1       M  M
15  89  65  77  -4   0  12 0.00  0.0    0  1.2  6 170   M    M   0 128     M  M
16  97  66  82   1   0  17    T  0.0    0  3.5 10 230   M    M   1 123     M  M
17  93  74  84   3   0  19    T  0.0    0  4.9 13 230   M    M   1         M  M
18   M   M   M   M   M   M 1.89    M    0  6.9 12 200   M    M   4 13      M  M
19  94  69  82   2   0  17 0.00  0.0    0  2.9  8 220   M    M   0 1       M  M
20  94  71  83   3   0  18    T  0.0    0  2.9  8 230   M    M   0 1       M  M
21  93  72  83   3   0  18    T  0.0    0  2.4  7 180   M    M   2 1       M  M
22  94  73  84   4   0  19 0.00  0.0    0  2.9 10 220   M    M   1 1       M  M
23  96  71  84   4   0  19 0.00  0.0    0  2.5  9 230   M    M   1 12      M  M
24  96  71  84   4   0  19 0.00  0.0    0  1.4  7 270   M    M   3 12      M  M
25  97  71  84   4   0  19    T  0.0    0  0.4  5 320   M    M   0 12      M  M
================================================================================
SM 2183 1670         0 374  3.37     0.0  70.9          M       37
================================================================================
AV 91.0 69.6                               2.8 FASTST   M    M   1    MAX(MPH)
                                 MISC ---->    13   M                 22    M
================================================================================
NOTES:
# LAST OF SEVERAL OCCURRENCES

COLUMN 17 PEAK WIND IN M.P.H.

PRELIMINARY LOCAL CLIMATOLOGICAL DATA (WS FORM: F-6) , PAGE 2

                                          STATION:  Arkadelphia Airport
                                          MONTH:    AUGUST
                                          YEAR:     2014
                                          LATITUDE:   34  9 N
                                          LONGITUDE:  93  4 W

[TEMPERATURE DATA]      [PRECIPITATION DATA]       SYMBOLS USED IN COLUMN 16

AVERAGE MONTHLY: 80.3   TOTAL FOR MONTH:   3.37    1 = FOG OR MIST
DPTR FM NORMAL:  -0.4   DPTR FM NORMAL:    1.08    2 = FOG REDUCING VISIBILITY
HIGHEST:    97 ON 25,16 GRTST 24HR  1.89 ON 18-18      TO 1/4 MILE OR LESS
LOWEST:     64 ON 14,13                            3 = THUNDER
                        SNOW, ICE PELLETS, HAIL    4 = ICE PELLETS
                        TOTAL MONTH:   0.0 INCH    5 = HAIL
                        GRTST 24HR     0.0         6 = FREEZING RAIN OR DRIZZLE
                        GRTST DEPTH:   0           7 = DUSTSTORM OR SANDSTORM:
                                                       VSBY 1/2 MILE OR LESS
                                                   8 = SMOKE OR HAZE
[NO. OF DAYS WITH]      [WEATHER - DAYS WITH]      9 = BLOWING SNOW
                                                   X = TORNADO
MAX 32 OR BELOW:   0    0.01 INCH OR MORE:   6
MAX 90 OR ABOVE:  15    0.10 INCH OR MORE:   5
MIN 32 OR BELOW:   0    0.50 INCH OR MORE:   2
MIN  0 OR BELOW:   0    1.00 INCH OR MORE:   2

[HDD (BASE 65) ]
TOTAL THIS MO.     0    CLEAR  (SCALE 0-3)  23
DPTR FM NORMAL     0    PTCLDY (SCALE 4-7)   2
TOTAL FM JUL 1     0    CLOUDY (SCALE 8-10)  0
DPTR FM NORMAL     0

[CDD (BASE 65) ]
TOTAL THIS MO.   374
DPTR FM NORMAL   -20    [PRESSURE DATA]
TOTAL FM JAN 1  1498    HIGHEST SLP M ON M
DPTR FM NORMAL     5    LOWEST  SLP M ON M

[REMARKS]
