000
CXUS55 KCAE 281400
CF6AGS
PRELIMINARY LOCAL CLIMATOLOGICAL DATA (WS FORM: F-6)

                                          STATION:   AUGUSTA BUSH FIELD GA
                                          MONTH:     MARCH
                                          YEAR:      2015
                                          LATITUDE:   33 22 N
                                          LONGITUDE:  81 58 W

  TEMPERATURE IN F:       :PCPN:    SNOW:  WIND      :SUNSHINE: SKY     :PK WND
================================================================================
1   2   3   4   5  6A  6B    7    8   9   10  11  12  13   14  15   16   17  18
                                     12Z  AVG MX 2MIN
DY MAX MIN AVG DEP HDD CDD  WTR  SNW DPTH SPD SPD DIR MIN PSBL S-S WX    SPD DR
================================================================================

 1  43  36  40 -12  25   0 0.23  0.0    0  6.2 15  40   M    M  10 1      18  40
 2  76  43  60   7   5   0    T    M    0  4.6 15 250   M    M   6 1      20 260
 3  59  50  55   2  10   0    T  0.0    0  4.6 10  60   M    M  10 12     12  70
 4  80  50  65  12   0   0 0.00  0.0    0  7.9 25 230   M    M   7 12     34 240
 5  80  44  62   9   3   0 0.07  0.0    0 12.4 38 310   M    M   8 18     46 310
 6  52  32  42 -12  23   0 0.00  0.0    0  6.7 20  60   M    M   7        26  40
 7  66  26  46  -8  19   0 0.00  0.0    0  2.5 12 280   M    M   0 128    17 290
 8  73  30  52  -2  13   0 0.00  0.0    0  3.1 14 200   M    M   0 1      19 240
 9  75  43  59   5   6   0 0.00  0.0    0  3.2  9 110   M    M   4        13 110
10  85  51  68  13   0   3 0.00  0.0    0  6.2 18 190   M    M   2        25 190
11  83  51  67  12   0   2 0.00  0.0    0  5.5 17 220   M    M   1 12     22 220
12  75  59  67  12   0   2    T  0.0    0  9.0 17 110   M    M   8 1      23 100
13  61  47  54  -1  11   0 0.17  0.0    0  9.3 20  80   M    M  10 1      24  80
14  73  49  61   5   4   0 0.34  0.0    0  4.7 17 290   M    M   7 1      20 280
15  80  47  64   8   1   0 0.00  0.0    0  2.9 13 340   M    M   1 12     20 330
16  85  37  61   5   4   0 0.00  0.0    0  4.3 13 240   M    M   0 1      19 230
17  85  46  66  10   0   1 0.00  0.0    0  9.2 22 270   M    M   0 8      30 270
18  73  50  62   6   3   0 0.00  0.0    0  6.7 16  60   M    M   1 8      21  70
19  57  50  54  -3  11   0 0.92  0.0    0  6.2 13 130   M    M   9 1      17 100
20  71  49  60   3   5   0 0.02  0.0    0  6.3 10 280   M    M   7 18     14 280
21  77  55  66   9   0   1 0.00  0.0    0  2.8 10 340   M    M   5        12 340
22  63  56  60   3   5   0 1.16  0.0    0  4.2 13  80   M    M  10 1      16  70
23  70  54  62   4   3   0 0.01  0.0    0  7.1 18  80   M    M   9        25  50
24  76  45  61   3   4   0 0.00  0.0    0  3.5 12 150   M    M   5 1      15 120
25  75  55  65   7   0   0 0.03  0.0    0  4.1 12 360   M    M   8 1      15 100
26  77  58  68  10   0   3 0.00  0.0    0  8.1 17 260   M    M   7 1      23 250
27  71  46  59   1   6   0    T  0.0    0  9.4 22 310   M    M   8        27 260
================================================================================
SM 1941 1259       161  12  2.95     0.0 160.7          M      150
================================================================================
AV 71.9 46.6                               6.0 FASTST   M    M   6    MAX(MPH)
                                 MISC ---->  # 38 310               # 46  310
================================================================================
NOTES:
# LAST OF SEVERAL OCCURRENCES

COLUMN 17 PEAK WIND IN M.P.H.

PRELIMINARY LOCAL CLIMATOLOGICAL DATA (WS FORM: F-6) , PAGE 2

                                          STATION:  AUGUSTA BUSH FIELD GA
                                          MONTH:    MARCH
                                          YEAR:     2015
                                          LATITUDE:   33 22 N
                                          LONGITUDE:  81 58 W

[TEMPERATURE DATA]      [PRECIPITATION DATA]       SYMBOLS USED IN COLUMN 16

AVERAGE MONTHLY: 59.3   TOTAL FOR MONTH:   2.95    1 = FOG OR MIST
DPTR FM NORMAL:   3.8   DPTR FM NORMAL:   -0.73    2 = FOG REDUCING VISIBILITY
HIGHEST:    85 ON 17,16 GRTST 24HR  1.16 ON 22-22      TO 1/4 MILE OR LESS
LOWEST:     26 ON  7                               3 = THUNDER
                        SNOW, ICE PELLETS, HAIL    4 = ICE PELLETS
                        TOTAL MONTH:   0.0 INCH    5 = HAIL
                        GRTST 24HR     0.0         6 = FREEZING RAIN OR DRIZZLE
                        GRTST DEPTH:   0           7 = DUSTSTORM OR SANDSTORM:
                                                       VSBY 1/2 MILE OR LESS
                                                   8 = SMOKE OR HAZE
[NO. OF DAYS WITH]      [WEATHER - DAYS WITH]      9 = BLOWING SNOW
                                                   X = TORNADO
MAX 32 OR BELOW:   0    0.01 INCH OR MORE:   9
MAX 90 OR ABOVE:   0    0.10 INCH OR MORE:   5
MIN 32 OR BELOW:   3    0.50 INCH OR MORE:   2
MIN  0 OR BELOW:   0    1.00 INCH OR MORE:   1

[HDD (BASE 65) ]
TOTAL THIS MO.   161    CLEAR  (SCALE 0-3)   8
DPTR FM NORMAL  -108    PTCLDY (SCALE 4-7)  13
TOTAL FM JUL 1  2447    CLOUDY (SCALE 8-10)  6
DPTR FM NORMAL   146

[CDD (BASE 65) ]
TOTAL THIS MO.    12
DPTR FM NORMAL    -1    [PRESSURE DATA]
TOTAL FM JAN 1    12    HIGHEST SLP M ON M
DPTR FM NORMAL    -4    LOWEST  SLP 29.65 ON 27

[REMARKS]
