000
CXAK56 PAJK 281245
CF6AJN
PRELIMINARY LOCAL CLIMATOLOGICAL DATA (WS FORM: F-6)

                                          STATION:   JUNEAU
                                          MONTH:     DECEMBER
                                          YEAR:      2014
                                          LATITUDE:   58 22 N
                                          LONGITUDE: 134 35 W

  TEMPERATURE IN F:       :PCPN:    SNOW:  WIND      :SUNSHINE: SKY     :PK WND
================================================================================
1   2   3   4   5  6A  6B    7    8   9   10  11  12  13   14  15   16   17  18
                                     12Z  AVG MX 2MIN
DY MAX MIN AVG DEP HDD CDD  WTR  SNW DPTH SPD SPD DIR MIN PSBL S-S WX    SPD DR
================================================================================

 1  28   9  19 -12  46   0 0.05  0.3    9  2.6 16  90   M    M   8 1      18  80
 2  39  27  33   2  32   0 0.40  1.3    9 12.3 20  90   M    M  10 1      23  80
 3  38  31  35   4  30   0    T  0.0    5  1.9 13  60   M    M   9 12     15  70
 4  32  21  27  -4  38   0 0.00  0.0    5  0.3  5 100   M    M   7 12      5 100
 5  27  17  22  -9  43   0 0.00  0.0    5  1.3  5 290   M    M   8 12      6  80
 6  34  25  30  -1  35   0 0.13  1.6    5  2.1 13  90   M    M  10 1      15 100
 7  42  33  38   7  27   0 0.04  0.0    5  2.6 17 130   M    M  10 12     20 130
 8  44  34  39   8  26   0 0.32  0.0    4  4.0 30 120   M    M  10 1      35 120
 9  44  34  39   9  26   0 0.52  0.0    3  4.0 28 120   M    M  10 12     35 120
10  39  33  36   6  29   0 0.10  0.0    0  2.3 13  90   M    M  10 12     15  80
11  37  32  35   5  30   0 0.15  0.0    0  1.1  7 270   M    M  10 12      7 270
12  42  35  39   9  26   0 0.16  0.0    0  6.8 15  90   M    M  10 1      17  90
13  42  36  39   9  26   0 0.02  0.0    0  7.8 16  90   M    M  10        20 100
14  46  34  40  10  25   0    T  0.0    0 10.5 24 130   M    M  10 1      30 130
15  46  39  43  13  22   0    T  0.0    0 10.5 23 130   M    M   9        31 130
16  43  35  39   9  26   0 0.25  0.0    0 12.5 20 100   M    M  10 1      22 120
17  38  29  34   4  31   0    T  0.0    0  3.2 17 110   M    M   8 12     20 100
18  39  30  35   5  30   0    T    T    0  6.8 21 140   M    M  10 12     27  90
19  36  30  33   3  32   0 0.02  0.2    0  2.2  8 330   M    M  10 1       9  20
20  38  32  35   5  30   0 0.02  0.0    0  2.7 12 230   M    M  10 1      12 230
21  39  34  37   8  28   0 0.15  0.0    0  3.2 20  90   M    M  10 1      22  90
22  41  35  38   9  27   0 0.35  0.0    0  7.8 17 110   M    M   9 1      21 100
23  41  25  33   4  32   0 0.00  0.0    0  1.9 13 140   M    M   6 12     18 120
24  36  22  29   0  36   0 0.01  0.1    0  5.3 17  90   M    M   7 15     21  80
25  39  34  37   8  28   0 0.19  0.0    0 10.7 17 100   M    M   9 1      20 110
26  40  34  37   8  28   0 0.13  0.0    0  5.7 12 100   M    M  10 1      16  70
27  36  23  30   1  35   0    T  0.0    0  1.7 10 270   M    M   5 12     14 280
================================================================================
SM 1046  803       824   0  3.01     3.5 133.8          M      245
================================================================================
AV 38.7 29.7                               5.0 FASTST   M    M   9    MAX(MPH)
                                 MISC ---->  # 30 120               # 35  120
================================================================================
NOTES:
# LAST OF SEVERAL OCCURRENCES

COLUMN 17 PEAK WIND IN M.P.H.

PRELIMINARY LOCAL CLIMATOLOGICAL DATA (WS FORM: F-6) , PAGE 2

                                          STATION:  JUNEAU
                                          MONTH:    DECEMBER
                                          YEAR:     2014
                                          LATITUDE:   58 22 N
                                          LONGITUDE: 134 35 W

[TEMPERATURE DATA]      [PRECIPITATION DATA]       SYMBOLS USED IN COLUMN 16

AVERAGE MONTHLY: 34.2   TOTAL FOR MONTH:   3.01    1 = FOG OR MIST
DPTR FM NORMAL:   4.2   DPTR FM NORMAL:   -2.15    2 = FOG REDUCING VISIBILITY
HIGHEST:    46 ON 15,14 GRTST 24HR  0.56 ON 30- 1      TO 1/4 MILE OR LESS
LOWEST:      9 ON  1                               3 = THUNDER
                        SNOW, ICE PELLETS, HAIL    4 = ICE PELLETS
                        TOTAL MONTH:   3.5 INCHES  5 = HAIL
                        GRTST 24HR   1.6 ON   M    6 = FREEZING RAIN OR DRIZZLE
                        GRTST DEPTH:   9 ON  2, 1  7 = DUSTSTORM OR SANDSTORM:
                                                       VSBY 1/2 MILE OR LESS
                                                   8 = SMOKE OR HAZE
[NO. OF DAYS WITH]      [WEATHER - DAYS WITH]      9 = BLOWING SNOW
                                                   X = TORNADO
MAX 32 OR BELOW:   3    0.01 INCH OR MORE:  18
MAX 90 OR ABOVE:   0    0.10 INCH OR MORE:  12
MIN 32 OR BELOW:  14    0.50 INCH OR MORE:   1
MIN  0 OR BELOW:   0    1.00 INCH OR MORE:   0

[HDD (BASE 65) ]
TOTAL THIS MO.   824    CLEAR  (SCALE 0-3)   0
DPTR FM NORMAL  -120    PTCLDY (SCALE 4-7)   5
TOTAL FM JUL 1  3233    CLOUDY (SCALE 8-10) 22
DPTR FM NORMAL  -342

[CDD (BASE 65) ]
TOTAL THIS MO.     0
DPTR FM NORMAL     0    [PRESSURE DATA]
TOTAL FM JAN 1     0    HIGHEST SLP M ON M
DPTR FM NORMAL    -2    LOWEST  SLP 28.82 ON  9

[REMARKS]
