000
CXAK56 PAJK 241250
CF6AJN
PRELIMINARY LOCAL CLIMATOLOGICAL DATA (WS FORM: F-6)

                                          STATION:   JUNEAU
                                          MONTH:     FEBRUARY
                                          YEAR:      2017
                                          LATITUDE:   58 22 N
                                          LONGITUDE: 134 35 W

  TEMPERATURE IN F:       :PCPN:    SNOW:  WIND      :SUNSHINE: SKY     :PK WND
================================================================================
1   2   3   4   5  6A  6B    7    8   9   10  11  12  13   14  15   16   17  18
                                     12Z  AVG MX 2MIN
DY MAX MIN AVG DEP HDD CDD  WTR  SNW DPTH SPD SPD DIR MIN PSBL S-S WX    SPD DR
================================================================================

 1  30  18  24  -5  41   0 0.00  0.0    0  0.3  5 260   M    M   5         5 230
 2  37  19  28  -1  37   0 0.00  0.0    0  5.1 26 110   M    M   2        33 130
 3  38  26  32   3  33   0 0.00  0.0    0 12.0 32  80   M    M   1        43  80
 4  41  22  32   3  33   0 0.00  0.0    0  6.3 26 120   M    M   1        32 120
 5  37  18  28  -1  37   0 0.00  0.0    0  6.4 18 130   M    M   2        23 120
 6  33  18  26  -3  39   0 0.00  0.0    0  8.0 33 100   M    M   1        50 100
 7  33  14  24  -6  41   0 0.00  0.0    0  6.3 18 130   M    M   2        22 120
 8  28  11  20 -10  45   0    T  0.2    0  2.7 13 100   M    M   5        15 110
 9  30  19  25  -5  40   0    T  0.4    1  3.0 14  90   M    M   7 1      17  80
10  34  27  31   1  34   0 0.06  1.1    0 13.8 24 120   M    M  10 18     29 120
11  36  32  34   4  31   0 1.86  0.4    1 28.3 41 120   M    M   9 1      54 110
12  41  35  38   8  27   0 0.73    T    0 15.1 36 120   M    M  10 1      46 110
13  47  40  44  14  21   0 0.61  0.0    0 24.8 40 120   M    M  10 1      49 120
14  53  41  47  17  18   0 0.55  0.0    0 17.7 40 140   M    M  10 1      52 130
15  44  28  36   6  29   0 0.32  0.0    0  9.3 18  90   M    M   8 1      22 120
16  38  25  32   2  33   0 0.00  0.0    0  1.5 10 260   M    M   7 1      13 250
17  38  30  34   4  31   0 0.02  0.1    0  6.3 15 110   M    M  10 1      17 120
18  38  23  31   1  34   0 0.00  0.0    0  2.7 13 230   M    M   5 1      18 220
19  41  20  31   0  34   0 0.00  0.0    0  1.2 10 230   M    M   2        12 210
20  37  18  28  -3  37   0 0.00  0.0    0  1.3  8 240   M    M   2        10 240
21  35  18  27  -4  38   0 0.00  0.0    0  1.6  9 230   M    M   5        12 210
22  33  17  25  -6  40   0 0.03  0.5    0  4.2 14  90   M    M   7 1      16 130
23  35  21  28  -3  37   0    T    T    1  2.2 12 230   M    M   6 1      13 230
================================================================================
SM  857  540       790   0  4.18     2.7 180.1          M      127
================================================================================
AV 37.3 23.5                               7.8 FASTST   M    M   6    MAX(MPH)
                                 MISC ---->  # 41 120               # 54  110
================================================================================
NOTES:
# LAST OF SEVERAL OCCURRENCES

COLUMN 17 PEAK WIND IN M.P.H.

PRELIMINARY LOCAL CLIMATOLOGICAL DATA (WS FORM: F-6) , PAGE 2

                                          STATION:  JUNEAU
                                          MONTH:    FEBRUARY
                                          YEAR:     2017
                                          LATITUDE:   58 22 N
                                          LONGITUDE: 134 35 W

[TEMPERATURE DATA]      [PRECIPITATION DATA]       SYMBOLS USED IN COLUMN 16

AVERAGE MONTHLY: 30.4   TOTAL FOR MONTH:   4.18    1 = FOG OR MIST
DPTR FM NORMAL:   0.5   DPTR FM NORMAL:    0.78    2 = FOG REDUCING VISIBILITY
HIGHEST:    53 ON 14    GRTST 24HR  2.44 ON 11-12      TO 1/4 MILE OR LESS
LOWEST:     11 ON  8                               3 = THUNDER
                        SNOW, ICE PELLETS, HAIL    4 = ICE PELLETS
                        TOTAL MONTH:   2.7 INCHES  5 = HAIL
                        GRTST 24HR   1.1 ON   M    6 = FREEZING RAIN OR DRIZZLE
                        GRTST DEPTH:   1 ON 23,11  7 = DUSTSTORM OR SANDSTORM:
                                                       VSBY 1/2 MILE OR LESS
                                                   8 = SMOKE OR HAZE
[NO. OF DAYS WITH]      [WEATHER - DAYS WITH]      9 = BLOWING SNOW
                                                   X = TORNADO
MAX 32 OR BELOW:   3    0.01 INCH OR MORE:   8
MAX 90 OR ABOVE:   0    0.10 INCH OR MORE:   5
MIN 32 OR BELOW:  20    0.50 INCH OR MORE:   4
MIN  0 OR BELOW:   0    1.00 INCH OR MORE:   1

[HDD (BASE 65) ]
TOTAL THIS MO.   790    CLEAR  (SCALE 0-3)   8
DPTR FM NORMAL   -18    PTCLDY (SCALE 4-7)   9
TOTAL FM JUL 1  5437    CLOUDY (SCALE 8-10)  6
DPTR FM NORMAL  -225

[CDD (BASE 65) ]
TOTAL THIS MO.     0
DPTR FM NORMAL     0    [PRESSURE DATA]
TOTAL FM JAN 1     0    HIGHEST SLP M ON M
DPTR FM NORMAL     0    LOWEST  SLP 29.00 ON 15

[REMARKS]
