000
CXUS55 KPUB 241159
CF6ALS
PRELIMINARY LOCAL CLIMATOLOGICAL DATA (WS FORM: F-6)

                                          STATION:   ALAMOSA CO
                                          MONTH:     NOVEMBER
                                          YEAR:      2017
                                          LATITUDE:   37 27 N
                                          LONGITUDE: 105 52 W

  TEMPERATURE IN F:       :PCPN:    SNOW:  WIND      :SUNSHINE: SKY     :PK WND
================================================================================
1   2   3   4   5  6A  6B    7    8   9   10  11  12  13   14  15   16   17  18
                                     12Z  AVG MX 2MIN
DY MAX MIN AVG DEP HDD CDD  WTR  SNW DPTH SPD SPD DIR MIN PSBL S-S WX    SPD DR
================================================================================

 1  64  24  44   7  21   0 0.00  0.0    0 10.2 26 240   M    M   0        39 220
 2  65  29  47  11  18   0 0.00  0.0    0 11.0 22 210   M    M   0        28 210
 3  65  20  43   7  22   0 0.00  0.0    0 12.9 33 250   M    M   0        42 250
 4  57  34  46  11  19   0 0.00  0.0    0 14.7 32 220   M    M   1        40 230
 5  57  31  44   9  21   0 0.00  0.0    0 13.9 32 250   M    M   0        41 240
 6  58  33  46  12  19   0 0.00  0.0    0 11.6 31 250   M    M   3        37 240
 7  55  34  45  11  20   0    T  0.0    0 10.4 28 230   M    M   7        33 230
 8  49  21  35   2  30   0 0.01  0.2    T  3.4 17 330   M    M   4 1      22 330
 9  55  16  36   3  29   0 0.00  0.0    0  2.9 10 260   M    M   0        13 250
10  65  15  40   8  25   0 0.00  0.0    0  5.1 18 220   M    M   0        24 210
11  61  18  40   8  25   0 0.00  0.0    0  4.9 15 250   M    M   0        19 260
12  57  14  36   5  29   0 0.00  0.0    0  3.3  9 320   M    M   1        11 180
13  65  24  45  14  20   0 0.00  0.0    0  4.9 16 220   M    M   2        18 220
14  67  16  42  12  23   0 0.00  0.0    0  5.0 22 240   M    M   0 8      27 240
15  61  11  36   6  29   0 0.00  0.0    0  7.6 22 200   M    M   0        28 210
16  64  14  39  10  26   0 0.00  0.0    0 10.2 31 250   M    M   0        38 250
17  55  32  44  15  21   0 0.04  0.0    0 19.2 35 250   M    M   1 1      42 250
18  40  11  26  -2  39   0    T    T    0  6.9 32 330   M    M   1 1      45 320
19  47   4  26  -2  39   0 0.00  0.0    0  2.4 12 260   M    M   0        12 270
20  51   6  29   2  36   0 0.00  0.0    0  2.8 10 110   M    M   0        13 120
21  57  18  38  11  27   0 0.00  0.0    0  8.3 24 330   M    M   0        33 320
22  61  21  41  15  24   0 0.00  0.0    0  4.7 13 340   M    M   0 8      17  20
23  58  21  40  14  25   0 0.00  0.0    0  2.7  9 100   M    M   0        12  20
================================================================================
SM 1334  467       587   0  0.05     0.2 179.0          M       20
================================================================================
AV 58.0 20.3                               7.8 FASTST   M    M   1    MAX(MPH)
                                 MISC ---->  # 35 250               # 45  320
================================================================================
NOTES:
# LAST OF SEVERAL OCCURRENCES

COLUMN 17 PEAK WIND IN M.P.H.

PRELIMINARY LOCAL CLIMATOLOGICAL DATA (WS FORM: F-6) , PAGE 2

                                          STATION:  ALAMOSA CO
                                          MONTH:    NOVEMBER
                                          YEAR:     2017
                                          LATITUDE:   37 27 N
                                          LONGITUDE: 105 52 W

[TEMPERATURE DATA]      [PRECIPITATION DATA]       SYMBOLS USED IN COLUMN 16

AVERAGE MONTHLY: 39.2   TOTAL FOR MONTH:   0.05    1 = FOG OR MIST
DPTR FM NORMAL:   7.9   DPTR FM NORMAL:   -0.29    2 = FOG REDUCING VISIBILITY
HIGHEST:    67 ON 14    GRTST 24HR  0.04 ON 17-17      TO 1/4 MILE OR LESS
LOWEST:      4 ON 19                               3 = THUNDER
                        SNOW, ICE PELLETS, HAIL    4 = ICE PELLETS
                        TOTAL MONTH:   0.2 INCH    5 = HAIL
                        GRTST 24HR   0.2 ON  8- 8  6 = FREEZING RAIN OR DRIZZLE
                        GRTST DEPTH:   T           7 = DUSTSTORM OR SANDSTORM:
                                                       VSBY 1/2 MILE OR LESS
                                                   8 = SMOKE OR HAZE
[NO. OF DAYS WITH]      [WEATHER - DAYS WITH]      9 = BLOWING SNOW
                                                   X = TORNADO
MAX 32 OR BELOW:   0    0.01 INCH OR MORE:   2
MAX 90 OR ABOVE:   0    0.10 INCH OR MORE:   0
MIN 32 OR BELOW:  20    0.50 INCH OR MORE:   0
MIN  0 OR BELOW:   0    1.00 INCH OR MORE:   0

[HDD (BASE 65) ]
TOTAL THIS MO.   587    CLEAR  (SCALE 0-3)  21
DPTR FM NORMAL  -189    PTCLDY (SCALE 4-7)   2
TOTAL FM JUL 1  1562    CLOUDY (SCALE 8-10)  0
DPTR FM NORMAL  -324

[CDD (BASE 65) ]
TOTAL THIS MO.     0
DPTR FM NORMAL     0    [PRESSURE DATA]
TOTAL FM JAN 1    76    HIGHEST SLP M ON M
DPTR FM NORMAL    25    LOWEST  SLP 29.62 ON 17

[REMARKS]
