000
CXUS56 KPDT 271032
CF6ALW
PRELIMINARY LOCAL CLIMATOLOGICAL DATA (WS FORM: F-6)

                                          STATION:   WALLA WALLA WA
                                          MONTH:     JUNE
                                          YEAR:      2017
                                          LATITUDE:   46  5 N
                                          LONGITUDE: 118 17 W

  TEMPERATURE IN F:       :PCPN:    SNOW:  WIND      :SUNSHINE: SKY     :PK WND
================================================================================
1   2   3   4   5  6A  6B    7    8   9   10  11  12  13   14  15   16   17  18
                                     12Z  AVG MX 2MIN
DY MAX MIN AVG DEP HDD CDD  WTR  SNW DPTH SPD SPD DIR MIN PSBL S-S WX    SPD DR
================================================================================

 1  75  62  69   6   0   4 0.04  0.0    0 11.1 20 230   M    M   6        24 240
 2  82  55  69   6   0   4 0.00  0.0    0  7.4 13  80   M    M   1        17 210
 3  85  61  73   9   0   8 0.06  0.0    0  6.5 16 190   M    M   2 38     20 160
 4  64  53  59  -5   6   0 0.10  0.0    0 10.2 20 210   M    M   6 38     24 220
 5  79  49  64   0   1   0 0.00  0.0    0  8.1 17  10   M    M   0        22  10
 6  88  56  72   8   0   7 0.00  0.0    0  6.9 17  30   M    M   0        21  30
 7  87  60  74  10   0   9 0.00  0.0    0  5.4 13 230   M    M   0        15 230
 8  73  56  65   1   0   0 0.65  0.0    0  9.1 40 260   M    M   4 138    47 250
 9  68  53  61  -4   4   0 0.01  0.0    0 10.7 24 250   M    M   5        28 250
10  69  47  58  -7   7   0 0.01    M    0 11.2 26 190   M    M   2        32 190
11  77  48  63  -2   2   0 0.00  0.0    0  7.9 17  30   M    M   0        25 360
12  77  54  66   1   0   1    T  0.0    0 13.8 28 230   M    M   7        37 230
13  74  53  64  -2   1   0 0.00  0.0    0 19.4 29 220   M    M   3        39 250
14  76  52  64  -2   1   0 0.00  0.0    0  8.4 20 190   M    M   2        24 190
15  76  60  68   2   0   3 0.12  0.0    0  5.8 16 200   M    M   9        20 190
16  69  59  64  -2   1   0 0.09  0.0    0 10.5 21 210   M    M   9        24 200
17  80  56  68   1   0   3    T  0.0    0  8.5 22 160   M    M   5        28 170
18  86  65  76   9   0  11    T  0.0    0  9.0 17 170   M    M   6        22 220
19  96  62  79  12   0  14 0.00  0.0    0  5.2 13 250   M    M   0        16 250
20  90  65  78  10   0  13 0.00  0.0    0 12.2 22 230   M    M   0        29 210
21  83  58  71   3   0   6 0.00  0.0    0  8.0 17 260   M    M   0        22 260
22  81  55  68   0   0   3 0.00  0.0    0  6.0 13 230   M    M   0        15 240
23  88  54  71   3   0   6 0.00  0.0    0  8.0 18  40   M    M   0        24  20
24  94  58  76   7   0  11 0.00  0.0    0  6.9 15  20   M    M   0 8      19 190
25 100  61  81  12   0  16 0.00  0.0    0  6.4 12  90   M    M   0        15  70
26 100  66  83  14   0  18 0.30  0.0    0  9.7 41 150   M    M   1 3      54 150
================================================================================
SM 2117 1478        23 137  1.38     0.0 232.3          M       68
================================================================================
AV 81.4 56.9                               8.9 FASTST   M    M   3    MAX(MPH)
                                 MISC ---->  # 41 150               # 54  150
================================================================================
NOTES:
# LAST OF SEVERAL OCCURRENCES

COLUMN 17 PEAK WIND IN M.P.H.

PRELIMINARY LOCAL CLIMATOLOGICAL DATA (WS FORM: F-6) , PAGE 2

                                          STATION:  WALLA WALLA WA
                                          MONTH:    JUNE
                                          YEAR:     2017
                                          LATITUDE:   46  5 N
                                          LONGITUDE: 118 17 W

[TEMPERATURE DATA]      [PRECIPITATION DATA]       SYMBOLS USED IN COLUMN 16

AVERAGE MONTHLY: 69.1   TOTAL FOR MONTH:   1.38    1 = FOG OR MIST
DPTR FM NORMAL:   3.2   DPTR FM NORMAL:    0.20    2 = FOG REDUCING VISIBILITY
HIGHEST:   100 ON 26,25 GRTST 24HR  0.65 ON  8- 8      TO 1/4 MILE OR LESS
LOWEST:     47 ON 10                               3 = THUNDER
                        SNOW, ICE PELLETS, HAIL    4 = ICE PELLETS
                        TOTAL MONTH:   0.0 INCH    5 = HAIL
                        GRTST 24HR     0.0         6 = FREEZING RAIN OR DRIZZLE
                        GRTST DEPTH:   0           7 = DUSTSTORM OR SANDSTORM:
                                                       VSBY 1/2 MILE OR LESS
                                                   8 = SMOKE OR HAZE
[NO. OF DAYS WITH]      [WEATHER - DAYS WITH]      9 = BLOWING SNOW
                                                   X = TORNADO
MAX 32 OR BELOW:   0    0.01 INCH OR MORE:   9
MAX 90 OR ABOVE:   5    0.10 INCH OR MORE:   4
MIN 32 OR BELOW:   0    0.50 INCH OR MORE:   1
MIN  0 OR BELOW:   0    1.00 INCH OR MORE:   0

[HDD (BASE 65) ]
TOTAL THIS MO.    23    CLEAR  (SCALE 0-3)  17
DPTR FM NORMAL   -35    PTCLDY (SCALE 4-7)   7
TOTAL FM JUL 1  5102    CLOUDY (SCALE 8-10)  2
DPTR FM NORMAL    95

[CDD (BASE 65) ]
TOTAL THIS MO.   137
DPTR FM NORMAL    55    [PRESSURE DATA]
TOTAL FM JAN 1   209    HIGHEST SLP M ON M
DPTR FM NORMAL    92    LOWEST  SLP 29.54 ON  8

[REMARKS]
