000
CXUS54 KAMA 171015
CF6AMA
PRELIMINARY LOCAL CLIMATOLOGICAL DATA (WS FORM: F-6)

                                          STATION:   AMARILLO
                                          MONTH:     JANUARY
                                          YEAR:      2017
                                          LATITUDE:   35 13 N
                                          LONGITUDE: 101 42 W

  TEMPERATURE IN F:       :PCPN:    SNOW:  WIND      :SUNSHINE: SKY     :PK WND
================================================================================
1   2   3   4   5  6A  6B    7    8   9   10  11  12  13   14  15   16   17  18
                                     12Z  AVG MX 2MIN
DY MAX MIN AVG DEP HDD CDD  WTR  SNW DPTH SPD SPD DIR MIN PSBL S-S WX    SPD DR
================================================================================

 1  64  27  46  10  19   0 0.00  0.0    0 16.3 35 240   M    M   0        43 230
 2  62  40  51  15  14   0 0.00  0.0    0 13.9 25 260   M    M   0        32 260
 3  51  22  37   1  28   0 0.00  0.0    0 13.2 23 260   M    M   5        30 260
 4  52  20  36   0  29   0 0.00  0.0    0 13.9 31  10   M    M   0        36  10
 5  23   8  16 -20  49   0 0.12  1.5    0 13.7 24  20   M    M   7 1      30  30
 6  21   3  12 -24  53   0 0.12  2.2    3  8.2 15 320   M    M   5 18     19 320
 7  35  -3  16 -20  49   0 0.00  0.0    2  9.4 24 170   M    M   0        27 170
 8  50  23  37   0  28   0 0.00  0.0    1 14.4 30 180   M    M   0        36 180
 9  78  27  53  16  12   0 0.00  0.0    0 15.2 37 250   M    M   0        48 250
10  63  42  53  16  12   0 0.00  0.0    0 15.5 33 270   M    M   0        45 270
11  72  42  57  20   8   0 0.00  0.0    0 19.3 33 230   M    M   0        39 240
12  60  20  40   3  25   0 0.00  0.0    0  9.4 21 260   M    M   0        27 260
13  32  21  27 -10  38   0 0.00  0.0    0  7.7 15  50   M    M  10        18  50
14  32  28  30  -7  35   0 1.32    M    0  6.9 17  60   M    M  10 136    21  70
15  33  31  32  -5  33   0 1.00  0.7    0  8.7 20 250   M    M  10 1236   24 260
16  42  30  36  -1  29   0 0.16  2.0    3 12.8 23 310   M    M  10 1      30 330
================================================================================
SM  770  381       461   0  2.72     6.4 198.5          M       57
================================================================================
AV 48.1 23.8                              12.4 FASTST   M    M   4    MAX(MPH)
                                 MISC ---->  # 37 250               # 48  250
================================================================================
NOTES:
# LAST OF SEVERAL OCCURRENCES

COLUMN 17 PEAK WIND IN M.P.H.

PRELIMINARY LOCAL CLIMATOLOGICAL DATA (WS FORM: F-6) , PAGE 2

                                          STATION:  AMARILLO
                                          MONTH:    JANUARY
                                          YEAR:     2017
                                          LATITUDE:   35 13 N
                                          LONGITUDE: 101 42 W

[TEMPERATURE DATA]      [PRECIPITATION DATA]       SYMBOLS USED IN COLUMN 16

AVERAGE MONTHLY: 36.0   TOTAL FOR MONTH:   2.72    1 = FOG OR MIST
DPTR FM NORMAL:  -0.6   DPTR FM NORMAL:    2.41    2 = FOG REDUCING VISIBILITY
HIGHEST:    78 ON  9    GRTST 24HR  1.64 ON 14-15      TO 1/4 MILE OR LESS
LOWEST:     -3 ON  7                               3 = THUNDER
                        SNOW, ICE PELLETS, HAIL    4 = ICE PELLETS
                        TOTAL MONTH:   6.4 INCHES  5 = HAIL
                        GRTST 24HR   2.2 ON   M    6 = FREEZING RAIN OR DRIZZLE
                        GRTST DEPTH:   3 ON 16, 6  7 = DUSTSTORM OR SANDSTORM:
                                                       VSBY 1/2 MILE OR LESS
                                                   8 = SMOKE OR HAZE
[NO. OF DAYS WITH]      [WEATHER - DAYS WITH]      9 = BLOWING SNOW
                                                   X = TORNADO
MAX 32 OR BELOW:   4    0.01 INCH OR MORE:   5
MAX 90 OR ABOVE:   0    0.10 INCH OR MORE:   5
MIN 32 OR BELOW:  13    0.50 INCH OR MORE:   2
MIN  0 OR BELOW:   1    1.00 INCH OR MORE:   2

[HDD (BASE 65) ]
TOTAL THIS MO.   461    CLEAR  (SCALE 0-3)   9
DPTR FM NORMAL     7    PTCLDY (SCALE 4-7)   3
TOTAL FM JUL 1  1752    CLOUDY (SCALE 8-10)  4
DPTR FM NORMAL  -419

[CDD (BASE 65) ]
TOTAL THIS MO.     0
DPTR FM NORMAL     0    [PRESSURE DATA]
TOTAL FM JAN 1     0    HIGHEST SLP M ON M
DPTR FM NORMAL     0    LOWEST  SLP 29.59 ON 11

[REMARKS]
