000
CXUS54 KAMA 281015
CF6AMA
PRELIMINARY LOCAL CLIMATOLOGICAL DATA (WS FORM: F-6)

                                          STATION:   AMARILLO
                                          MONTH:     SEPTEMBER
                                          YEAR:      2016
                                          LATITUDE:   35 13 N
                                          LONGITUDE: 101 42 W

  TEMPERATURE IN F:       :PCPN:    SNOW:  WIND      :SUNSHINE: SKY     :PK WND
================================================================================
1   2   3   4   5  6A  6B    7    8   9   10  11  12  13   14  15   16   17  18
                                     12Z  AVG MX 2MIN
DY MAX MIN AVG DEP HDD CDD  WTR  SNW DPTH SPD SPD DIR MIN PSBL S-S WX    SPD DR
================================================================================

 1  81  63  72  -2   0   7    T  0.0    0  7.2 15 100   M    M   5 18     17 110
 2  81  65  73  -1   0   8 0.00  0.0    0 10.1 18 150   M    M   5 1      22 160
 3  86  65  76   2   0  11 0.00  0.0    0 16.7 25 160   M    M   3 1      31 180
 4  84  66  75   1   0  10 0.00  0.0    0 19.2 29 150   M    M   2 18     36 170
 5  88  66  77   4   0  12 0.00  0.0    0 21.4 29 170   M    M   1        38 150
 6  87  65  76   3   0  11 0.68  0.0    0 16.5 31 190   M    M   4 13     39 200
 7  86  67  77   4   0  12 0.00  0.0    0 17.1 26 200   M    M   1        35 230
 8  89  68  79   7   0  14 0.00  0.0    0 14.9 23 200   M    M   1        30 190
 9  90  62  76   4   0  11 0.00  0.0    0 11.7 43  20   M    M   0 3      56  20
10  77  54  66  -6   0   1 0.00  0.0    0 10.9 35  30   M    M   3        42  30
11  86  57  72   1   0   7 0.00  0.0    0 16.8 26 210   M    M   0        34 220
12  89  67  78   7   0  13 0.00  0.0    0 17.2 25 200   M    M   0        32 190
13  70  57  64  -7   1   0 0.00  0.0    0 11.0 18 350   M    M   7 1      22 360
14  71  58  65  -5   0   0 0.06  0.0    0 11.5 26 150   M    M   8 12     31 150
15  84  62  73   3   0   8 0.08  0.0    0 12.8 29 180   M    M   4 1      38 190
16  82  55  69  -1   0   4 0.00  0.0    0  8.5 17 180   M    M   0        23 180
17  80  58  69   0   0   4 0.00  0.0    0  7.4 23 310   M    M   4 123    32 340
18  93  62  78   9   0  13 0.00  0.0    0 11.9 21 270   M    M   0 1      26 220
19  93  56  75   7   0  10 0.00  0.0    0 11.8 20 160   M    M   0        24 180
20  92  62  77   9   0  12 0.00  0.0    0 12.9 24 170   M    M   0        34 180
21  89  67  78  10   0  13 0.00  0.0    0 17.6 29 170   M    M   0        34 170
22  88  62  75   8   0  10 0.00  0.0    0 15.8 25 170   M    M   0        32 190
23  86  62  74   7   0   9 0.00  0.0    0 19.7 30 170   M    M   0        37 170
24  86  58  72   6   0   7 0.00  0.0    0 11.3 25 170   M    M   1        31 170
25  75  53  64  -2   1   0 0.00  0.0    0 15.0 33  20   M    M   4 12     40  20
26  74  46  60  -6   5   0 0.00  0.0    0  7.5 14  60   M    M   0        20  60
27  83  46  65   0   0   0 0.00  0.0    0  7.4 12 210   M    M   0 8      16 240
================================================================================
SM 2270 1629         7 207  0.82     0.0 361.8          M       53
================================================================================
AV 84.1 60.3                              13.4 FASTST   M    M   2    MAX(MPH)
                                 MISC ---->  # 43  20               # 56   20
================================================================================
NOTES:
# LAST OF SEVERAL OCCURRENCES

COLUMN 17 PEAK WIND IN M.P.H.

PRELIMINARY LOCAL CLIMATOLOGICAL DATA (WS FORM: F-6) , PAGE 2

                                          STATION:  AMARILLO
                                          MONTH:    SEPTEMBER
                                          YEAR:     2016
                                          LATITUDE:   35 13 N
                                          LONGITUDE: 101 42 W

[TEMPERATURE DATA]      [PRECIPITATION DATA]       SYMBOLS USED IN COLUMN 16

AVERAGE MONTHLY: 72.2   TOTAL FOR MONTH:   0.82    1 = FOG OR MIST
DPTR FM NORMAL:   2.1   DPTR FM NORMAL:   -0.92    2 = FOG REDUCING VISIBILITY
HIGHEST:    93 ON 19,18 GRTST 24HR  0.68 ON  6- 6      TO 1/4 MILE OR LESS
LOWEST:     46 ON 27,26                            3 = THUNDER
                        SNOW, ICE PELLETS, HAIL    4 = ICE PELLETS
                        TOTAL MONTH:   0.0 INCH    5 = HAIL
                        GRTST 24HR     0.0         6 = FREEZING RAIN OR DRIZZLE
                        GRTST DEPTH:   0           7 = DUSTSTORM OR SANDSTORM:
                                                       VSBY 1/2 MILE OR LESS
                                                   8 = SMOKE OR HAZE
[NO. OF DAYS WITH]      [WEATHER - DAYS WITH]      9 = BLOWING SNOW
                                                   X = TORNADO
MAX 32 OR BELOW:   0    0.01 INCH OR MORE:   3
MAX 90 OR ABOVE:   4    0.10 INCH OR MORE:   1
MIN 32 OR BELOW:   0    0.50 INCH OR MORE:   1
MIN  0 OR BELOW:   0    1.00 INCH OR MORE:   0

[HDD (BASE 65) ]
TOTAL THIS MO.     7    CLEAR  (SCALE 0-3)  18
DPTR FM NORMAL   -25    PTCLDY (SCALE 4-7)   9
TOTAL FM JUL 1     7    CLOUDY (SCALE 8-10)  0
DPTR FM NORMAL   -26

[CDD (BASE 65) ]
TOTAL THIS MO.   207
DPTR FM NORMAL    37    [PRESSURE DATA]
TOTAL FM JAN 1  1581    HIGHEST SLP M ON M
DPTR FM NORMAL   219    LOWEST  SLP 29.73 ON M

[REMARKS]
