000
CXUS52 KJAX 260800
CF6AMG
PRELIMINARY LOCAL CLIMATOLOGICAL DATA (WS FORM: F-6)

                                          STATION:   ALMA GA
                                          MONTH:     APRIL
                                          YEAR:      2017
                                          LATITUDE:   31 32 N
                                          LONGITUDE:  82 30 W

  TEMPERATURE IN F:       :PCPN:    SNOW:  WIND      :SUNSHINE: SKY     :PK WND
================================================================================
1   2   3   4   5  6A  6B    7    8   9   10  11  12  13   14  15   16   17  18
                                     12Z  AVG MX 2MIN
DY MAX MIN AVG DEP HDD CDD  WTR  SNW DPTH SPD SPD DIR MIN PSBL S-S WX    SPD DR
================================================================================

 1  85  49  67   4   0   2 0.00  0.0    0  3.7 14 280   M    M   0 18     19 300
 2  88  49  69   6   0   4 0.00  0.0    0  4.3 13 100   M    M   0 1      20 100
 3  87  64  76  12   0  11 0.47  0.0    0 11.5 30 320   M    M   7 13     42 300
 4  86  62  74  10   0   9 0.02  0.0    0  6.3 15 170   M    M   4 128    21 230
 5  84  66  75  11   0  10 1.86  0.0    0  7.7 23 190   M    M   5 138    31 190
 6  73  53  63  -1   2   0    T  0.0    0 13.0 25 290   M    M   1 1      34 290
 7  69  44  57  -7   8   0 0.00  0.0    0  9.1 23 320   M    M   0        34 320
 8  71  37  54 -11  11   0 0.00  0.0    0  2.0 10 280   M    M   0        14 280
 9  77  40  59  -6   6   0 0.00  0.0    0  3.5 10 120   M    M   0 1      17 150
10  81  48  65   0   0   0 0.00  0.0    0  4.0 13 120   M    M   0 1      22 170
11  81  50  66   1   0   1 0.00  0.0    0  3.2 12 110   M    M   1 12     19 110
12  82  51  67   2   0   2 0.00  0.0    0  2.4  9  70   M    M   1 1      14  10
13  83  52  68   2   0   3 0.00  0.0    0  3.1 12 100   M    M   2 1      17 100
14  83  53  68   2   0   3    T  0.0    0  2.9 12 100   M    M   1 1      16 100
15  83  56  70   4   0   5 0.00  0.0    0  6.1 17 130   M    M   1 1      26 120
16  84  59  72   6   0   7 0.00  0.0    0  5.1 13 160   M    M   1 1      18 160
17  85  54  70   4   0   5 0.00  0.0    0  2.9 10 240   M    M   0 18     13 260
18  87  58  73   6   0   8 0.00  0.0    0  4.2 10 120   M    M   2        15 110
19  86  58  72   5   0   7 0.00  0.0    0  3.5 12 110   M    M   2 12     17 100
20  86  56  71   4   0   6 0.00  0.0    0  2.6 10 130   M    M   3 12     14 160
21  88  58  73   6   0   8 0.00  0.0    0  4.5 12 140   M    M   0        14 220
22  87  59  73   5   0   8 0.00  0.0    0  5.2 13 160   M    M   1 1      18 170
23  88  62  75   7   0  10 0.00  0.0    0  5.6 16 230   M    M   3 1      21 180
24  71  58  65  -3   0   0 0.11  0.0    0  6.4 16 250   M    M   7 13     20 210
25  83  57  70   2   0   5 0.00  0.0    0  6.1 15 300   M    M   4        20 290
================================================================================
SM 2058 1353        27 114  2.46     0.0 128.9          M       46
================================================================================
AV 82.3 54.1                               5.2 FASTST   M    M   2    MAX(MPH)
                                 MISC ---->  # 30 320               # 42  300
================================================================================
NOTES:
# LAST OF SEVERAL OCCURRENCES

COLUMN 17 PEAK WIND IN M.P.H.

PRELIMINARY LOCAL CLIMATOLOGICAL DATA (WS FORM: F-6) , PAGE 2

                                          STATION:  ALMA GA
                                          MONTH:    APRIL
                                          YEAR:     2017
                                          LATITUDE:   31 32 N
                                          LONGITUDE:  82 30 W

[TEMPERATURE DATA]      [PRECIPITATION DATA]       SYMBOLS USED IN COLUMN 16

AVERAGE MONTHLY: 68.2   TOTAL FOR MONTH:   2.46    1 = FOG OR MIST
DPTR FM NORMAL:   2.6   DPTR FM NORMAL:    0.02    2 = FOG REDUCING VISIBILITY
HIGHEST:    88 ON 23,21 GRTST 24HR  1.86 ON  5- 5      TO 1/4 MILE OR LESS
LOWEST:     37 ON  8                               3 = THUNDER
                        SNOW, ICE PELLETS, HAIL    4 = ICE PELLETS
                        TOTAL MONTH:   0.0 INCH    5 = HAIL
                        GRTST 24HR     0.0         6 = FREEZING RAIN OR DRIZZLE
                        GRTST DEPTH:   0           7 = DUSTSTORM OR SANDSTORM:
                                                       VSBY 1/2 MILE OR LESS
                                                   8 = SMOKE OR HAZE
[NO. OF DAYS WITH]      [WEATHER - DAYS WITH]      9 = BLOWING SNOW
                                                   X = TORNADO
MAX 32 OR BELOW:   0    0.01 INCH OR MORE:   4
MAX 90 OR ABOVE:   0    0.10 INCH OR MORE:   3
MIN 32 OR BELOW:   0    0.50 INCH OR MORE:   1
MIN  0 OR BELOW:   0    1.00 INCH OR MORE:   1

[HDD (BASE 65) ]
TOTAL THIS MO.    27    CLEAR  (SCALE 0-3)  20
DPTR FM NORMAL   -31    PTCLDY (SCALE 4-7)   5
TOTAL FM JUL 1  1080    CLOUDY (SCALE 8-10)  0
DPTR FM NORMAL  -567

[CDD (BASE 65) ]
TOTAL THIS MO.   114
DPTR FM NORMAL    39    [PRESSURE DATA]
TOTAL FM JAN 1   232    HIGHEST SLP M ON M
DPTR FM NORMAL   103    LOWEST  SLP 29.66 ON 24

[REMARKS]
