000
CXAK56 PAFC 311320
CF6ANC
PRELIMINARY LOCAL CLIMATOLOGICAL DATA (WS FORM: F-6)

                                          STATION:   ANCHORAGE AK
                                          MONTH:     JULY
                                          YEAR:      2015
                                          LATITUDE:   61 10 N
                                          LONGITUDE: 150  2 W

  TEMPERATURE IN F:       :PCPN:    SNOW:  WIND      :SUNSHINE: SKY     :PK WND
================================================================================
1   2   3   4   5  6A  6B    7    8   9   10  11  12  13   14  15   16   17  18
                                     12Z  AVG MX 2MIN
DY MAX MIN AVG DEP HDD CDD  WTR  SNW DPTH SPD SPD DIR MIN PSBL S-S WX    SPD DR
================================================================================

 1  66  50  58   0   7   0 0.00  0.0    0  7.3 13 180   M    M   8        28 160
 2  62  52  57  -1   8   0    T  0.0    0  2.9  6 310   M    M  10         M  M
 3  75  51  63   5   2   0 0.00  0.0    0  5.5 14 150   M    M   6        22 150
 4  66  61  64   6   1   0 0.02  0.0    0  7.7 16 140   M    M   8        25 150
 5  76  59  68  10   0   3    T  0.0    0  3.7  7 260   M    M   8         M  M
 6  81  59  70  12   0   5    T  0.0    0  7.1 21 150   M    M   8        37 160
 7  68  57  63   5   2   0 0.20  0.0    0  8.4 18 160   M    M   8 1      35 140
 8  63  54  59   1   6   0 0.14  0.0    0  4.2  9 250   M    M   9 1       M  M
 9  65  53  59   0   6   0 0.02  0.0    0  3.8  8 230   M    M   9 1       M  M
10  70  51  61   2   4   0 0.00  0.0    0  4.5 12 250   M    M   8         M  M
11  73  53  63   4   2   0    T  0.0    0  5.4 13 150   M    M   8        20 160
12  73  58  66   7   0   1 0.05  0.0    0  8.8 22 150   M    M   8        33 160
13  69  56  63   4   2   0 0.01  0.0    0  6.7 18 160   M    M   9        37 160
14  70  56  63   4   2   0    T  0.0    0 11.5 16 140   M    M   8        35 150
15  69  51  60   1   5   0 0.00  0.0    0  8.0 18 130   M    M   8        33 160
16  63  56  60   1   5   0 0.04  0.0    0  7.5 13 150   M    M  10        41 150
17  63  56  60   1   5   0 0.36  0.0    0 11.6 22 150   M    M  10        38 180
18  69  57  63   4   2   0 0.00  0.0    0  9.1 14 150   M    M   7        30 170
19  73  51  62   3   3   0 0.00  0.0    0  5.1 12 260   M    M   5         M  M
20  75  56  66   7   0   1 0.00  0.0    0  6.6 12 250   M    M   4         M  M
21  71  54  63   4   2   0 0.00  0.0    0  3.8  8 180   M    M   6         M  M
22  64  54  59   0   6   0 0.05  0.0    0  2.4  6 140   M    M   9        32 140
23  71  55  63   4   2   0 0.09  0.0    0  3.7  8 220   M    M   8         M  M
24  76  52  64   5   1   0 0.00  0.0    0  3.9  8 230   M    M   4         M  M
25  70  56  63   4   2   0 0.66  0.0    0  7.3 13 260   M    M   7 1      32 200
26  63  55  59   0   6   0 0.40  0.0    0  2.6  8 280   M    M  10 1       M  M
27  67  54  61   2   4   0    T  0.0    0  3.4  8 300   M    M   8         M  M
28  68  58  63   4   2   0 0.10  0.0    0  5.9 10 150   M    M   9        21 150
29  70  57  64   5   1   0 0.19  0.0    0  5.9 13 150   M    M   9        17 150
30  68  54  61   2   4   0 0.01  0.0    0  6.1  9 150   M    M   6         M  M
================================================================================
SM 2077 1646        92  10  2.34     0.0 180.4          M      235
================================================================================
AV 69.2 54.9                               6.0 FASTST   M    M   8    MAX(MPH)
                                 MISC ---->    22   M                 41    M
================================================================================
NOTES:
# LAST OF SEVERAL OCCURRENCES

COLUMN 17 PEAK WIND IN M.P.H.

PRELIMINARY LOCAL CLIMATOLOGICAL DATA (WS FORM: F-6) , PAGE 2

                                          STATION:  ANCHORAGE AK
                                          MONTH:    JULY
                                          YEAR:     2015
                                          LATITUDE:   61 10 N
                                          LONGITUDE: 150  2 W

[TEMPERATURE DATA]      [PRECIPITATION DATA]       SYMBOLS USED IN COLUMN 16

AVERAGE MONTHLY: 62.0   TOTAL FOR MONTH:   2.34    1 = FOG OR MIST
DPTR FM NORMAL:   3.3   DPTR FM NORMAL:    0.59    2 = FOG REDUCING VISIBILITY
HIGHEST:    81 ON  6    GRTST 24HR  0.66 ON 25-25      TO 1/4 MILE OR LESS
LOWEST:     50 ON  1                               3 = THUNDER
                        SNOW, ICE PELLETS, HAIL    4 = ICE PELLETS
                        TOTAL MONTH:   0.0 INCH    5 = HAIL
                        GRTST 24HR     0.0         6 = FREEZING RAIN OR DRIZZLE
                        GRTST DEPTH:   0           7 = DUSTSTORM OR SANDSTORM:
                                                       VSBY 1/2 MILE OR LESS
                                                   8 = SMOKE OR HAZE
[NO. OF DAYS WITH]      [WEATHER - DAYS WITH]      9 = BLOWING SNOW
                                                   X = TORNADO
MAX 32 OR BELOW:   0    0.01 INCH OR MORE:  15
MAX 90 OR ABOVE:   0    0.10 INCH OR MORE:   7
MIN 32 OR BELOW:   0    0.50 INCH OR MORE:   1
MIN  0 OR BELOW:   0    1.00 INCH OR MORE:   0

[HDD (BASE 65) ]
TOTAL THIS MO.    92    CLEAR  (SCALE 0-3)   0
DPTR FM NORMAL   -97    PTCLDY (SCALE 4-7)  15
TOTAL FM JUL 1    92    CLOUDY (SCALE 8-10) 15
DPTR FM NORMAL   -97

[CDD (BASE 65) ]
TOTAL THIS MO.    10
DPTR FM NORMAL    10    [PRESSURE DATA]
TOTAL FM JAN 1    26    HIGHEST SLP M ON M
DPTR FM NORMAL    26    LOWEST  SLP M ON M

[REMARKS]
