000
CXUS53 KAPX 300631
CF6ANJ
PRELIMINARY LOCAL CLIMATOLOGICAL DATA (WS FORM: F-6)

                                          STATION:   SAULT STE MARIE MI
                                          MONTH:     APRIL
                                          YEAR:      2016
                                          LATITUDE:   46 28 N
                                          LONGITUDE:  84 21 W

  TEMPERATURE IN F:       :PCPN:    SNOW:  WIND      :SUNSHINE: SKY     :PK WND
================================================================================
1   2   3   4   5  6A  6B    7    8   9   10  11  12  13   14  15   16   17  18
                                     12Z  AVG MX 2MIN
DY MAX MIN AVG DEP HDD CDD  WTR  SNW DPTH SPD SPD DIR MIN PSBL S-S WX    SPD DR
================================================================================

 1  38  26  32  -1  33   0 0.09  1.1    1  8.9 21 310   M    M  10 1      25 310
 2  28  17  23 -11  42   0 0.17  2.8    3 10.4 28 310   M    M   8 18     38 310
 3  22  14  18 -16  47   0 0.11  1.0    2  5.6 10 130   M    M   8 1      15 350
 4  25  15  20 -15  45   0 0.00  0.0    2  8.6 17 310   M    M   2        24 300
 5  35  13  24 -11  41   0 0.00  0.0    2  5.2 17 200   M    M   2        27 200
 6  35  29  32  -4  33   0 0.53  7.6    5  7.7 13  50   M    M  10 1      19  90
 7  34  22  28  -8  37   0 0.04  1.0    7 10.5 20  10   M    M   8 1      29  20
 8  31  15  23 -14  42   0 0.00  0.0    5  9.2 17 320   M    M   3        24 300
 9  25  12  19 -18  46   0 0.00  0.0    4  7.8 18 320   M    M   0        23  30
10  33  18  26 -12  39   0 0.22  1.7    4 11.2 22 150   M    M   8 1268   30 140
11  36  32  34  -4  31   0 0.16  1.5    6  9.0 16 260   M    M  10 126    22 260
12  34  25  30  -9  35   0 0.01  0.1    6  9.0 17 310   M    M   6 1      26 310
13  45  24  35  -4  30   0 0.00  0.0    5  5.7 13 140   M    M   2        17 130
14  53  30  42   2  23   0 0.00  0.0    3  8.1 17 140   M    M   1        22 130
15  56  35  46   6  19   0 0.00  0.0    T  7.7 16 120   M    M   2        22 130
16  68  36  52  11  13   0 0.00  0.0    T  6.6 15 120   M    M   0        21 130
17  75  39  57  16   8   0 0.00  0.0    T  4.3 12 220   M    M   0        20 250
18  59  38  49   7  16   0    T  0.0    T  5.6 15 300   M    M   7        19 300
19  62  30  46   4  19   0 0.00  0.0    T  3.8 13 300   M    M   0        16 280
20  61  33  47   4  18   0    T  0.0    T  7.6 17 130   M    M   3        23 150
21  47  42  45   2  20   0 0.24  0.0    T  4.6  9 100   M    M   9 12     15 100
22  52  33  43  -1  22   0 0.00  0.0    0  8.2 20 310   M    M   5 1      24 310
23  52  31  42  -2  23   0    T  0.0    0  6.3 14 210   M    M   3        18 180
24  41  37  39  -5  26   0 0.10  0.0    0  5.2 12 140   M    M   9 1      15 130
25  40  31  36  -9  29   0 0.72  0.6    0  9.1 18  90   M    M  10 16     27  80
26  49  33  41  -4  24   0 0.04  0.2    T  6.7 17 290   M    M   3 1      22 300
27  43  29  36 -10  29   0 0.00  0.0    0  8.2 18 310   M    M   0        25 330
28  54  32  43  -3  22   0 0.00  0.0    0  4.3 10 230   M    M   0        15 140
29  59  36  48   2  17   0 0.00  0.0    0  5.4 13 310   M    M   0        16 310
================================================================================
SM 1292  807       829   0  2.43    17.6 210.5          M      129
================================================================================
AV 44.6 27.8                               7.3 FASTST   M    M   4    MAX(MPH)
                                 MISC ---->  # 28 310               # 38  310
================================================================================
NOTES:
# LAST OF SEVERAL OCCURRENCES

COLUMN 17 PEAK WIND IN M.P.H.

PRELIMINARY LOCAL CLIMATOLOGICAL DATA (WS FORM: F-6) , PAGE 2

                                          STATION:  SAULT STE MARIE MI
                                          MONTH:    APRIL
                                          YEAR:     2016
                                          LATITUDE:   46 28 N
                                          LONGITUDE:  84 21 W

[TEMPERATURE DATA]      [PRECIPITATION DATA]       SYMBOLS USED IN COLUMN 16

AVERAGE MONTHLY: 36.2   TOTAL FOR MONTH:   2.43    1 = FOG OR MIST
DPTR FM NORMAL:  -3.9   DPTR FM NORMAL:    0.12    2 = FOG REDUCING VISIBILITY
HIGHEST:    75 ON 17    GRTST 24HR  0.76 ON 25-26      TO 1/4 MILE OR LESS
LOWEST:     12 ON  9                               3 = THUNDER
                        SNOW, ICE PELLETS, HAIL    4 = ICE PELLETS
                        TOTAL MONTH:  17.6 INCHES  5 = HAIL
                        GRTST 24HR   7.6 ON   M    6 = FREEZING RAIN OR DRIZZLE
                        GRTST DEPTH:   7 ON  7     7 = DUSTSTORM OR SANDSTORM:
                                                       VSBY 1/2 MILE OR LESS
                                                   8 = SMOKE OR HAZE
[NO. OF DAYS WITH]      [WEATHER - DAYS WITH]      9 = BLOWING SNOW
                                                   X = TORNADO
MAX 32 OR BELOW:   5    0.01 INCH OR MORE:  12
MAX 90 OR ABOVE:   0    0.10 INCH OR MORE:   8
MIN 32 OR BELOW:  19    0.50 INCH OR MORE:   2
MIN  0 OR BELOW:   0    1.00 INCH OR MORE:   0

[HDD (BASE 65) ]
TOTAL THIS MO.   829    CLEAR  (SCALE 0-3)  16
DPTR FM NORMAL   106    PTCLDY (SCALE 4-7)   5
TOTAL FM JUL 1  6978    CLOUDY (SCALE 8-10)  8
DPTR FM NORMAL -1071

[CDD (BASE 65) ]
TOTAL THIS MO.     0
DPTR FM NORMAL     0    [PRESSURE DATA]
TOTAL FM JAN 1     0    HIGHEST SLP M ON M
DPTR FM NORMAL     0    LOWEST  SLP 29.44 ON  7

[REMARKS]
