000
CXUS55 KCTP 220700
CF6AOO
PRELIMINARY LOCAL CLIMATOLOGICAL DATA (WS FORM: F-6)

                                          STATION:   ALTOONA
                                          MONTH:     FEBRUARY
                                          YEAR:      2018
                                          LATITUDE:   40 17 N
                                          LONGITUDE:  78 19 W

  TEMPERATURE IN F:       :PCPN:    SNOW:  WIND      :SUNSHINE: SKY     :PK WND
================================================================================
1   2   3   4   5  6A  6B    7    8   9   10  11  12  13   14  15   16   17  18
                                     12Z  AVG MX 2MIN
DY MAX MIN AVG DEP HDD CDD  WTR  SNW DPTH SPD SPD DIR MIN PSBL S-S WX    SPD DR
================================================================================

 1  48  28  38  11  27   0 0.01    M    M 10.8 22 270   M    M  10 1      27 270
 2  33  14  24  -3  41   0    T    M    M 14.9 29 310   M    M   9        42 320
 3  32  14  23  -5  42   0 0.00    M    M 11.0 18 210   M    M   8        23 210
 4  35  28  32   4  33   0 0.25    M    M  6.9 21 270   M    M  10 18     25 260
 5  35  16  26  -2  39   0 0.01    M    M  9.8 28 320   M    M   5 1      36 330
 6  28  19  24  -4  41   0 0.00    M    M  3.4 13 310   M    M  10 8      16 310
 7  35  20  28   0  37   0 0.62    M    M 13.6 30 310   M    M  10 168    37 300
 8  25  15  20  -8  45   0    T    M    M 10.8 24 310   M    M   9 18     33 310
 9  33  15  24  -4  41   0 0.00    M    M  4.3 14 200   M    M   5        19 170
10  44  28  36   8  29   0    T    M    M  1.8  9 180   M    M   8 18     11 170
11  49  34  42  14  23   0 0.30    M    M  2.4 20 310   M    M   9 128    25 320
12  40  26  33   4  32   0    T    M    M 10.8 22 290   M    M   4        29 290
13  38  19  29   0  36   0 0.00    M    M  6.8 15 160   M    M   3        19 160
14  50  31  41  12  24   0 0.30    M    M  2.8  9 200   M    M  10 12     12 170
15  64  48  56  27   9   0 1.04    M    M 11.3 28 260   M    M   8 1      33 260
16  62  27  45  16  20   0 0.45    M    M 13.1 29 320   M    M   8 1      38 330
17  32  21  27  -2  38   0 0.34    M    M  6.3 21 170   M    M   6 12     26 170
18  38  25  32   2  33   0 0.01    M    M  6.8 23 340   M    M   5 1      30 330
19  43  33  38   8  27   0 0.14    M    M  5.5 14 180   M    M   6 12     21 170
20  74  36  55  25  10   0 0.00    M    M  6.6 17 200   M    M   1 12     23 210
21  76  49  63  33   2   0 0.02    M    M  9.6 25 250   M    M   5 1      36 260
================================================================================
SM  914  546       629   0  3.49    M    169.3          M      149
================================================================================
AV 43.5 26.0                               8.1 FASTST   M    M   7    MAX(MPH)
                                 MISC ---->  # 30 310               # 42  320
================================================================================
NOTES:
# LAST OF SEVERAL OCCURRENCES

COLUMN 17 PEAK WIND IN M.P.H.

PRELIMINARY LOCAL CLIMATOLOGICAL DATA (WS FORM: F-6) , PAGE 2

                                          STATION:  ALTOONA
                                          MONTH:    FEBRUARY
                                          YEAR:     2018
                                          LATITUDE:   40 17 N
                                          LONGITUDE:  78 19 W

[TEMPERATURE DATA]      [PRECIPITATION DATA]       SYMBOLS USED IN COLUMN 16

AVERAGE MONTHLY: 34.8   TOTAL FOR MONTH:   3.49    1 = FOG OR MIST
DPTR FM NORMAL:   6.2   DPTR FM NORMAL:    1.98    2 = FOG REDUCING VISIBILITY
HIGHEST:    76 ON 21    GRTST 24HR  1.04 ON 15-15      TO 1/4 MILE OR LESS
LOWEST:     14 ON  3, 2                            3 = THUNDER
                        SNOW, ICE PELLETS, HAIL    4 = ICE PELLETS
                        TOTAL MONTH:    M          5 = HAIL
                        GRTST 24HR    M  ON   M    6 = FREEZING RAIN OR DRIZZLE
                        GRTST DEPTH:  M  ON   M    7 = DUSTSTORM OR SANDSTORM:
                                                       VSBY 1/2 MILE OR LESS
                                                   8 = SMOKE OR HAZE
[NO. OF DAYS WITH]      [WEATHER - DAYS WITH]      9 = BLOWING SNOW
                                                   X = TORNADO
MAX 32 OR BELOW:   4    0.01 INCH OR MORE:  12
MAX 90 OR ABOVE:   0    0.10 INCH OR MORE:   8
MIN 32 OR BELOW:  16    0.50 INCH OR MORE:   2
MIN  0 OR BELOW:   0    1.00 INCH OR MORE:   1

[HDD (BASE 65) ]
TOTAL THIS MO.   629    CLEAR  (SCALE 0-3)   1
DPTR FM NORMAL  -136    PTCLDY (SCALE 4-7)  10
TOTAL FM JUL 1  3940    CLOUDY (SCALE 8-10) 10
DPTR FM NORMAL  -391

[CDD (BASE 65) ]
TOTAL THIS MO.     0
DPTR FM NORMAL     0    [PRESSURE DATA]
TOTAL FM JAN 1     0    HIGHEST SLP M ON M
DPTR FM NORMAL     0    LOWEST  SLP 29.61 ON 16

[REMARKS]
