000
CXUS52 KMFL 281000
CF6APF
PRELIMINARY LOCAL CLIMATOLOGICAL DATA (WS FORM: F-6)

                                          STATION:   NAPLES
                                          MONTH:     JULY
                                          YEAR:      2014
                                          LATITUDE:   26  8 N
                                          LONGITUDE:  81 46 W

  TEMPERATURE IN F:       :PCPN:    SNOW:  WIND      :SUNSHINE: SKY     :PK WND
================================================================================
1   2   3   4   5  6A  6B    7    8   9   10  11  12  13   14  15   16   17  18
                                     12Z  AVG MX 2MIN
DY MAX MIN AVG DEP HDD CDD  WTR  SNW DPTH SPD SPD DIR MIN PSBL S-S WX    SPD DR
================================================================================

 1  90  79  85   2   0  20 0.00  0.0    0  7.6 16 290   M    M   2 3      21 290
 2  90  79  85   2   0  20    T  0.0    0  8.4 17 230   M    M   3 13     22 270
 3  90  79  85   2   0  20    T  0.0    0  9.6 18 220   M    M   3        23 220
 4  90  78  84   1   0  19 0.00  0.0    0  6.5 14 240   M    M   2 3      20 210
 5  90  76  83   0   0  18 0.67  0.0    0  4.4 20 200   M    M   2 138    26 180
 6  89  75  82  -1   0  17 0.00  0.0    0  5.7 20  70   M    M   1 3      24  90
 7  83  76  80  -3   0  15 0.01  0.0    0  4.9 12 200   M    M   1 13     15 200
 8  90  75  83   0   0  18 0.26  0.0    M  5.9 13 230   M    M   2 13     17 250
 9  90  74  82  -1   0  17 0.00  0.0    0  5.6 16 100   M    M   1 3      20 100
10  89  73  81  -2   0  16 0.30  0.0    0  5.3 23  80   M    M   2 138    30  80
11  90  75  83   0   0  18 0.15  0.0    0  6.0 17 120   M    M   2 3      21 130
12  89  75  82  -1   0  17 0.44  0.0    0  5.2 21 110   M    M   3 13     26 110
13  90  74  82  -1   0  17 0.00  0.0    0  5.8 13 250   M    M   1 3      17 260
14  89  75  82  -1   0  17    T  0.0    0  5.8 15 230   M    M   2 3      17  90
15  87  72  80  -3   0  15 1.75  0.0    0  4.3 28 280   M    M   0 123    33 280
16  90  76  83   0   0  18 0.60  0.0    0  6.3 18 260   M    M   3 138    25 250
17  90  77  84   1   0  19    T  0.0    0  8.1 21 290   M    M   3 3      26 290
18  90  77  84   1   0  19 0.00  0.0    0  5.2 15 290   M    M   2        20 270
19  92  77  85   2   0  20 0.00  0.0    0  6.8 18 300   M    M   1        22 290
20  92  77  85   2   0  20    T  0.0    0  6.2 20  50   M    M   2 3      26  40
21  91  77  84   1   0  19 0.00  0.0    0  5.8 18  60   M    M   2 3      22  60
22  86  75  81  -2   0  16 0.51  0.0    0  5.1 17 160   M    M   0 13     24 310
23  90  76  83   0   0  18 0.00  0.0    0  3.4 14 100   M    M   1 3      17 100
24  90  78  84   1   0  19 0.71  0.0    0  4.3 22 190   M    M   1 1      28 190
25  91  78  85   2   0  20 0.00  0.0    0  4.7 17  80   M    M   1 3      22  60
26  89  78  84   1   0  19    T  0.0    0  2.9 10 200   M    M   2 3      12 150
27  89  77  83   0   0  18 1.45  0.0    0  3.9 17 290   M    M   2 13     22 320
================================================================================
SM 2416 2058         0 489  6.85     0.0 153.7          M       47
================================================================================
AV 89.5 76.2                               5.7 FASTST   M    M   2    MAX(MPH)
                                 MISC ---->  # 28 280               # 33  280
================================================================================
NOTES:
# LAST OF SEVERAL OCCURRENCES

COLUMN 17 PEAK WIND IN M.P.H.

PRELIMINARY LOCAL CLIMATOLOGICAL DATA (WS FORM: F-6) , PAGE 2

                                          STATION:  NAPLES
                                          MONTH:    JULY
                                          YEAR:     2014
                                          LATITUDE:   26  8 N
                                          LONGITUDE:  81 46 W

[TEMPERATURE DATA]      [PRECIPITATION DATA]       SYMBOLS USED IN COLUMN 16

AVERAGE MONTHLY: 82.9   TOTAL FOR MONTH:   6.85    1 = FOG OR MIST
DPTR FM NORMAL:  -0.1   DPTR FM NORMAL:    0.39    2 = FOG REDUCING VISIBILITY
HIGHEST:    92 ON 20,19 GRTST 24HR  1.75 ON 15-15      TO 1/4 MILE OR LESS
LOWEST:     72 ON 15                               3 = THUNDER
                        SNOW, ICE PELLETS, HAIL    4 = ICE PELLETS
                        TOTAL MONTH:   0.0 INCH    5 = HAIL
                        GRTST 24HR     0.0         6 = FREEZING RAIN OR DRIZZLE
                        GRTST DEPTH:   0           7 = DUSTSTORM OR SANDSTORM:
                                                       VSBY 1/2 MILE OR LESS
                                                   8 = SMOKE OR HAZE
[NO. OF DAYS WITH]      [WEATHER - DAYS WITH]      9 = BLOWING SNOW
                                                   X = TORNADO
MAX 32 OR BELOW:   0    0.01 INCH OR MORE:  11
MAX 90 OR ABOVE:  18    0.10 INCH OR MORE:  10
MIN 32 OR BELOW:   0    0.50 INCH OR MORE:   6
MIN  0 OR BELOW:   0    1.00 INCH OR MORE:   2

[HDD (BASE 65) ]
TOTAL THIS MO.     0    CLEAR  (SCALE 0-3)  27
DPTR FM NORMAL     0    PTCLDY (SCALE 4-7)   0
TOTAL FM JUL 1     0    CLOUDY (SCALE 8-10)  0
DPTR FM NORMAL     0

[CDD (BASE 65) ]
TOTAL THIS MO.   489
DPTR FM NORMAL     3    [PRESSURE DATA]
TOTAL FM JAN 1  2185    HIGHEST SLP M ON M
DPTR FM NORMAL   164    LOWEST  SLP 29.85 ON  1

[REMARKS]
