000
CXUS53 KAPX 010631
CF6APN
PRELIMINARY LOCAL CLIMATOLOGICAL DATA (WS FORM: F-6)

                                          STATION:   ALPENA MI
                                          MONTH:     APRIL
                                          YEAR:      2016
                                          LATITUDE:   45  4 N
                                          LONGITUDE:  83 34 W

  TEMPERATURE IN F:       :PCPN:    SNOW:  WIND      :SUNSHINE: SKY     :PK WND
================================================================================
1   2   3   4   5  6A  6B    7    8   9   10  11  12  13   14  15   16   17  18
                                     12Z  AVG MX 2MIN
DY MAX MIN AVG DEP HDD CDD  WTR  SNW DPTH SPD SPD DIR MIN PSBL S-S WX    SPD DR
================================================================================

 1  49  27  38   3  27   0 0.06    T    0  9.8 10 310   M    M  10 1       M  M
 2  26  20  23 -13  42   0    T    T    T  9.8 12 320   M    M   4        31 330
 3  26   4  15 -21  50   0 0.46  6.8    T  6.5  9 300   M    M   7 1       M  M
 4  26  15  21 -16  44   0 0.12  2.1    7 10.4 17 350   M    M   3 18     22  20
 5  38   8  23 -14  42   0 0.00  0.0    3  6.1 14 180   M    M   1        17 180
 6  36  30  33  -5  32   0 0.84  8.1    5  8.6 21  30   M    M  10 1      30 140
 7  33  24  29  -9  36   0 0.15  3.0    8 13.2 25 350   M    M  10 1      31 360
 8  29  16  23 -16  42   0    T    T    8  8.2 15 360   M    M   3        20 350
 9  27  12  20 -19  45   0    T    T    7 10.3 18 350   M    M   3 8      26 360
10  33  12  23 -16  42   0 0.23  1.8    8 10.7 24 170   M    M   8 1268   32 170
11  44  32  38  -2  27   0    T    T    7  7.2 18 270   M    M   8 12     28 260
12  40  24  32  -8  33   0    T    T    4  9.1 21 350   M    M   7        29 310
13  41  22  32  -9  33   0 0.00  0.0    2  5.6 16 120   M    M   4        18 120
14  52  27  40  -1  25   0 0.00  0.0    T  6.9 17 120   M    M   2        21 120
15  53  26  40  -2  25   0 0.00  0.0    0  5.8 15 110   M    M   0        19 100
16  65  29  47   5  18   0 0.00  0.0    0  4.9 15 100   M    M   0        18  90
17  75  31  53  11  12   0 0.00  0.0    0  4.6 17 110   M    M   0        19 100
18  82  37  60  17   5   0    T  0.0    0  7.3 24 360   M    M   3        29 350
19  57  34  46   3  19   0 0.00  0.0    0  4.8 13  50   M    M   3        16  50
20  61  29  45   1  20   0 0.00  0.0    0  7.5 20 150   M    M   1        24 140
21  60  45  53   9  12   0 0.34  0.0    0  4.1 14 140   M    M   9 18     17 150
22  51  36  44   0  21   0    T  0.0    0 10.4 17  10   M    M   7 1      24 330
23  47  29  38  -7  27   0 0.00  0.0    0  5.8 14 120   M    M   1        19 130
24  46  29  38  -7  27   0    T  0.0    0  6.8 15 110   M    M   9        19 120
25  40  35  38  -8  27   0 1.02  0.0    0 12.0 20  80   M    M  10 13     28  80
26  50  32  41  -5  24   0 0.20  0.0    0  9.1 21  70   M    M   4 1      27  70
27  52  30  41  -5  24   0 0.00  0.0    0  5.8 13 130   M    M   0        18 350
28  48  31  40  -7  25   0 0.00  0.0    0  7.0 20  80   M    M   0        26  80
29  55  32  44  -3  21   0 0.00  0.0    0  5.1 13  80   M    M   3        16  40
30  58  27  43  -4  22   0 0.00  0.0    0  5.2 14 100   M    M   1 1      20  60
================================================================================
SM 1400  785       849   0  3.42    21.8 228.6          M      131
================================================================================
AV 46.7 26.2                               7.6 FASTST   M    M   4    MAX(MPH)
                                 MISC ---->  # 25 350               # 32  170
================================================================================
NOTES:
# LAST OF SEVERAL OCCURRENCES

COLUMN 17 PEAK WIND IN M.P.H.

PRELIMINARY LOCAL CLIMATOLOGICAL DATA (WS FORM: F-6) , PAGE 2

                                          STATION:  ALPENA MI
                                          MONTH:    APRIL
                                          YEAR:     2016
                                          LATITUDE:   45  4 N
                                          LONGITUDE:  83 34 W

[TEMPERATURE DATA]      [PRECIPITATION DATA]       SYMBOLS USED IN COLUMN 16

AVERAGE MONTHLY: 36.4   TOTAL FOR MONTH:   3.42    1 = FOG OR MIST
DPTR FM NORMAL:  -5.2   DPTR FM NORMAL:    1.03    2 = FOG REDUCING VISIBILITY
HIGHEST:    82 ON 18    GRTST 24HR  1.16 ON 25-26      TO 1/4 MILE OR LESS
LOWEST:      4 ON  3                               3 = THUNDER
                        SNOW, ICE PELLETS, HAIL    4 = ICE PELLETS
                        TOTAL MONTH:  21.8 INCHES  5 = HAIL
                        GRTST 24HR   8.1 ON   M    6 = FREEZING RAIN OR DRIZZLE
                        GRTST DEPTH:   8 ON 10, 8  7 = DUSTSTORM OR SANDSTORM:
                                                       VSBY 1/2 MILE OR LESS
                                                   8 = SMOKE OR HAZE
[NO. OF DAYS WITH]      [WEATHER - DAYS WITH]      9 = BLOWING SNOW
                                                   X = TORNADO
MAX 32 OR BELOW:   5    0.01 INCH OR MORE:   9
MAX 90 OR ABOVE:   0    0.10 INCH OR MORE:   8
MIN 32 OR BELOW:  25    0.50 INCH OR MORE:   2
MIN  0 OR BELOW:   0    1.00 INCH OR MORE:   1

[HDD (BASE 65) ]
TOTAL THIS MO.   849    CLEAR  (SCALE 0-3)  15
DPTR FM NORMAL   146    PTCLDY (SCALE 4-7)   8
TOTAL FM JUL 1  6609    CLOUDY (SCALE 8-10)  7
DPTR FM NORMAL  -950

[CDD (BASE 65) ]
TOTAL THIS MO.     0
DPTR FM NORMAL    -2    [PRESSURE DATA]
TOTAL FM JAN 1     0    HIGHEST SLP M ON M
DPTR FM NORMAL    -2    LOWEST  SLP 29.44 ON  7

[REMARKS]
#FINAL-04-16#
