000
CXUS54 KLCH 281811
CF6ARA
PRELIMINARY LOCAL CLIMATOLOGICAL DATA (WS FORM: F-6)

                                          STATION:   NEW IBERIA
                                          MONTH:     JULY
                                          YEAR:      2014
                                          LATITUDE:   30  1 N
                                          LONGITUDE:  91 53 W

  TEMPERATURE IN F:       :PCPN:    SNOW:  WIND      :SUNSHINE: SKY     :PK WND
================================================================================
1   2   3   4   5  6A  6B    7    8   9   10  11  12  13   14  15   16   17  18
                                     12Z  AVG MX 2MIN
DY MAX MIN AVG DEP HDD CDD  WTR  SNW DPTH SPD SPD DIR MIN PSBL S-S WX    SPD DR
================================================================================

 1  93  75  84   2   0  19 0.00  0.0    0  4.9 14 220   M    M   2 13     17 220
 2  93  75  84   2   0  19 0.00  0.0    0  4.8 16  10   M    M   1 1      25  20
 3  93  71  82   0   0  17 0.00  0.0    0  6.1 14  30   M    M   0        17  30
 4  92  74  83   1   0  18 0.00  0.0    0  8.2 14  40   M    M   1        18  50
 5  91  70  81  -1   0  16 0.00  0.0    0  4.8 13  40   M    M   0        15  40
 6  93  67  80  -2   0  15 0.00  0.0    0  2.3 10 190   M    M   0 1      13 210
 7  93  71  82   0   0  17 0.00  0.0    0  4.1 14 190   M    M   1 3      18 210
 8  91  70  81  -1   0  16 1.24  0.0    0  5.5 38 340   M    M   2 13     48 330
 9  92  73  83   1   0  18 0.76  0.0    0  3.9 26  30   M    M   2 13     31  20
10  91  72  82   0   0  17 0.17  0.0    0  1.6 16 190   M    M   0 13     20 190
11  95  73  84   2   0  19    T  0.0    0  3.1 18 120   M    M   1 13     24  80
12  96  74  85   3   0  20 0.00  0.0    0  3.7 21 320   M    M   0 13     26 310
13  92  74  83   0   0  18 0.13  0.0    M  2.2 22  20   M    M   3 13     25  20
14  92  74  83   0   0  18    T  0.0    0  4.6 18 210   M    M   1 13     24 220
15  86  73  80  -3   0  15 0.22  0.0    0  3.8 15 270   M    M   3 13     21 270
16  88  73  81  -2   0  16 0.00  0.0    0  7.4 14 350   M    M   0 1      19 310
17  87  69  78  -5   0  13 1.65  0.0    0  5.2 20 360   M    M   2 13     26  90
18  79  74  77  -6   0  12 4.35  0.0    0  6.0 18 190   M    M   7 123    24 210
19  84  74  79  -4   0  14 0.12  0.0    0  5.8 22 200   M    M   8 13     27 210
20  86  75  81  -2   0  16 0.33  0.0    0  3.4 14 200   M    M   7 13     17 210
21  92  73  83   0   0  18 0.00  0.0    0  3.2 10  20   M    M   5 12     14  10
22  92  75  84   1   0  19 0.00  0.0    0  4.2 14  10   M    M   1 1      17  50
23  92  74  83   0   0  18 0.05  0.0    0  5.5 13 150   M    M   2 138    15 190
24  92  75  84   1   0  19 0.07  0.0    0  3.0 15 220   M    M   3 13     19 240
25  93  74  84   1   0  19 0.03  0.0    0  3.5 14  10   M    M   3 138    20  10
26  93  76  85   2   0  20    T  0.0    0  4.9 17 220   M    M   1 1      22 210
27  94  76  85   2   0  20 0.00  0.0    0  5.0 17 190   M    M   1 12     22 190
================================================================================
SM 2455 1974         0 466  9.12     0.0 120.7          M       57
================================================================================
AV 90.9 73.1                               4.5 FASTST   M    M   2    MAX(MPH)
                                 MISC ---->  # 38 340               # 48  330
================================================================================
NOTES:
# LAST OF SEVERAL OCCURRENCES

COLUMN 17 PEAK WIND IN M.P.H.

PRELIMINARY LOCAL CLIMATOLOGICAL DATA (WS FORM: F-6) , PAGE 2

                                          STATION:  NEW IBERIA
                                          MONTH:    JULY
                                          YEAR:     2014
                                          LATITUDE:   30  1 N
                                          LONGITUDE:  91 53 W

[TEMPERATURE DATA]      [PRECIPITATION DATA]       SYMBOLS USED IN COLUMN 16

AVERAGE MONTHLY: 82.0   TOTAL FOR MONTH:   9.12    1 = FOG OR MIST
DPTR FM NORMAL:  -0.5   DPTR FM NORMAL:    3.33    2 = FOG REDUCING VISIBILITY
HIGHEST:    96 ON 12    GRTST 24HR  5.97 ON 17-18      TO 1/4 MILE OR LESS
LOWEST:     67 ON  6                               3 = THUNDER
                        SNOW, ICE PELLETS, HAIL    4 = ICE PELLETS
                        TOTAL MONTH:   0.0 INCH    5 = HAIL
                        GRTST 24HR     0.0         6 = FREEZING RAIN OR DRIZZLE
                        GRTST DEPTH:   0           7 = DUSTSTORM OR SANDSTORM:
                                                       VSBY 1/2 MILE OR LESS
                                                   8 = SMOKE OR HAZE
[NO. OF DAYS WITH]      [WEATHER - DAYS WITH]      9 = BLOWING SNOW
                                                   X = TORNADO
MAX 32 OR BELOW:   0    0.01 INCH OR MORE:  12
MAX 90 OR ABOVE:  21    0.10 INCH OR MORE:   9
MIN 32 OR BELOW:   0    0.50 INCH OR MORE:   4
MIN  0 OR BELOW:   0    1.00 INCH OR MORE:   3

[HDD (BASE 65) ]
TOTAL THIS MO.     0    CLEAR  (SCALE 0-3)  23
DPTR FM NORMAL     0    PTCLDY (SCALE 4-7)   4
TOTAL FM JUL 1     0    CLOUDY (SCALE 8-10)  0
DPTR FM NORMAL     0

[CDD (BASE 65) ]
TOTAL THIS MO.   466
DPTR FM NORMAL    -9    [PRESSURE DATA]
TOTAL FM JAN 1  1459    HIGHEST SLP M ON M
DPTR FM NORMAL   -57    LOWEST  SLP 29.86 ON 18

[REMARKS]
