000
CXUS51 KBUF 171205
CF6ART
PRELIMINARY LOCAL CLIMATOLOGICAL DATA (WS FORM: F-6)

                                          STATION:   WATERTOWN NY
                                          MONTH:     OCTOBER
                                          YEAR:      2017
                                          LATITUDE:   43 59 N
                                          LONGITUDE:  76  2 W

  TEMPERATURE IN F:       :PCPN:    SNOW:  WIND      :SUNSHINE: SKY     :PK WND
================================================================================
1   2   3   4   5  6A  6B    7    8   9   10  11  12  13   14  15   16   17  18
                                     12Z  AVG MX 2MIN
DY MAX MIN AVG DEP HDD CDD  WTR  SNW DPTH SPD SPD DIR MIN PSBL S-S WX    SPD DR
================================================================================

 1  61  33  47  -7  18   0 0.00    M    M  4.3 15 260   M    M   1 18     19 260
 2  70  34  52  -1  13   0 0.00    M    M  3.0 10 270   M    M   0 18     14 300
 3  74  38  56   3   9   0 0.00    M    M  6.8 16 220   M    M   0        24 200
 4  76  55  66  14   0   1 1.20    M    M 10.7 22 250   M    M   8 1238   33 270
 5  66  49  58   6   7   0 0.00    M    M  6.2 18 220   M    M   1        26 260
 6  64  50  57   5   8   0 0.04    M    M  2.0  9 220   M    M   9 1      12 230
 7  76  59  68  17   0   3 0.17    M    M  7.1 20 210   M    M   5 1      33 200
 8  73  58  66  15   0   1 0.26    M    M 11.5 28 250   M    M   5 1      42 260
 9  69  54  62  12   3   0 3.67    M    M  7.0 23  30   M    M   9 12     29  20
10  70  56  63  13   2   0 0.00    M    M  5.6 15 260   M    M   3 12     19 260
11  60  46  53   3  12   0 0.17    M    M 12.1 20  40   M    M   7 1      23  30
12  66  41  54   5  11   0    T    M    M  7.3 14  50   M    M   3 8      16  40
13  62  44  53   4  12   0    T    M    M  6.8 16 200   M    M   8 8      25 190
14  67  58  63  14   2   0    T    M    M  5.7 13 210   M    M  10 1      19 210
15  79  48  64  16   1   0 0.05    M    M 13.6 30 240   M    M   7 1      40 230
16  48  29  39  -9  26   0    T    M    M  5.9 17 310   M    M   7        21 320
================================================================================
SM 1081  752       124   5  5.56    M    115.6          M       83
================================================================================
AV 67.6 47.0                               7.2 FASTST   M    M   5    MAX(MPH)
                                 MISC ---->  # 30 240               # 42  260
================================================================================
NOTES:
# LAST OF SEVERAL OCCURRENCES

COLUMN 17 PEAK WIND IN M.P.H.

PRELIMINARY LOCAL CLIMATOLOGICAL DATA (WS FORM: F-6) , PAGE 2

                                          STATION:  WATERTOWN NY
                                          MONTH:    OCTOBER
                                          YEAR:     2017
                                          LATITUDE:   43 59 N
                                          LONGITUDE:  76  2 W

[TEMPERATURE DATA]      [PRECIPITATION DATA]       SYMBOLS USED IN COLUMN 16

AVERAGE MONTHLY: 57.3   TOTAL FOR MONTH:   5.56    1 = FOG OR MIST
DPTR FM NORMAL:   6.6   DPTR FM NORMAL:    3.58    2 = FOG REDUCING VISIBILITY
HIGHEST:    79 ON 15    GRTST 24HR  3.67 ON  9- 9      TO 1/4 MILE OR LESS
LOWEST:     29 ON 16                               3 = THUNDER
                        SNOW, ICE PELLETS, HAIL    4 = ICE PELLETS
                        TOTAL MONTH:    M          5 = HAIL
                        GRTST 24HR    M  ON   M    6 = FREEZING RAIN OR DRIZZLE
                        GRTST DEPTH:  M  ON   M    7 = DUSTSTORM OR SANDSTORM:
                                                       VSBY 1/2 MILE OR LESS
                                                   8 = SMOKE OR HAZE
[NO. OF DAYS WITH]      [WEATHER - DAYS WITH]      9 = BLOWING SNOW
                                                   X = TORNADO
MAX 32 OR BELOW:   0    0.01 INCH OR MORE:   7
MAX 90 OR ABOVE:   0    0.10 INCH OR MORE:   5
MIN 32 OR BELOW:   1    0.50 INCH OR MORE:   2
MIN  0 OR BELOW:   0    1.00 INCH OR MORE:   2

[HDD (BASE 65) ]
TOTAL THIS MO.   124    CLEAR  (SCALE 0-3)   6
DPTR FM NORMAL  -108    PTCLDY (SCALE 4-7)   7
TOTAL FM JUL 1   341    CLOUDY (SCALE 8-10)  3
DPTR FM NORMAL  -165

[CDD (BASE 65) ]
TOTAL THIS MO.     5
DPTR FM NORMAL     5    [PRESSURE DATA]
TOTAL FM JAN 1   388    HIGHEST SLP M ON M
DPTR FM NORMAL    29    LOWEST  SLP 29.58 ON 15

[REMARKS]
