000
CXUS51 KBUF 251024
CF6ART
PRELIMINARY LOCAL CLIMATOLOGICAL DATA (WS FORM: F-6)

                                          STATION:   WATERTOWN NY
                                          MONTH:     SEPTEMBER
                                          YEAR:      2016
                                          LATITUDE:   43 59 N
                                          LONGITUDE:  76  2 W

  TEMPERATURE IN F:       :PCPN:    SNOW:  WIND      :SUNSHINE: SKY     :PK WND
================================================================================
1   2   3   4   5  6A  6B    7    8   9   10  11  12  13   14  15   16   17  18
                                     12Z  AVG MX 2MIN
DY MAX MIN AVG DEP HDD CDD  WTR  SNW DPTH SPD SPD DIR MIN PSBL S-S WX    SPD DR
================================================================================

 1  74  50  62  -2   3   0 0.00    M    M  4.6 13 360   M    M   4 12     17 310
 2  73  46  60  -4   5   0 0.00    M    M  4.7 15  30   M    M   2 12     19  30
 3  75  41  58  -6   7   0 0.00    M    M  4.4 12  30   M    M   0 1      15  40
 4  77  46  62  -2   3   0 0.00    M    M  3.2 12 260   M    M   0 1      13 260
 5  81  50  66   3   0   1 0.00    M    M  3.1  9 230   M    M   0 1      12 230
 6  83  50  67   4   0   2 0.00    M    M  3.3 12 260   M    M   0 12     14 260
 7  87  52  70   7   0   5 1.01    M    M  4.2 17 340   M    M   2 123    20 350
 8  84  70  77  15   0  12 0.08    M    M  8.6 20 240   M    M   4 1      28 230
 9  81  64  73  11   0   8 0.00    M    M  5.9 14 260   M    M   1        20 260
10  85  58  72  10   0   7 0.35    M    M  7.9 22 260   M    M   4 13     29 260
11  73  48  61   0   4   0 0.23    M    M 10.6 29 270   M    M   4 1      39 260
12  72  46  59  -2   6   0 0.00    M    M  4.3 15 260   M    M   0        18 260
13  78  46  62   1   3   0 0.00    M    M  5.8 16 220   M    M   1        21 230
14  71  43  57  -3   8   0 0.00    M    M  8.1 18 360   M    M   6        23  20
15  68  40  54  -6  11   0 0.00    M    M  4.7 10  60   M    M   0 1      13  60
16  76  38  57  -3   8   0 0.00    M    M  4.5 12 160   M    M   0 18     18 210
17  77  62  70  11   0   5 0.22    M    M  9.7 18 200   M    M   4 1      32 200
18  77  63  70  11   0   5 0.35  0.0    0  6.0 16 230   M    M   4 13     25 220
19  77  56  67   9   0   2 0.00  0.0    0  3.7 12 260   M    M   2 18     16 260
20  77  53  65   7   0   0 0.00    M    M  7.1 17 280   M    M   1 1      23 310
21  76  45  61   3   4   0 0.00    M    M  4.1 15 260   M    M   0        20 260
22  81  48  65   8   0   0 0.06    M    M  3.7 18 260   M    M   1        23 270
23  67  40  54  -3  11   0 0.02    M    M  8.9 20  40   M    M   7 1      23  50
24  64  37  51  -5  14   0 0.00    M    M  4.5 14  10   M    M   1 1      19  40
================================================================================
SM 1834 1192        87  47  2.32     0.0 135.6          M       48
================================================================================
AV 76.4 49.7                               5.6 FASTST   M    M   2    MAX(MPH)
                                 MISC ---->  # 29 270               # 39  260
================================================================================
NOTES:
# LAST OF SEVERAL OCCURRENCES

COLUMN 17 PEAK WIND IN M.P.H.

PRELIMINARY LOCAL CLIMATOLOGICAL DATA (WS FORM: F-6) , PAGE 2

                                          STATION:  WATERTOWN NY
                                          MONTH:    SEPTEMBER
                                          YEAR:     2016
                                          LATITUDE:   43 59 N
                                          LONGITUDE:  76  2 W

[TEMPERATURE DATA]      [PRECIPITATION DATA]       SYMBOLS USED IN COLUMN 16

AVERAGE MONTHLY: 63.0   TOTAL FOR MONTH:   2.32    1 = FOG OR MIST
DPTR FM NORMAL:   2.4   DPTR FM NORMAL:   -0.58    2 = FOG REDUCING VISIBILITY
HIGHEST:    87 ON  7    GRTST 24HR  1.17 ON 31- 1      TO 1/4 MILE OR LESS
LOWEST:     37 ON 24                               3 = THUNDER
                        SNOW, ICE PELLETS, HAIL    4 = ICE PELLETS
                        TOTAL MONTH:   0.0 INCH    5 = HAIL
                        GRTST 24HR     0.0         6 = FREEZING RAIN OR DRIZZLE
                        GRTST DEPTH:   0           7 = DUSTSTORM OR SANDSTORM:
                                                       VSBY 1/2 MILE OR LESS
                                                   8 = SMOKE OR HAZE
[NO. OF DAYS WITH]      [WEATHER - DAYS WITH]      9 = BLOWING SNOW
                                                   X = TORNADO
MAX 32 OR BELOW:   0    0.01 INCH OR MORE:   8
MAX 90 OR ABOVE:   0    0.10 INCH OR MORE:   5
MIN 32 OR BELOW:   0    0.50 INCH OR MORE:   1
MIN  0 OR BELOW:   0    1.00 INCH OR MORE:   1

[HDD (BASE 65) ]
TOTAL THIS MO.    87    CLEAR  (SCALE 0-3)  16
DPTR FM NORMAL   -51    PTCLDY (SCALE 4-7)   8
TOTAL FM JUL 1    98    CLOUDY (SCALE 8-10)  0
DPTR FM NORMAL  -112

[CDD (BASE 65) ]
TOTAL THIS MO.    47
DPTR FM NORMAL    13    [PRESSURE DATA]
TOTAL FM JAN 1   561    HIGHEST SLP M ON M
DPTR FM NORMAL   203    LOWEST  SLP 29.67 ON 10

[REMARKS]
