000
CXUS51 KBUF 251205
CF6ART
PRELIMINARY LOCAL CLIMATOLOGICAL DATA (WS FORM: F-6)

                                          STATION:   WATERTOWN NY
                                          MONTH:     AUGUST
                                          YEAR:      2016
                                          LATITUDE:   43 59 N
                                          LONGITUDE:  76  2 W

  TEMPERATURE IN F:       :PCPN:    SNOW:  WIND      :SUNSHINE: SKY     :PK WND
================================================================================
1   2   3   4   5  6A  6B    7    8   9   10  11  12  13   14  15   16   17  18
                                     12Z  AVG MX 2MIN
DY MAX MIN AVG DEP HDD CDD  WTR  SNW DPTH SPD SPD DIR MIN PSBL S-S WX    SPD DR
================================================================================

 1  83  61  72   3   0   7 0.27    M    M  6.7 14  60   M    M   7 128    18  90
 2  86  56  71   2   0   6 0.00    M    M  5.0 15  60   M    M   7 12     19  60
 3  89  66  78   9   0  13 0.00    M    M  4.4 15 270   M    M   6        17 260
 4  88  68  78   9   0  13 0.00    M    M  7.1 17 270   M    M   0        21 260
 5  91  74  83  15   0  18 0.00    M    M 10.5 26 230   M    M   4 1      36 220
 6  82  59  71   3   0   6 0.26    M    M  8.1 25 270   M    M   3 138    31 270
 7  82  55  69   1   0   4 0.00    M    M  5.4 21 260   M    M   4 1      27 230
 8  82  50  66  -2   0   1 0.00    M    M  5.3 16 260   M    M   0        22 260
 9  90  50  70   2   0   5 0.00    M    M  5.6 20 260   M    M   0        24 270
10  85  72  79  11   0  14    T    M    M  8.0 17 270   M    M   4        21 270
11  90  67  79  11   0  14 0.00    M    M  6.2 15 260   M    M   0 18     19 260
12  90  69  80  12   0  15 0.00    M    M 11.2 23 230   M    M   4 1      33 230
13  88  66  77   9   0  12 0.32    M    M  6.6 15 210   M    M   8 13     21 200
14  80  66  73   5   0   8 0.05    M    M  9.5 17 230   M    M   9 1      24 270
15  82  60  71   3   0   6 0.00    M    M  2.6 14 270   M    M   3 1      19 260
16  81  60  71   4   0   6 0.59    M    M  8.6 30 230   M    M   6 13     49 230
17  76  63  70   3   0   5 0.04  0.0    0  6.7 22 310   M    M   5 1      29 310
18  84  66  75   8   0  10 0.00    M    M  5.8 15 280   M    M   4 1      19 300
19  84  61  73   6   0   8 0.00    M    M  4.3 14 260   M    M   2 128    18 260
20  89  61  75   8   0  10 0.00    M    M  7.7 15 160   M    M   2        23 170
21  78  64  71   4   0   6 1.30    M    M 12.2 21 160   M    M   3 12     31 160
22  71  49  60  -6   5   0 0.00    M    M  7.5 17 220   M    M   2        23 230
23  78  49  64  -2   1   0 0.00    M    M  6.9 21 260   M    M   0        28 260
24  84  62  73   7   0   8 0.00    M    M  6.9 16 270   M    M   0        23 220
================================================================================
SM 2013 1474         6 195  2.83     0.0 168.8          M       83
================================================================================
AV 83.9 61.4                               7.0 FASTST   M    M   3    MAX(MPH)
                                 MISC ---->  # 30 230               # 49  230
================================================================================
NOTES:
# LAST OF SEVERAL OCCURRENCES

COLUMN 17 PEAK WIND IN M.P.H.

PRELIMINARY LOCAL CLIMATOLOGICAL DATA (WS FORM: F-6) , PAGE 2

                                          STATION:  WATERTOWN NY
                                          MONTH:    AUGUST
                                          YEAR:     2016
                                          LATITUDE:   43 59 N
                                          LONGITUDE:  76  2 W

[TEMPERATURE DATA]      [PRECIPITATION DATA]       SYMBOLS USED IN COLUMN 16

AVERAGE MONTHLY: 72.6   TOTAL FOR MONTH:   2.83    1 = FOG OR MIST
DPTR FM NORMAL:   5.0   DPTR FM NORMAL:    0.38    2 = FOG REDUCING VISIBILITY
HIGHEST:    91 ON  5    GRTST 24HR  1.30 ON 21-21      TO 1/4 MILE OR LESS
LOWEST:     49 ON 23,22                            3 = THUNDER
                        SNOW, ICE PELLETS, HAIL    4 = ICE PELLETS
                        TOTAL MONTH:   0.0 INCH    5 = HAIL
                        GRTST 24HR     0.0         6 = FREEZING RAIN OR DRIZZLE
                        GRTST DEPTH:   0           7 = DUSTSTORM OR SANDSTORM:
                                                       VSBY 1/2 MILE OR LESS
                                                   8 = SMOKE OR HAZE
[NO. OF DAYS WITH]      [WEATHER - DAYS WITH]      9 = BLOWING SNOW
                                                   X = TORNADO
MAX 32 OR BELOW:   0    0.01 INCH OR MORE:   7
MAX 90 OR ABOVE:   4    0.10 INCH OR MORE:   5
MIN 32 OR BELOW:   0    0.50 INCH OR MORE:   2
MIN  0 OR BELOW:   0    1.00 INCH OR MORE:   1

[HDD (BASE 65) ]
TOTAL THIS MO.     6    CLEAR  (SCALE 0-3)  11
DPTR FM NORMAL   -23    PTCLDY (SCALE 4-7)  11
TOTAL FM JUL 1    11    CLOUDY (SCALE 8-10)  2
DPTR FM NORMAL   -44

[CDD (BASE 65) ]
TOTAL THIS MO.   195
DPTR FM NORMAL   102    [PRESSURE DATA]
TOTAL FM JAN 1   474    HIGHEST SLP M ON M
DPTR FM NORMAL   169    LOWEST  SLP 29.62 ON 21

[REMARKS]
