000
CXUS53 KARX 250651
CF6ARX
PRELIMINARY LOCAL CLIMATOLOGICAL DATA (WS FORM: F-6)

                                          STATION:   La Crosse Weather Office WI
                                          MONTH:     JULY
                                          YEAR:      2014
                                          LATITUDE:   43 49 N
                                          LONGITUDE:  91 12 W

  TEMPERATURE IN F:       :PCPN:    SNOW:  WIND      :SUNSHINE: SKY     :PK WND
================================================================================
1   2   3   4   5  6A  6B    7    8   9   10  11  12  13   14  15   16   17  18
                                     12Z  AVG MX 2MIN
DY MAX MIN AVG DEP HDD CDD  WTR  SNW DPTH SPD SPD DIR MIN PSBL S-S WX    SPD DR
================================================================================

 1  73  57  65  -5   0   0 0.06  0.0    0   M   M   M   M    M   M        29  M
 2  67  54  61  -9   4   0 0.01  0.0    0   M   M   M   M    M   M        20  M
 3  73  53  63  -7   2   0 0.00  0.0    0   M   M   M   M    M   M        16  M
 4  75  56  66  -5   0   1 0.00  0.0    0   M   M   M   M    M   M        16  M
 5  74  63  69  -2   0   4 0.00  0.0    0   M   M   M   M    M   M        24  M
 6  81  63  72   1   0   7 0.02  0.0    0   M   M   M   M    M   M 3      26  M
 7  81  62  72   1   0   7 0.28  0.0    0   M   M   M   M    M   M        21  M
 8  73  60  67  -4   0   2 0.00  0.0    0   M   M   M   M    M   M        26 310
 9  73  56  65  -6   0   0 0.00  0.0    0   M   M   M   M    M   M        20  M
10  78  60  69  -2   0   4 0.00  0.0    0   M   M   M   M    M   M        20 200
11  76  64  70  -1   0   5 0.00  0.0    0   M   M   M   M    M   M        28 190
12  72  62  67  -4   0   2 1.51  0.0    0   M   M   M   M    M   M        24 280
13  74  60  67  -4   0   2 0.00  0.0    0   M   M   M   M    M   M 12     24  M
14  67  50  59 -12   6   0 0.10  0.0    0   M   M   M   M    M   M        29  M
15  65  50  58 -13   7   0 0.00  0.0    0   M   M   M   M    M   M        21  M
16  71  51  61 -10   4   0 0.00  0.0    0   M   M   M   M    M   M        11  M
17  73  55  64  -7   1   0 0.00  0.0    0   M   M   M   M    M   M        16  M
18  75  61  68  -3   0   3 0.00  0.0    0   M   M   M   M    M   M        18  M
19  76  64  70  -1   0   5 0.00  0.0    0   M   M   M   M    M   M        20  M
20  78  66  72   1   0   7 0.00  0.0    0   M   M   M   M    M   M        24  M
21  84  68  76   5   0  11 0.00  0.0    0   M   M   M   M    M   M        27  M
22  85  67  76   5   0  11 0.00  0.0    0   M   M   M   M    M   M        26  M
23  76  59  68  -3   0   3 0.00  0.0    0   M   M   M   M    M   M        15  M
24  76  58  67  -4   0   2 0.00  0.0    0   M   M   M   M    M   M        15  M
================================================================================
SM 1796 1419        24  76  1.98     0.0     M          M        M
================================================================================
AV 74.8 59.1                                 M FASTST   M    M   4    MAX(MPH)
                                 MISC ---->     M   M                 29    M
================================================================================
NOTES:
# LAST OF SEVERAL OCCURRENCES

COLUMN 17 PEAK WIND IN M.P.H.

PRELIMINARY LOCAL CLIMATOLOGICAL DATA (WS FORM: F-6) , PAGE 2

                                          STATION:  La Crosse Weather Office WI
                                          MONTH:    JULY
                                          YEAR:     2014
                                          LATITUDE:   43 49 N
                                          LONGITUDE:  91 12 W

[TEMPERATURE DATA]      [PRECIPITATION DATA]       SYMBOLS USED IN COLUMN 16

AVERAGE MONTHLY: 67.0   TOTAL FOR MONTH:   1.98    1 = FOG OR MIST
DPTR FM NORMAL:  -3.9   DPTR FM NORMAL:   -1.47    2 = FOG REDUCING VISIBILITY
HIGHEST:    85 ON 22    GRTST 24HR  1.51 ON 12-12      TO 1/4 MILE OR LESS
LOWEST:     50 ON 15,14                            3 = THUNDER
                        SNOW, ICE PELLETS, HAIL    4 = ICE PELLETS
                        TOTAL MONTH:   0.0 INCH    5 = HAIL
                        GRTST 24HR     0.0         6 = FREEZING RAIN OR DRIZZLE
                        GRTST DEPTH:   0           7 = DUSTSTORM OR SANDSTORM:
                                                       VSBY 1/2 MILE OR LESS
                                                   8 = SMOKE OR HAZE
[NO. OF DAYS WITH]      [WEATHER - DAYS WITH]      9 = BLOWING SNOW
                                                   X = TORNADO
MAX 32 OR BELOW:   0    0.01 INCH OR MORE:   6
MAX 90 OR ABOVE:   0    0.10 INCH OR MORE:   3
MIN 32 OR BELOW:   0    0.50 INCH OR MORE:   1
MIN  0 OR BELOW:   0    1.00 INCH OR MORE:   1

[HDD (BASE 65) ]
TOTAL THIS MO.    24    CLEAR  (SCALE 0-3)   0
DPTR FM NORMAL    21    PTCLDY (SCALE 4-7)   0
TOTAL FM JUL 1    24    CLOUDY (SCALE 8-10)  0
DPTR FM NORMAL    21

[CDD (BASE 65) ]
TOTAL THIS MO.    76
DPTR FM NORMAL   -68    [PRESSURE DATA]
TOTAL FM JAN 1   232    HIGHEST SLP M ON M
DPTR FM NORMAL   -30    LOWEST  SLP M ON M

[REMARKS]
