000
CXUS56 KPQR 011330
CF6AST
PRELIMINARY LOCAL CLIMATOLOGICAL DATA (WS FORM: F-6)

                                          STATION:   ASTORIA OR
                                          MONTH:     FEBRUARY
                                          YEAR:      2015
                                          LATITUDE:   46  9 N
                                          LONGITUDE: 123 53 W

  TEMPERATURE IN F:       :PCPN:    SNOW:  WIND      :SUNSHINE: SKY     :PK WND
================================================================================
1   2   3   4   5  6A  6B    7    8   9   10  11  12  13   14  15   16   17  18
                                     12Z  AVG MX 2MIN
DY MAX MIN AVG DEP HDD CDD  WTR  SNW DPTH SPD SPD DIR MIN PSBL S-S WX    SPD DR
================================================================================

 1  54  42  48   4  17   0 0.18    M    0  4.4 16 210   M    M   9 12     24 200
 2  56  42  49   5  16   0 0.44    M    0  8.9 25  90   M    M   7 18     33 230
 3  52  44  48   4  17   0 0.01    M    0  2.2  8  90   M    M   6 18     13  10
 4  54  46  50   6  15   0 0.20    M    0  5.3 14  60   M    M  10 1      17  60
 5  60  50  55  11  10   0 0.97  0.0    0 17.3 36 200   M    M  10 18     55 180
 6  61  50  56  12   9   0 1.15  0.0    0 14.5 31 200   M    M   9 1      50 190
 7  56  50  53   9  12   0 1.55  0.0    0 13.8 32 190   M    M  10 18     50 200
 8  56  46  51   7  14   0 0.32    M    0  6.8 16  70   M    M   6 1      20  70
 9  55  50  53   9  12   0 0.51  0.0    0 10.3 22 250   M    M  10 18     29 220
10  54  44  49   5  16   0 0.05    M    0  5.7 20 260   M    M   6 1      26 250
11  56  42  49   5  16   0 0.00  0.0    0  2.6  8  90   M    M   4 1      14 320
12  61  45  53   9  12   0    T    M    0  2.8  9 130   M    M   7 1      11 130
13  59  41  50   6  15   0 0.03    M    0  3.9 13 240   M    M   1 1      15 240
14  56  41  49   5  16   0 0.00  0.0    0  6.6 15 320   M    M   7 128    17 320
15  62  36  49   5  16   0 0.00  0.0    0 11.3 21  80   M    M   1 12     25  70
16  61  45  53   9  12   0 0.00  0.0    0 15.0 23  70   M    M   0        28  60
17  65  37  51   7  14   0 0.00  0.0    0  8.1 18  80   M    M   0        22  70
18  57  41  49   5  16   0    T    M    0  6.8 15 220   M    M   9 18     21 240
19  54  47  51   7  14   0 0.11    M    0  5.8 14 290   M    M  10 128    19 290
20  52  44  48   4  17   0 0.06    M    0  4.4 12 290   M    M   8 18     16 320
21  56  39  48   4  17   0 0.00  0.0    0  7.4 18  40   M    M   3 18     22  40
22  56  30  43  -2  22   0 0.00    M    0  5.8 15  70   M    M   0 18     18  70
23  58  31  45   0  20   0 0.00  0.0    0  6.0 14  40   M    M   0 18     15  40
24  54  30  42  -3  23   0    T    M    0  4.2 14 320   M    M   4 1      20 310
25  52  47  50   5  15   0 0.10    M    0  6.0 12 290   M    M  10 18     16 250
26  53  47  50   5  15   0 0.35    M    0  4.7 25 320   M    M   9 12     32 310
27  53  46  50   5  15   0 0.26    M    0  6.8 14  60   M    M  10 1      17  60
28  58  36  47   2  18   0 0.00  0.0    0  6.9 17  60   M    M   1        24  60
================================================================================
SM 1581 1189       431   0  6.29     0.0 204.3          M      167
================================================================================
AV 56.5 42.5                               7.3 FASTST   M    M   6    MAX(MPH)
                                 MISC ---->  # 36 200               # 55  180
================================================================================
NOTES:
# LAST OF SEVERAL OCCURRENCES

COLUMN 17 PEAK WIND IN M.P.H.

PRELIMINARY LOCAL CLIMATOLOGICAL DATA (WS FORM: F-6) , PAGE 2

                                          STATION:  ASTORIA OR
                                          MONTH:    FEBRUARY
                                          YEAR:     2015
                                          LATITUDE:   46  9 N
                                          LONGITUDE: 123 53 W

[TEMPERATURE DATA]      [PRECIPITATION DATA]       SYMBOLS USED IN COLUMN 16

AVERAGE MONTHLY: 49.5   TOTAL FOR MONTH:   6.29    1 = FOG OR MIST
DPTR FM NORMAL:   5.1   DPTR FM NORMAL:   -0.90    2 = FOG REDUCING VISIBILITY
HIGHEST:    65 ON 17    GRTST 24HR  1.73 ON  6- 7      TO 1/4 MILE OR LESS
LOWEST:     30 ON 24,22                            3 = THUNDER
                        SNOW, ICE PELLETS, HAIL    4 = ICE PELLETS
                        TOTAL MONTH:   0.0 INCH    5 = HAIL
                        GRTST 24HR     0.0         6 = FREEZING RAIN OR DRIZZLE
                        GRTST DEPTH:   0           7 = DUSTSTORM OR SANDSTORM:
                                                       VSBY 1/2 MILE OR LESS
                                                   8 = SMOKE OR HAZE
[NO. OF DAYS WITH]      [WEATHER - DAYS WITH]      9 = BLOWING SNOW
                                                   X = TORNADO
MAX 32 OR BELOW:   0    0.01 INCH OR MORE:  16
MAX 90 OR ABOVE:   0    0.10 INCH OR MORE:  12
MIN 32 OR BELOW:   3    0.50 INCH OR MORE:   4
MIN  0 OR BELOW:   0    1.00 INCH OR MORE:   2

[HDD (BASE 65) ]
TOTAL THIS MO.   431    CLEAR  (SCALE 0-3)   8
DPTR FM NORMAL  -146    PTCLDY (SCALE 4-7)   8
TOTAL FM JUL 1  2540    CLOUDY (SCALE 8-10) 12
DPTR FM NORMAL  -802

[CDD (BASE 65) ]
TOTAL THIS MO.     0
DPTR FM NORMAL     0    [PRESSURE DATA]
TOTAL FM JAN 1     0    HIGHEST SLP 30.45 ON 25
DPTR FM NORMAL     0    LOWEST  SLP 29.30 ON  7

[REMARKS]
#FINAL-02-15#
