000
CXUS52 KFFC 231110
CF6ATL
PRELIMINARY LOCAL CLIMATOLOGICAL DATA (WS FORM: F-6)

                                          STATION:   ATLANTA
                                          MONTH:     AUGUST
                                          YEAR:      2014
                                          LATITUDE:   33 39 N
                                          LONGITUDE:  84 26 W

  TEMPERATURE IN F:       :PCPN:    SNOW:  WIND      :SUNSHINE: SKY     :PK WND
================================================================================
1   2   3   4   5  6A  6B    7    8   9   10  11  12  13   14  15   16   17  18
                                     12Z  AVG MX 2MIN
DY MAX MIN AVG DEP HDD CDD  WTR  SNW DPTH SPD SPD DIR MIN PSBL S-S WX    SPD DR
================================================================================

 1  81  67  74  -6   0   9    T  0.0    0  9.2 14  80   M    M   9        18  80
 2  84  67  76  -4   0  11 0.00  0.0    0  7.2 14  60   M    M   8        17  70
 3  88  68  78  -2   0  13 0.00  0.0    0  7.1 14  80   M    M   5        22  70
 4  90  71  81   1   0  16 0.00  0.0    0  5.8 15  90   M    M   6 8      20  20
 5  89  70  80   0   0  15 0.00  0.0    0  5.7 16 320   M    M   4        23 320
 6  92  69  81   1   0  16 0.00  0.0    0  4.8 15 320   M    M   4        23 300
 7  95  71  83   3   0  18 0.33  0.0    0  5.7 33  40   M    M   5 13     38  50
 8  90  71  81   1   0  16 2.53  0.0    0  6.4 26 350   M    M   8 13     31 360
 9  89  71  80   0   0  15 0.72  0.0    0  3.8 16 290   M    M   8 138    21 290
10  86  72  79  -1   0  14 0.28  0.0    0  4.2 13  90   M    M   8 18     16 110
11  83  72  78  -2   0  13 0.00  0.0    0  5.2 12  80   M    M   9 13     13  50
12  88  72  80   0   0  15 0.16  0.0    0  7.0 15 300   M    M   7 13     21 310
13  84  68  76  -4   0  11 0.00  0.0    0  8.9 16 310   M    M   3        22 290
14  85  62  74  -6   0   9 0.00  0.0    0  4.6 10  90   M    M   4        15  40
15  87  67  77  -3   0  12 0.00  0.0    0  4.8 10 290   M    M   4        15  20
16  88  67  78  -2   0  13 0.00  0.0    0  3.0 13 310   M    M   5        15 270
17  89  69  79  -1   0  14 0.04  0.0    0  4.6 24 220   M    M   5        31 220
18  89  70  80   0   0  15 0.05  0.0    0  8.0 26 240   M    M   7 138    35 240
19  86  71  79   0   0  14 0.34  0.0    0  6.7 21 290   M    M   7 1      28 290
20  89  72  81   2   0  16 0.55  0.0    0  7.4 33 240   M    M   7 13     49 240
21  92  69  81   2   0  16 0.00  0.0    0  5.6 18 230   M    M   6        22 230
22  93  74  84   5   0  19 0.00  0.0    0  7.1 15 330   M    M   3        21 350
================================================================================
SM 1937 1530         0 310  5.00     0.0 132.8          M      132
================================================================================
AV 88.0 69.5                               6.0 FASTST   M    M   6    MAX(MPH)
                                 MISC ---->  # 33  40               # 49  240
================================================================================
NOTES:
# LAST OF SEVERAL OCCURRENCES

COLUMN 17 PEAK WIND IN M.P.H.

PRELIMINARY LOCAL CLIMATOLOGICAL DATA (WS FORM: F-6) , PAGE 2

                                          STATION:  ATLANTA
                                          MONTH:    AUGUST
                                          YEAR:     2014
                                          LATITUDE:   33 39 N
                                          LONGITUDE:  84 26 W

[TEMPERATURE DATA]      [PRECIPITATION DATA]       SYMBOLS USED IN COLUMN 16

AVERAGE MONTHLY: 78.8   TOTAL FOR MONTH:   5.00    1 = FOG OR MIST
DPTR FM NORMAL:  -1.0   DPTR FM NORMAL:    2.26    2 = FOG REDUCING VISIBILITY
HIGHEST:    95 ON  7    GRTST 24HR  2.86 ON  7- 8      TO 1/4 MILE OR LESS
LOWEST:     62 ON 14                               3 = THUNDER
                        SNOW, ICE PELLETS, HAIL    4 = ICE PELLETS
                        TOTAL MONTH:   0.0 INCH    5 = HAIL
                        GRTST 24HR     0.0         6 = FREEZING RAIN OR DRIZZLE
                        GRTST DEPTH:   0           7 = DUSTSTORM OR SANDSTORM:
                                                       VSBY 1/2 MILE OR LESS
                                                   8 = SMOKE OR HAZE
[NO. OF DAYS WITH]      [WEATHER - DAYS WITH]      9 = BLOWING SNOW
                                                   X = TORNADO
MAX 32 OR BELOW:   0    0.01 INCH OR MORE:   9
MAX 90 OR ABOVE:   6    0.10 INCH OR MORE:   7
MIN 32 OR BELOW:   0    0.50 INCH OR MORE:   3
MIN  0 OR BELOW:   0    1.00 INCH OR MORE:   1

[HDD (BASE 65) ]
TOTAL THIS MO.     0    CLEAR  (SCALE 0-3)   2
DPTR FM NORMAL     0    PTCLDY (SCALE 4-7)  16
TOTAL FM JUL 1     0    CLOUDY (SCALE 8-10)  4
DPTR FM NORMAL     0

[CDD (BASE 65) ]
TOTAL THIS MO.   310
DPTR FM NORMAL   -15    [PRESSURE DATA]
TOTAL FM JAN 1  1407    HIGHEST SLP M ON M
DPTR FM NORMAL   -10    LOWEST  SLP 29.80 ON 12

[REMARKS]
