000
CXUS51 KGYX 281100
CF6AUG
PRELIMINARY LOCAL CLIMATOLOGICAL DATA (WS FORM: F-6)

                                          STATION:   AUGUSTA
                                          MONTH:     FEBRUARY
                                          YEAR:      2015
                                          LATITUDE:   44 18 N
                                          LONGITUDE:  69 48 W

  TEMPERATURE IN F:       :PCPN:    SNOW:  WIND      :SUNSHINE: SKY     :PK WND
================================================================================
1   2   3   4   5  6A  6B    7    8   9   10  11  12  13   14  15   16   17  18
                                     12Z  AVG MX 2MIN
DY MAX MIN AVG DEP HDD CDD  WTR  SNW DPTH SPD SPD DIR MIN PSBL S-S WX    SPD DR
================================================================================

 1  17  -2   8 -12  57   0    T  0.0    M  8.4 18 270   M    M   0        26 270
 2   4  -4   0 -20  65   0 0.13    M    M 14.4 29 340   M    M   9 18     36 340
 3  14  -1   7 -13  58   0    T    M    M  8.3 21 330   M    M   1 189    27 330
 4  29   0  15  -6  50   0 0.01    M    M  4.7 15 210   M    M   8 18     23 210
 5  28  -2  13  -8  52   0 0.09    M    M 10.7 25 330   M    M   7 128    32 320
 6  15  -9   3 -18  62   0    T    M    M  5.3 12 290   M    M   2 8      16 320
 7  23   7  15  -6  50   0    T    M    M  6.1 14  10   M    M   7 8      18 270
 8  15   3   9 -12  56   0 0.04    M    M 13.2 20  20   M    M  10 18     26  30
 9   8   5   7 -15  58   0 0.01    M    M 15.8 21  20   M    M  10 189    28  20
10  25   8  17  -5  48   0    T    M    M  9.6 20 340   M    M   6 8      24 350
11  18   4  11 -11  54   0 0.00  0.0    M 10.2 22  30   M    M   0        29  30
12  11   1   6 -16  59   0    T    M    M  4.2 10  30   M    M   7 8      13  20
13  10   0   5 -18  60   0 0.00  0.0    M  9.6 25 330   M    M   2        34 310
14  12  -8   2 -21  63   0    T    M    M  5.8 18  20   M    M   9 189    23  20
15  14  -4   5 -18  60   0 0.01    M    M 21.0 36 350   M    M   7 189    48 350
16  18  -4   7 -16  58   0 0.00  0.0    M 13.8 30 320   M    M   1 8      41 320
17  18  -3   8 -16  57   0 0.00  0.0    M  3.3 12 290   M    M   5 8      17 290
18  29   4  17  -7  48   0 0.00  0.0    M  2.2  9 170   M    M   6 8      13 160
19  23   9  16  -8  49   0 0.12    M    0  8.1 18 290   M    M  10 128    25 300
20  15   3   9 -15  56   0    T    M    0 12.0 23 280   M    M   6 89     34 270
21  30  -2  14 -11  51   0 0.16    M    0  6.9 21 180   M    M   5 18     30 190
22  33  18  26   1  39   0 0.01    M    M  3.5 12 230   M    M   3 1      15 200
23  25  -8   9 -16  56   0 0.02    M    M 11.7 26 290   M    M   2 189    37 300
24  13  -9   2 -24  63   0 0.00  0.0    0  6.2 13 200   M    M   2        19 170
25  31  13  22  -4  43   0 0.05    M    0  7.9 18 280   M    M   4 18     26 310
26  17   6  12 -14  53   0 0.00  0.0    0  7.6 17 340   M    M   4        27 280
27  22   4  13 -13  52   0 0.00  0.0    0  6.2 15 300   M    M   3        20 270
================================================================================
SM  517   29      1477   0  0.65     0.0 236.7          M      136
================================================================================
AV 19.1  1.1                               8.8 FASTST   M    M   5    MAX(MPH)
                                 MISC ---->  # 36 350               # 48  350
================================================================================
NOTES:
# LAST OF SEVERAL OCCURRENCES

COLUMN 17 PEAK WIND IN M.P.H.

PRELIMINARY LOCAL CLIMATOLOGICAL DATA (WS FORM: F-6) , PAGE 2

                                          STATION:  AUGUSTA
                                          MONTH:    FEBRUARY
                                          YEAR:     2015
                                          LATITUDE:   44 18 N
                                          LONGITUDE:  69 48 W

[TEMPERATURE DATA]      [PRECIPITATION DATA]       SYMBOLS USED IN COLUMN 16

AVERAGE MONTHLY: 10.1   TOTAL FOR MONTH:   0.65    1 = FOG OR MIST
DPTR FM NORMAL: -12.9   DPTR FM NORMAL:   -1.69    2 = FOG REDUCING VISIBILITY
HIGHEST:    33 ON 22    GRTST 24HR  0.17 ON 21-22      TO 1/4 MILE OR LESS
LOWEST:     -9 ON 24, 6                            3 = THUNDER
                        SNOW, ICE PELLETS, HAIL    4 = ICE PELLETS
                        TOTAL MONTH:   0.0 INCH    5 = HAIL
                        GRTST 24HR     0.0         6 = FREEZING RAIN OR DRIZZLE
                        GRTST DEPTH:   0           7 = DUSTSTORM OR SANDSTORM:
                                                       VSBY 1/2 MILE OR LESS
                                                   8 = SMOKE OR HAZE
[NO. OF DAYS WITH]      [WEATHER - DAYS WITH]      9 = BLOWING SNOW
                                                   X = TORNADO
MAX 32 OR BELOW:  26    0.01 INCH OR MORE:  11
MAX 90 OR ABOVE:   0    0.10 INCH OR MORE:   3
MIN 32 OR BELOW:  27    0.50 INCH OR MORE:   0
MIN  0 OR BELOW:  14    1.00 INCH OR MORE:   0

[HDD (BASE 65) ]
TOTAL THIS MO.  1477    CLEAR  (SCALE 0-3)  10
DPTR FM NORMAL   343    PTCLDY (SCALE 4-7)  11
TOTAL FM JUL 1  5575    CLOUDY (SCALE 8-10)  6
DPTR FM NORMAL   270

[CDD (BASE 65) ]
TOTAL THIS MO.     0
DPTR FM NORMAL     0    [PRESSURE DATA]
TOTAL FM JAN 1     0    HIGHEST SLP M ON M
DPTR FM NORMAL     0    LOWEST  SLP 29.44 ON 19

[REMARKS]
