000
CXUS51 KGYX 221000
CF6AUG
PRELIMINARY LOCAL CLIMATOLOGICAL DATA (WS FORM: F-6)

                                          STATION:   AUGUSTA
                                          MONTH:     JULY
                                          YEAR:      2014
                                          LATITUDE:   44 18 N
                                          LONGITUDE:  69 48 W

  TEMPERATURE IN F:       :PCPN:    SNOW:  WIND      :SUNSHINE: SKY     :PK WND
================================================================================
1   2   3   4   5  6A  6B    7    8   9   10  11  12  13   14  15   16   17  18
                                     12Z  AVG MX 2MIN
DY MAX MIN AVG DEP HDD CDD  WTR  SNW DPTH SPD SPD DIR MIN PSBL S-S WX    SPD DR
================================================================================

 1  87  65  76   8   0  11 0.00  0.0    0  6.8 15 170   M    M   0 1      21 200
 2  88  67  78  10   0  13 0.58  0.0    0  7.6 24 330   M    M   3 13     32 320
 3  83  65  74   6   0   9 0.14  0.0    0  4.9 14 170   M    M   7 123    21 180
 4  72  62  67  -1   0   2 1.10  0.0    0  6.3 18  20   M    M   9 12     24  10
 5  72  54  63  -6   2   0 1.19  0.0    0 13.4 30 350   M    M   5 1      40 350
 6  82  69  76   7   0  11    T  0.0    0  8.7 16 290   M    M   2 8      25 300
 7  81  61  71   2   0   6 0.03  0.0    0  7.0 15 160   M    M   2 1      22 160
 8  84  66  75   6   0  10 0.00  0.0    0  6.6 12 170   M    M   4 12     20 160
 9  84  66  75   6   0  10    T  0.0    0  9.1 18 250   M    M   2 1      26 240
10  78  60  69   0   0   4    T  0.0    0  5.7 14 290   M    M   1        19 290
11  78  54  66  -4   0   1 0.00  0.0    0  4.1 10 240   M    M   0        14 200
12  82  55  69  -1   0   4 0.00  0.0    0  4.3 14 200   M    M   1        21 210
13  80  62  71   1   0   6 0.17  0.0    0  8.1 16 180   M    M   4 1      27 180
14  84  65  75   5   0  10 0.01  0.0    0  5.9 14 160   M    M   5 1      19 160
15  78  68  73   3   0   8 0.40  0.0    0  5.5 14 160   M    M   9 123    23 180
16  71  68  70   0   0   5 0.57  0.0    0  4.9 12 160   M    M  10 12     16 150
17  76  62  69  -1   0   4 0.00  0.0    0  4.3 10 250   M    M   5 1      15 240
18  80  57  69  -1   0   4 0.00  0.0    0  4.8 12 260   M    M   1        18 270
19  79  58  69  -1   0   4 0.00  0.0    0  2.1  9 160   M    M   1        14 150
20  71  60  66  -4   0   1    T  0.0    0  2.7  7  40   M    M   4         9  40
21  79  56  68  -2   0   3 0.00  0.0    0  3.0 12 180   M    M   1 12     17 190
================================================================================
SM 1669 1300         2 126  4.19     0.0 125.8          M       76
================================================================================
AV 79.5 61.9                               6.0 FASTST   M    M   4    MAX(MPH)
                                 MISC ---->  # 30 350               # 40  350
================================================================================
NOTES:
# LAST OF SEVERAL OCCURRENCES

COLUMN 17 PEAK WIND IN M.P.H.

PRELIMINARY LOCAL CLIMATOLOGICAL DATA (WS FORM: F-6) , PAGE 2

                                          STATION:  AUGUSTA
                                          MONTH:    JULY
                                          YEAR:     2014
                                          LATITUDE:   44 18 N
                                          LONGITUDE:  69 48 W

[TEMPERATURE DATA]      [PRECIPITATION DATA]       SYMBOLS USED IN COLUMN 16

AVERAGE MONTHLY: 70.7   TOTAL FOR MONTH:   4.19    1 = FOG OR MIST
DPTR FM NORMAL:   1.4   DPTR FM NORMAL:    1.92    2 = FOG REDUCING VISIBILITY
HIGHEST:    88 ON  2    GRTST 24HR  2.24 ON  4- 5      TO 1/4 MILE OR LESS
LOWEST:     54 ON 11, 5                            3 = THUNDER
                        SNOW, ICE PELLETS, HAIL    4 = ICE PELLETS
                        TOTAL MONTH:   0.0 INCH    5 = HAIL
                        GRTST 24HR     0.0         6 = FREEZING RAIN OR DRIZZLE
                        GRTST DEPTH:   0           7 = DUSTSTORM OR SANDSTORM:
                                                       VSBY 1/2 MILE OR LESS
                                                   8 = SMOKE OR HAZE
[NO. OF DAYS WITH]      [WEATHER - DAYS WITH]      9 = BLOWING SNOW
                                                   X = TORNADO
MAX 32 OR BELOW:   0    0.01 INCH OR MORE:   9
MAX 90 OR ABOVE:   0    0.10 INCH OR MORE:   7
MIN 32 OR BELOW:   0    0.50 INCH OR MORE:   4
MIN  0 OR BELOW:   0    1.00 INCH OR MORE:   2

[HDD (BASE 65) ]
TOTAL THIS MO.     2    CLEAR  (SCALE 0-3)  11
DPTR FM NORMAL   -10    PTCLDY (SCALE 4-7)   7
TOTAL FM JUL 1     2    CLOUDY (SCALE 8-10)  3
DPTR FM NORMAL   -10

[CDD (BASE 65) ]
TOTAL THIS MO.   126
DPTR FM NORMAL    26    [PRESSURE DATA]
TOTAL FM JAN 1   185    HIGHEST SLP M ON M
DPTR FM NORMAL    12    LOWEST  SLP 29.61 ON  9

[REMARKS]
