000
CXUS53 KGID 190730
CF6AUH
PRELIMINARY LOCAL CLIMATOLOGICAL DATA (WS FORM: F-6)

                                          STATION:   AURORA
                                          MONTH:     APRIL
                                          YEAR:      2014
                                          LATITUDE:   40 54 N
                                          LONGITUDE:  97 59 W

  TEMPERATURE IN F:       :PCPN:    SNOW:  WIND      :SUNSHINE: SKY     :PK WND
================================================================================
1   2   3   4   5  6A  6B    7    8   9   10  11  12  13   14  15   16   17  18
                                     12Z  AVG MX 2MIN
DY MAX MIN AVG DEP HDD CDD  WTR  SNW DPTH SPD SPD DIR MIN PSBL S-S WX    SPD DR
================================================================================

 1  45  18  32 -13  33   0 0.00    M    M 10.4 20 330   M    M   5        27 330
 2  43  31  37  -8  28   0 0.00    M    M 14.0 21  80   M    M   9 18     25  80
 3  39  34  37  -9  28   0 0.28    M    M 17.5 22 320   M    M  10 1      28 360
 4  46  32  39  -7  26   0 0.00    M    M 14.5 25 320   M    M   6        33 320
 5  67  31  49   3  16   0 0.00    M    M 13.9 23 190   M    M   1        32 180
 6  66  44  55   8  10   0 0.04    M    M 10.6 16 160   M    M   6        22 190
 7  62  37  50   3  15   0 0.03    M    M 13.8 29 300   M    M   4 1      33 300
 8  60  32  46  -2  19   0 0.00    M    M 11.5 21 350   M    M   0        27 350
 9  84  39  62  14   3   0 0.00    M    M 10.9 22 220   M    M   0        27 220
10  66  47  57   9   8   0 0.00    M    M 11.3 27  10   M    M   1        41  10
11  77  41  59  10   6   0 0.00    M    M 10.4 16 190   M    M   1        23 190
12  80  56  68  19   0   3 0.00    M    M 12.0 20 200   M    M   1        24 200
13  58  32  45  -4  20   0    M    M    M 25.4 38 350   M    M   9 38     50 360
14  45  27  36 -14  29   0    M    M    M 16.1 30 360   M    M   4 8      40 360
15  63  23  43  -7  22   0 0.00    M    M 11.5 21 200   M    M   0        28 200
16  62  34  48  -2  17   0 0.00    M    M 21.8 30 330   M    M   4        35 340
17  55  32  44  -7  21   0 0.00    M    M  8.4 18 360   M    M   4        21 350
18  70  35  53   2  12   0 0.00    M    M 14.8 23 190   M    M   0        33 180
================================================================================
SM 1088  625       313   3  0.35    M    248.8          M       65
================================================================================
AV 60.4 34.7                              13.8 FASTST   M    M   4    MAX(MPH)
                                 MISC ---->  # 38 350               # 50  360
================================================================================
NOTES:
# LAST OF SEVERAL OCCURRENCES

COLUMN 17 PEAK WIND IN M.P.H.

PRELIMINARY LOCAL CLIMATOLOGICAL DATA (WS FORM: F-6) , PAGE 2

                                          STATION:  AURORA
                                          MONTH:    APRIL
                                          YEAR:     2014
                                          LATITUDE:   40 54 N
                                          LONGITUDE:  97 59 W

[TEMPERATURE DATA]      [PRECIPITATION DATA]       SYMBOLS USED IN COLUMN 16

AVERAGE MONTHLY: 47.6   TOTAL FOR MONTH:   0.35    1 = FOG OR MIST
DPTR FM NORMAL:  -0.5   DPTR FM NORMAL:   -1.18    2 = FOG REDUCING VISIBILITY
HIGHEST:    84 ON  9    GRTST 24HR  0.28 ON  3- 3      TO 1/4 MILE OR LESS
LOWEST:     18 ON  1                               3 = THUNDER
                        SNOW, ICE PELLETS, HAIL    4 = ICE PELLETS
                        TOTAL MONTH:    M          5 = HAIL
                        GRTST 24HR    M  ON   M    6 = FREEZING RAIN OR DRIZZLE
                        GRTST DEPTH:  M  ON   M    7 = DUSTSTORM OR SANDSTORM:
                                                       VSBY 1/2 MILE OR LESS
                                                   8 = SMOKE OR HAZE
[NO. OF DAYS WITH]      [WEATHER - DAYS WITH]      9 = BLOWING SNOW
                                                   X = TORNADO
MAX 32 OR BELOW:   0    0.01 INCH OR MORE:   3
MAX 90 OR ABOVE:   0    0.10 INCH OR MORE:   1
MIN 32 OR BELOW:   9    0.50 INCH OR MORE:   0
MIN  0 OR BELOW:   0    1.00 INCH OR MORE:   0

[HDD (BASE 65) ]
TOTAL THIS MO.   313    CLEAR  (SCALE 0-3)   8
DPTR FM NORMAL     5    PTCLDY (SCALE 4-7)   7
TOTAL FM JUL 1  6078    CLOUDY (SCALE 8-10)  3
DPTR FM NORMAL   170

[CDD (BASE 65) ]
TOTAL THIS MO.     3
DPTR FM NORMAL     3    [PRESSURE DATA]
TOTAL FM JAN 1     3    HIGHEST SLP M ON M
DPTR FM NORMAL     2    LOWEST  SLP M ON M

[REMARKS]
