000
CXUS53 KARX 300930
CF6AUM
PRELIMINARY LOCAL CLIMATOLOGICAL DATA (WS FORM: F-6)

                                          STATION:   AUSTIN_MUNI MN
                                          MONTH:     JULY
                                          YEAR:      2015
                                          LATITUDE:   43 40 N
                                          LONGITUDE:  92 56 W

  TEMPERATURE IN F:       :PCPN:    SNOW:  WIND      :SUNSHINE: SKY     :PK WND
================================================================================
1   2   3   4   5  6A  6B    7    8   9   10  11  12  13   14  15   16   17  18
                                     12Z  AVG MX 2MIN
DY MAX MIN AVG DEP HDD CDD  WTR  SNW DPTH SPD SPD DIR MIN PSBL S-S WX    SPD DR
================================================================================

 1  66  52  59   M   6   0 0.00  0.0    0  4.3  8 100   M    M   0         M  M
 2  75  46  61   M   4   0 0.00  0.0    0  1.6  8 110   M    M   0         M  M
 3  79  55  67   M   0   2 0.00  0.0    0  2.1  7 240   M    M   0         M  M
 4  82  57  70   M   0   5 0.00  0.0    0  3.4 10 220   M    M   1         M  M
 5  84  61  73   M   0   8 0.00  0.0    0  8.7 14 180   M    M   0        21 180
 6  79  61  70   M   0   5 0.03  0.0    0  9.6 17 360   M    M   4 138    29 360
 7  70  54  62   M   3   0 0.00  0.0    0  6.9 12  10   M    M   4        20  20
 8  73  52  63   M   2   0 0.00  0.0    0  2.3  8 140   M    M   3         M  M
 9  79  55  67   M   0   2 0.00  0.0    0  2.9  7 200   M    M   1 1       M  M
10  82  61  72   M   0   7 0.00  0.0    0  4.3  9 190   M    M   2         M  M
11  81  66  74   M   0   9 0.74  0.0    0  5.7  9 140   M    M   5 13      M  M
12  86  68  77   M   0  12 0.00  0.0    0  7.4 14 180   M    M   7 1      18 180
13  90  66  78   M   0  13    T  0.0    0  8.1 17 290   M    M   2 3      24 310
14  84  66  75   M   0  10 0.00  0.0    0  6.7 12  50   M    M   2        18  40
15  79  63  71   M   0   6 0.00  0.0    0  3.8 10 130   M    M   1         M  M
16  75  66  71   M   0   6    M  0.0    0  6.7 15 130   M    M   8 12     18 130
17  90  66  78   M   0  13 0.00  0.0    0  3.2  8 230   M    M   4 12      M  M
18  86  66  76   M   0  11    M  0.0    0  8.1 27 280   M    M   1 3      44 280
19  82  61  72   M   0   7 0.00  0.0    0  5.7 13 230   M    M   0        18 260
20  81  61  71   M   0   6 0.01  0.0    0  8.4 16 310   M    M   2 3      24 310
21  79  57  68   M   0   3 0.00  0.0    0  3.5  8 320   M    M   1         M  M
22  79  57  68   M   0   3 0.00  0.0    0  1.7  7 210   M    M   1         M  M
23  81  59  70   M   0   5 0.00  0.0    0  3.9 13 190   M    M   1        17 190
24  84  66  75   M   0  10 1.30  0.0    0  9.8 23 190   M    M   3 3      31 180
25  84  66  75   M   0  10 0.00  0.0    0  2.9  7  90   M    M   0         M  M
26  82  68  75   M   0  10 0.57  0.0    0  4.9 13  90   M    M   5 3      25 290
27  82  68  75   M   0  10 0.00  0.0    0  5.3 10 140   M    M   5 1      17 160
28  82  68  75   M   0  10 1.15  0.0    0  9.5 22 120   M    M   6 13     29 120
29  82  61  72   M   0   7 0.00  0.0    0 11.4 21 290   M    M   0        31 280
================================================================================
SM 2338 1773        15 190  3.80     0.0 162.8          M       69
================================================================================
AV 80.6 61.1                               5.6 FASTST   M    M   2    MAX(MPH)
                                 MISC ---->  # 27 280                 44    M
================================================================================
NOTES:
# LAST OF SEVERAL OCCURRENCES

COLUMN 17 PEAK WIND IN M.P.H.

PRELIMINARY LOCAL CLIMATOLOGICAL DATA (WS FORM: F-6) , PAGE 2

                                          STATION:  AUSTIN_MUNI MN
                                          MONTH:    JULY
                                          YEAR:     2015
                                          LATITUDE:   43 40 N
                                          LONGITUDE:  92 56 W

[TEMPERATURE DATA]      [PRECIPITATION DATA]       SYMBOLS USED IN COLUMN 16

AVERAGE MONTHLY: 70.9   TOTAL FOR MONTH:   3.80    1 = FOG OR MIST
DPTR FM NORMAL:     M   DPTR FM NORMAL:       M    2 = FOG REDUCING VISIBILITY
HIGHEST:    90 ON 17,13 GRTST 24HR  1.30 ON 24-24      TO 1/4 MILE OR LESS
LOWEST:     46 ON  2                               3 = THUNDER
                        SNOW, ICE PELLETS, HAIL    4 = ICE PELLETS
                        TOTAL MONTH:   0.0 INCH    5 = HAIL
                        GRTST 24HR     0.0         6 = FREEZING RAIN OR DRIZZLE
                        GRTST DEPTH:   0           7 = DUSTSTORM OR SANDSTORM:
                                                       VSBY 1/2 MILE OR LESS
                                                   8 = SMOKE OR HAZE
[NO. OF DAYS WITH]      [WEATHER - DAYS WITH]      9 = BLOWING SNOW
                                                   X = TORNADO
MAX 32 OR BELOW:   0    0.01 INCH OR MORE:   6
MAX 90 OR ABOVE:   2    0.10 INCH OR MORE:   4
MIN 32 OR BELOW:   0    0.50 INCH OR MORE:   4
MIN  0 OR BELOW:   0    1.00 INCH OR MORE:   2

[HDD (BASE 65) ]
TOTAL THIS MO.    15    CLEAR  (SCALE 0-3)  18
DPTR FM NORMAL     M    PTCLDY (SCALE 4-7)  10
TOTAL FM JUL 1    15    CLOUDY (SCALE 8-10)  1
DPTR FM NORMAL     M

[CDD (BASE 65) ]
TOTAL THIS MO.   190
DPTR FM NORMAL     M    [PRESSURE DATA]
TOTAL FM JAN 1   289    HIGHEST SLP M ON M
DPTR FM NORMAL     M    LOWEST  SLP M ON M

[REMARKS]
