000
CXUS53 KARX 200930
CF6AUM
PRELIMINARY LOCAL CLIMATOLOGICAL DATA (WS FORM: F-6)

                                          STATION:   AUSTIN_MUNI MN
                                          MONTH:     AUGUST
                                          YEAR:      2014
                                          LATITUDE:   43 40 N
                                          LONGITUDE:  92 56 W

  TEMPERATURE IN F:       :PCPN:    SNOW:  WIND      :SUNSHINE: SKY     :PK WND
================================================================================
1   2   3   4   5  6A  6B    7    8   9   10  11  12  13   14  15   16   17  18
                                     12Z  AVG MX 2MIN
DY MAX MIN AVG DEP HDD CDD  WTR  SNW DPTH SPD SPD DIR MIN PSBL S-S WX    SPD DR
================================================================================

 1  81  54  68   M   0   3 0.00  0.0    0  1.5  7 310   M    M   1         M  M
 2  82  55  69   M   0   4 0.00  0.0    0  2.5  9 220   M    M   1 1       M  M
 3  82  57  70   M   0   5 0.00  0.0    0  2.4  7 210   M    M   2 1       M  M
 4  81  61  71   M   0   6 0.12  0.0    0  1.9  9 320   M    M   1 13      M  M
 5  75  57  66   M   0   1 0.00  0.0    0  2.3  7  50   M    M   6 12      M  M
 6  75  57  66   M   0   1 0.00  0.0    0  3.5  9 140   M    M   1 1       M  M
 7  79  57  68   M   0   3 0.00  0.0    0  6.3 14 120   M    M   2        20 140
 8  79  63  71   M   0   6    T  0.0    0  5.2 13 100   M    M   5        17 100
 9  81  61  71   M   0   6 0.00  0.0    0  4.3  9 120   M    M   1         M  M
10  81  61  71   M   0   6    T  0.0    0  2.2  7 210   M    M   2 1       M  M
11  70  59  65   M   0   0 0.00  0.0    0 10.5 16 340   M    M   8 1      25 340
12  75  54  65   M   0   0 0.00  0.0    0  7.4 15 340   M    M   2 12     25 350
13  81  57  69   M   0   4 0.00  0.0    0  5.5 14 290   M    M   3        18 290
14  79  55  67   M   0   2 0.00  0.0    0  3.2  9 120   M    M   2         M  M
15  79  63  71   M   0   6 0.00  0.0    0  5.3 10 220   M    M   2        18 180
16  82  63  73   M   0   8 0.00  0.0    0  2.1  5 110   M    M   7 1       M  M
17  82  63  73   M   0   8 0.00  0.0    0  3.7 10 170   M    M   5 13      M  M
18  88  64  76   M   0  11 0.23  0.0    0  9.0 16 250   M    M   5 3      22 250
19  79  63  71   M   0   6 0.00  0.0    0  6.3 12 330   M    M   4 1      18 330
================================================================================
SM 1511 1124         0  86  0.35     0.0  85.1          M       60
================================================================================
AV 79.5 59.2                               4.5 FASTST   M    M   3    MAX(MPH)
                                 MISC ---->    16   M                 25    M
================================================================================
NOTES:
# LAST OF SEVERAL OCCURRENCES

COLUMN 17 PEAK WIND IN M.P.H.

PRELIMINARY LOCAL CLIMATOLOGICAL DATA (WS FORM: F-6) , PAGE 2

                                          STATION:  AUSTIN_MUNI MN
                                          MONTH:    AUGUST
                                          YEAR:     2014
                                          LATITUDE:   43 40 N
                                          LONGITUDE:  92 56 W

[TEMPERATURE DATA]      [PRECIPITATION DATA]       SYMBOLS USED IN COLUMN 16

AVERAGE MONTHLY: 69.3   TOTAL FOR MONTH:   0.35    1 = FOG OR MIST
DPTR FM NORMAL:     M   DPTR FM NORMAL:       M    2 = FOG REDUCING VISIBILITY
HIGHEST:    88 ON 18    GRTST 24HR  0.23 ON 18-18      TO 1/4 MILE OR LESS
LOWEST:     54 ON 12, 1                            3 = THUNDER
                        SNOW, ICE PELLETS, HAIL    4 = ICE PELLETS
                        TOTAL MONTH:   0.0 INCH    5 = HAIL
                        GRTST 24HR     0.0         6 = FREEZING RAIN OR DRIZZLE
                        GRTST DEPTH:   0           7 = DUSTSTORM OR SANDSTORM:
                                                       VSBY 1/2 MILE OR LESS
                                                   8 = SMOKE OR HAZE
[NO. OF DAYS WITH]      [WEATHER - DAYS WITH]      9 = BLOWING SNOW
                                                   X = TORNADO
MAX 32 OR BELOW:   0    0.01 INCH OR MORE:   2
MAX 90 OR ABOVE:   0    0.10 INCH OR MORE:   2
MIN 32 OR BELOW:   0    0.50 INCH OR MORE:   0
MIN  0 OR BELOW:   0    1.00 INCH OR MORE:   0

[HDD (BASE 65) ]
TOTAL THIS MO.     0    CLEAR  (SCALE 0-3)  12
DPTR FM NORMAL     M    PTCLDY (SCALE 4-7)   7
TOTAL FM JUL 1    20    CLOUDY (SCALE 8-10)  0
DPTR FM NORMAL     M

[CDD (BASE 65) ]
TOTAL THIS MO.    86
DPTR FM NORMAL     M    [PRESSURE DATA]
TOTAL FM JAN 1   388    HIGHEST SLP M ON M
DPTR FM NORMAL     M    LOWEST  SLP M ON M

[REMARKS]
