000
CXUS53 KARX 300930
CF6AUM
PRELIMINARY LOCAL CLIMATOLOGICAL DATA (WS FORM: F-6)

                                          STATION:   AUSTIN_MUNI MN
                                          MONTH:     MAY
                                          YEAR:      2015
                                          LATITUDE:   43 40 N
                                          LONGITUDE:  92 56 W

  TEMPERATURE IN F:       :PCPN:    SNOW:  WIND      :SUNSHINE: SKY     :PK WND
================================================================================
1   2   3   4   5  6A  6B    7    8   9   10  11  12  13   14  15   16   17  18
                                     12Z  AVG MX 2MIN
DY MAX MIN AVG DEP HDD CDD  WTR  SNW DPTH SPD SPD DIR MIN PSBL S-S WX    SPD DR
================================================================================

 1  61  43  52   M  13   0    T  0.0    0  7.8 13 220   M    M   3        17 190
 2  77  46  62   M   3   0 0.00  0.0    0 10.4 21 230   M    M   2        24 230
 3  82  54  68   M   0   3 0.70  0.0    0  8.9 14  60   M    M   2 3      24 220
 4  66  52  59   M   6   0 0.00  0.0    0  8.2 16  50   M    M   1        22  40
 5  55  50  53   M  12   0    M  0.0    0 11.5 22 110   M    M  10 1      25 120
 6  72  54  63   M   2   0 0.07  0.0    0 11.0 18 130   M    M   6 12     36 150
 7  73  63  68   M   0   3 0.02  0.0    0 13.3 25 190   M    M   6 1      31 190
 8  63  46  55   M  10   0    T  0.0    0  8.2 14 310   M    M   8 1      18 310
 9  66  43  55   M  10   0 0.00  0.0    0  6.2 12  80   M    M   3 1      10  50
10  63  54  59   M   6   0 0.08  0.0    0 13.7 21 110   M    M  10 3      28 100
11  57  41  49   M  16   0 0.01  0.0    0 13.6 18 230   M    M  10 18     25 270
12  55  39  47   M  18   0 0.00  0.0    0 13.9 22 310   M    M   6        32 320
13  66  41  54   M  11   0 0.00  0.0    0 10.6 15 130   M    M   1        23 140
14  57  48  53   M  12   0 0.38  0.0    0 10.8 21 140   M    M   8 1      25 140
15  66  54  60   M   5   0 0.00  0.0    0  3.2  9 300   M    M   8 1       M  M
16  77  57  67   M   0   2 0.04  0.0    0  8.3 12 140   M    M   6 13     18 150
17  72  48  60   M   5   0 0.21  0.0    0 15.1 24 240   M    M   7        32 180
18  48  37  43   M  22   0    T  0.0    0 18.3 24 290   M    M   9        35 270
19  52  36  44   M  21   0    T  0.0    0  9.0 15 300   M    M   5        22 300
20  54  43  49   M  16   0 0.00  0.0    0  2.9  9 250   M    M   3         M  M
21  70  43  57   M   8   0 0.00  0.0    0  9.4 18 300   M    M   0        31 290
22  72  41  57   M   8   0 0.00  0.0    0  1.4  7  80   M    M   0         M  M
23  73  52  63   M   2   0    T  0.0    0  4.4 15 170   M    M   5        21 170
24  64  57  61   M   4   0 0.19  0.0    0  9.9 17 110   M    M   9 1      25 110
25  75  61  68   M   0   3 0.02  0.0    0  9.7 21 240   M    M   6 13     25 240
26  64  57  61   M   4   0    M  0.0    0  5.5 10 300   M    M   6 1       M  M
27  79  55  67   M   0   2    M  0.0    0  5.5 13 230   M    M   2 1      16 240
28  79  57  68   M   0   3 0.00  0.0    0  8.1 17 180   M    M   2        22 180
29  72  54  63   M   2   0 0.09  0.0    0  7.7 15 350   M    M   8 3      22 350
================================================================================
SM 1930 1426       216  16  1.81     0.0 266.5          M      152
================================================================================
AV 66.6 49.2                               9.2 FASTST   M    M   5    MAX(MPH)
                                 MISC ---->    25   M                 36    M
================================================================================
NOTES:
# LAST OF SEVERAL OCCURRENCES

COLUMN 17 PEAK WIND IN M.P.H.

PRELIMINARY LOCAL CLIMATOLOGICAL DATA (WS FORM: F-6) , PAGE 2

                                          STATION:  AUSTIN_MUNI MN
                                          MONTH:    MAY
                                          YEAR:     2015
                                          LATITUDE:   43 40 N
                                          LONGITUDE:  92 56 W

[TEMPERATURE DATA]      [PRECIPITATION DATA]       SYMBOLS USED IN COLUMN 16

AVERAGE MONTHLY: 57.9   TOTAL FOR MONTH:   1.81    1 = FOG OR MIST
DPTR FM NORMAL:     M   DPTR FM NORMAL:       M    2 = FOG REDUCING VISIBILITY
HIGHEST:    82 ON  3    GRTST 24HR  0.70 ON  3- 3      TO 1/4 MILE OR LESS
LOWEST:     36 ON 19                               3 = THUNDER
                        SNOW, ICE PELLETS, HAIL    4 = ICE PELLETS
                        TOTAL MONTH:   0.0 INCH    5 = HAIL
                        GRTST 24HR     0.0         6 = FREEZING RAIN OR DRIZZLE
                        GRTST DEPTH:   0           7 = DUSTSTORM OR SANDSTORM:
                                                       VSBY 1/2 MILE OR LESS
                                                   8 = SMOKE OR HAZE
[NO. OF DAYS WITH]      [WEATHER - DAYS WITH]      9 = BLOWING SNOW
                                                   X = TORNADO
MAX 32 OR BELOW:   0    0.01 INCH OR MORE:  11
MAX 90 OR ABOVE:   0    0.10 INCH OR MORE:   4
MIN 32 OR BELOW:   0    0.50 INCH OR MORE:   1
MIN  0 OR BELOW:   0    1.00 INCH OR MORE:   0

[HDD (BASE 65) ]
TOTAL THIS MO.   216    CLEAR  (SCALE 0-3)  10
DPTR FM NORMAL     M    PTCLDY (SCALE 4-7)  12
TOTAL FM JUL 1  7877    CLOUDY (SCALE 8-10)  7
DPTR FM NORMAL     M

[CDD (BASE 65) ]
TOTAL THIS MO.    16
DPTR FM NORMAL     M    [PRESSURE DATA]
TOTAL FM JAN 1    16    HIGHEST SLP M ON M
DPTR FM NORMAL     M    LOWEST  SLP M ON M

[REMARKS]
