000
CXUS54 KEWX 270910
CF6AUS
PRELIMINARY LOCAL CLIMATOLOGICAL DATA (WS FORM: F-6)

                                          STATION:   AUSTIN BERGSTROM
                                          MONTH:     MAY
                                          YEAR:      2016
                                          LATITUDE:   30 13 N
                                          LONGITUDE:  97 40 W

  TEMPERATURE IN F:       :PCPN:    SNOW:  WIND      :SUNSHINE: SKY     :PK WND
================================================================================
1   2   3   4   5  6A  6B    7    8   9   10  11  12  13   14  15   16   17  18
                                     12Z  AVG MX 2MIN
DY MAX MIN AVG DEP HDD CDD  WTR  SNW DPTH SPD SPD DIR MIN PSBL S-S WX    SPD DR
================================================================================

 1  78  64  71   0   0   6 0.09  0.0    0 13.3 23  20   M    M   6 3      29  30
 2  66  57  62 -10   3   0 0.05  0.0    0 14.1 24 360   M    M  10 3      32  20
 3  76  53  65  -7   0   0 0.00  0.0    0  9.0 20  10   M    M   3        24 350
 4  85  51  68  -4   0   3 0.00  0.0    0  4.6 16 320   M    M   1        22 310
 5  86  52  69  -3   0   4 0.00  0.0    0  3.8 14  40   M    M   4        19  40
 6  85  52  69  -4   0   4 0.00  0.0    0  4.1 12 110   M    M   1        16 110
 7  85  52  69  -4   0   4 0.00  0.0    0 10.4 22 160   M    M   4 1      29 140
 8  74  65  70  -3   0   5 0.05  0.0    0 11.2 31 140   M    M   9 1      39 140
 9  87  65  76   3   0  11 0.00  0.0    0 12.8 26 200   M    M   5 1      36 180
10  91  67  79   5   0  14 0.37  0.0    0 12.6 32  30   M    M   7 138    37  30
11  86  65  76   2   0  11 0.26  0.0    0 12.2 38 160   M    M   5 13     48 160
12  85  70  78   4   0  13    T  0.0    0  7.6 29 360   M    M   8 1      34 360
13  88  69  79   5   0  14 0.00  0.0    0  4.7 10  60   M    M   6        14  10
14  81  65  73  -2   0   8 0.74  0.0    0  5.7 17 350   M    M   9 13     21  40
15  73  62  68  -7   0   3 0.20  0.0    0  6.5 15  20   M    M   9 1      18  20
16  81  67  74  -1   0   9 0.72  0.0    0  7.9 16 120   M    M   6 1      21 120
17  82  65  74  -2   0   9 0.25  0.0    0  8.5 30  20   M    M   8 13     37  20
18  79  63  71  -5   0   6 0.14  0.0    0 12.9 25  10   M    M   9 13     30  10
19  75  61  68  -8   0   3 2.75  0.0    0  9.6 24  10   M    M   8 13     29 360
20  82  60  71  -5   0   6 0.00  0.0    0  5.1 12  60   M    M   5 1      17  70
21  84  69  77   0   0  12    T  0.0    0  5.0 15  70   M    M   9        18  60
22  88  72  80   3   0  15    T  0.0    0  7.1 18 130   M    M   9        23 140
23  85  71  78   1   0  13 0.01  0.0    0 10.6 21 130   M    M   9 1      25 140
24  88  74  81   4   0  16    T  0.0    0 10.4 18 160   M    M   8        24 150
25  86  75  81   3   0  16    T  0.0    0  9.4 20 140   M    M   9 18     24 170
26  88  67  78   0   0  13 8.79  0.0    0 13.5 41 100   M    M   9 1358   54 100
================================================================================
SM 2144 1653         3 218 14.42     0.0 232.6          M      176
================================================================================
AV 82.5 63.6                               8.9 FASTST   M    M   7    MAX(MPH)
                                 MISC ---->  # 41 100               # 54  100
================================================================================
NOTES:
# LAST OF SEVERAL OCCURRENCES

COLUMN 17 PEAK WIND IN M.P.H.

PRELIMINARY LOCAL CLIMATOLOGICAL DATA (WS FORM: F-6) , PAGE 2

                                          STATION:  AUSTIN BERGSTROM
                                          MONTH:    MAY
                                          YEAR:     2016
                                          LATITUDE:   30 13 N
                                          LONGITUDE:  97 40 W

[TEMPERATURE DATA]      [PRECIPITATION DATA]       SYMBOLS USED IN COLUMN 16

AVERAGE MONTHLY: 73.0   TOTAL FOR MONTH:  14.42    1 = FOG OR MIST
DPTR FM NORMAL:  -1.6   DPTR FM NORMAL:   11.05    2 = FOG REDUCING VISIBILITY
HIGHEST:    91 ON 10    GRTST 24HR  8.79 ON 26-26      TO 1/4 MILE OR LESS
LOWEST:     51 ON  4                               3 = THUNDER
                        SNOW, ICE PELLETS, HAIL    4 = ICE PELLETS
                        TOTAL MONTH:   0.0 INCH    5 = HAIL
                        GRTST 24HR     0.0         6 = FREEZING RAIN OR DRIZZLE
                        GRTST DEPTH:   0           7 = DUSTSTORM OR SANDSTORM:
                                                       VSBY 1/2 MILE OR LESS
                                                   8 = SMOKE OR HAZE
[NO. OF DAYS WITH]      [WEATHER - DAYS WITH]      9 = BLOWING SNOW
                                                   X = TORNADO
MAX 32 OR BELOW:   0    0.01 INCH OR MORE:  13
MAX 90 OR ABOVE:   1    0.10 INCH OR MORE:   9
MIN 32 OR BELOW:   0    0.50 INCH OR MORE:   4
MIN  0 OR BELOW:   0    1.00 INCH OR MORE:   2

[HDD (BASE 65) ]
TOTAL THIS MO.     3    CLEAR  (SCALE 0-3)   3
DPTR FM NORMAL     3    PTCLDY (SCALE 4-7)  11
TOTAL FM JUL 1  1380    CLOUDY (SCALE 8-10) 12
DPTR FM NORMAL  -520

[CDD (BASE 65) ]
TOTAL THIS MO.   218
DPTR FM NORMAL   -36    [PRESSURE DATA]
TOTAL FM JAN 1   447    HIGHEST SLP M ON M
DPTR FM NORMAL     5    LOWEST  SLP 29.65 ON 26

[REMARKS]
