000
CXUS53 KGRB 290710
CF6AUW
PRELIMINARY LOCAL CLIMATOLOGICAL DATA (WS FORM: F-6)

                                          STATION:   WAUSAU WI
                                          MONTH:     MAY
                                          YEAR:      2016
                                          LATITUDE:   44 55 N
                                          LONGITUDE:  89 37 W

  TEMPERATURE IN F:       :PCPN:    SNOW:  WIND      :SUNSHINE: SKY     :PK WND
================================================================================
1   2   3   4   5  6A  6B    7    8   9   10  11  12  13   14  15   16   17  18
                                     12Z  AVG MX 2MIN
DY MAX MIN AVG DEP HDD CDD  WTR  SNW DPTH SPD SPD DIR MIN PSBL S-S WX    SPD DR
================================================================================

 1  66  43  55   4  10   0 0.00  0.0    0  7.3 18 100   M    M   7        24  70
 2  66  36  51   0  14   0 0.00  0.0    0  2.6 10 290   M    M   3        15 340
 3  70  42  56   4   9   0 0.11  0.0    0  9.2 29 300   M    M   3 1      36 300
 4  60  41  51  -1  14   0 0.00  0.0    0 10.3 21 360   M    M   2        32 340
 5  68  35  52   0  13   0    T  0.0    0  5.4 14 280   M    M   1        18 270
 6  89  50  70  18   0   5 0.10  0.0    0  7.9 24  10   M    M   2 3      34  10
 7  69  50  60   7   5   0 0.00  0.0    0  9.1 21  10   M    M   2        31  30
 8  71  44  58   5   7   0 0.00  0.0    0  4.9 15  80   M    M   0        19  80
 9  68  42  55   1  10   0 0.00  0.0    0 12.0 23 110   M    M   1        30 120
10  51  46  49  -5  16   0 0.19  0.0    0 11.2 22 110   M    M  10 1      29 110
11  55  49  52  -2  13   0 0.05  0.0    0  6.9 14  80   M    M  10 18     20 110
12  64  48  56   2   9   0 0.26  0.0    0  9.9 20 280   M    M   7 12     26 290
13  52  39  46  -9  19   0 0.03  0.0    0 12.3 21 250   M    M   8        30 290
14  44  31  38 -17  27   0    T    T    0 11.7 23 300   M    M   9        30 300
15  59  29  44 -11  21   0 0.00  0.0    0 11.5 23 300   M    M   4        32 290
16  66  42  54  -2  11   0    T  0.0    0  8.6 20 300   M    M   3        31 290
17  66  35  51  -5  14   0 0.00  0.0    0  4.7 15  80   M    M   3        19  50
18  69  36  53  -3  12   0 0.00  0.0    0  3.3 12 280   M    M   0        15 280
19  73  40  57   0   8   0 0.00  0.0    0  4.2 13 180   M    M   1        16 220
20  77  43  60   3   5   0 0.00  0.0    0  4.1 12 170   M    M   0        14 150
21  82  47  65   8   0   0 0.00  0.0    0  3.9 13 310   M    M   2        19  10
22  85  49  67  10   0   2 0.00  0.0    0  4.2 13 170   M    M   0        17 160
23  86  58  72  14   0   7 0.00  0.0    0 10.7 24 180   M    M   0        32 180
24  83  60  72  14   0   7 0.04  0.0    0  4.7 18 280   M    M   3        23 280
25  79  55  67   9   0   2 0.94  0.0    0  8.2 18 100   M    M   7 138    25 140
26  80  61  71  12   0   6 0.17  0.0    0  6.0 17 250   M    M   6 1238   23 260
27  76  56  66   7   0   1 0.29  0.0    0  6.9 21 130   M    M   7 1      28 130
28  80  66  73  14   0   8 0.19  0.0    0  9.5 23 210   M    M   6 18     31 180
================================================================================
SM 1954 1273       237  38  2.37    T    211.2          M      107
================================================================================
AV 69.8 45.5                               7.5 FASTST   M    M   4    MAX(MPH)
                                 MISC ---->  # 29 300               # 36  300
================================================================================
NOTES:
# LAST OF SEVERAL OCCURRENCES

COLUMN 17 PEAK WIND IN M.P.H.

PRELIMINARY LOCAL CLIMATOLOGICAL DATA (WS FORM: F-6) , PAGE 2

                                          STATION:  WAUSAU WI
                                          MONTH:    MAY
                                          YEAR:     2016
                                          LATITUDE:   44 55 N
                                          LONGITUDE:  89 37 W

[TEMPERATURE DATA]      [PRECIPITATION DATA]       SYMBOLS USED IN COLUMN 16

AVERAGE MONTHLY: 57.6   TOTAL FOR MONTH:   2.37    1 = FOG OR MIST
DPTR FM NORMAL:   2.5   DPTR FM NORMAL:   -0.72    2 = FOG REDUCING VISIBILITY
HIGHEST:    89 ON  6    GRTST 24HR  1.11 ON 25-26      TO 1/4 MILE OR LESS
LOWEST:     29 ON 15                               3 = THUNDER
                        SNOW, ICE PELLETS, HAIL    4 = ICE PELLETS
                        TOTAL MONTH:    T          5 = HAIL
                        GRTST 24HR    T  ON 14-14  6 = FREEZING RAIN OR DRIZZLE
                        GRTST DEPTH:   0           7 = DUSTSTORM OR SANDSTORM:
                                                       VSBY 1/2 MILE OR LESS
                                                   8 = SMOKE OR HAZE
[NO. OF DAYS WITH]      [WEATHER - DAYS WITH]      9 = BLOWING SNOW
                                                   X = TORNADO
MAX 32 OR BELOW:   0    0.01 INCH OR MORE:  11
MAX 90 OR ABOVE:   0    0.10 INCH OR MORE:   8
MIN 32 OR BELOW:   2    0.50 INCH OR MORE:   1
MIN  0 OR BELOW:   0    1.00 INCH OR MORE:   0

[HDD (BASE 65) ]
TOTAL THIS MO.   237    CLEAR  (SCALE 0-3)  15
DPTR FM NORMAL   -53    PTCLDY (SCALE 4-7)   9
TOTAL FM JUL 1  6783    CLOUDY (SCALE 8-10)  4
DPTR FM NORMAL -1359

[CDD (BASE 65) ]
TOTAL THIS MO.    38
DPTR FM NORMAL    27    [PRESSURE DATA]
TOTAL FM JAN 1    40    HIGHEST SLP M ON M
DPTR FM NORMAL    27    LOWEST  SLP 29.61 ON  7

[REMARKS]
