000
CXUS52 KGSP 170817
CF6AVL
PRELIMINARY LOCAL CLIMATOLOGICAL DATA (WS FORM: F-6)

                                          STATION:   ASHEVILLE NC
                                          MONTH:     NOVEMBER
                                          YEAR:      2017
                                          LATITUDE:   35 25 N
                                          LONGITUDE:  82 33 W

  TEMPERATURE IN F:       :PCPN:    SNOW:  WIND      :SUNSHINE: SKY     :PK WND
================================================================================
1   2   3   4   5  6A  6B    7    8   9   10  11  12  13   14  15   16   17  18
                                     12Z  AVG MX 2MIN
DY MAX MIN AVG DEP HDD CDD  WTR  SNW DPTH SPD SPD DIR MIN PSBL S-S WX    SPD DR
================================================================================

 1  68  40  54   2  11   0 0.00  0.0    0  4.4 18 180   M    M   2        26 200
 2  73  51  62  11   3   0 0.00  0.0    0  5.5 18 200   M    M   4        24 210
 3  76  47  62  11   3   0 0.15  0.0    0  2.0 12 310   M    M   6 13     14 320
 4  67  59  63  12   2   0 0.15  0.0    0  4.4 10 170   M    M   8 1      12 160
 5  72  56  64  14   1   0 0.06  0.0    0  6.6 15 150   M    M   7 1      20 150
 6  70  56  63  13   2   0 0.00  0.0    0  2.9 12 200   M    M   5        17 190
 7  66  55  61  11   4   0 1.02  0.0    0  3.2 13 330   M    M   5 13     15 330
 8  59  46  53   3  12   0 0.04  0.0    0  5.2 13 340   M    M   9 1      15 350
 9  58  45  52   3  13   0 0.02  0.0    0  8.4 17 350   M    M   8        24 340
10  56  35  46  -3  19   0 0.00  0.0    0 11.1 23 340   M    M   0        30 350
11  50  31  41  -8  24   0 0.00  0.0    0  6.6 13 170   M    M   2        19 140
12  49  39  44  -4  21   0 0.01  0.0    0  2.4 10 160   M    M  10 18     14 160
13  55  37  46  -2  19   0 0.00  0.0    0  9.2 21 340   M    M   3 1      30 340
14  54  33  44  -4  21   0 0.00  0.0    0  2.5 10 170   M    M   5 1      14 150
15  54  42  48   0  17   0 0.00  0.0    0  2.9 10 160   M    M   6        13 140
16  61  43  52   5  13   0 0.00  0.0    0  9.4 23 340   M    M   2        27 340
================================================================================
SM  988  715       185   0  1.45     0.0  86.7          M       82
================================================================================
AV 61.8 44.7                               5.4 FASTST   M    M   5    MAX(MPH)
                                 MISC ---->  # 23 340               # 30  350
================================================================================
NOTES:
# LAST OF SEVERAL OCCURRENCES

COLUMN 17 PEAK WIND IN M.P.H.

PRELIMINARY LOCAL CLIMATOLOGICAL DATA (WS FORM: F-6) , PAGE 2

                                          STATION:  ASHEVILLE NC
                                          MONTH:    NOVEMBER
                                          YEAR:     2017
                                          LATITUDE:   35 25 N
                                          LONGITUDE:  82 33 W

[TEMPERATURE DATA]      [PRECIPITATION DATA]       SYMBOLS USED IN COLUMN 16

AVERAGE MONTHLY: 53.2   TOTAL FOR MONTH:   1.45    1 = FOG OR MIST
DPTR FM NORMAL:   3.8   DPTR FM NORMAL:   -0.31    2 = FOG REDUCING VISIBILITY
HIGHEST:    76 ON  3    GRTST 24HR  1.02 ON  7- 7      TO 1/4 MILE OR LESS
LOWEST:     31 ON 11                               3 = THUNDER
                        SNOW, ICE PELLETS, HAIL    4 = ICE PELLETS
                        TOTAL MONTH:   0.0 INCH    5 = HAIL
                        GRTST 24HR     0.0         6 = FREEZING RAIN OR DRIZZLE
                        GRTST DEPTH:   0           7 = DUSTSTORM OR SANDSTORM:
                                                       VSBY 1/2 MILE OR LESS
                                                   8 = SMOKE OR HAZE
[NO. OF DAYS WITH]      [WEATHER - DAYS WITH]      9 = BLOWING SNOW
                                                   X = TORNADO
MAX 32 OR BELOW:   0    0.01 INCH OR MORE:   7
MAX 90 OR ABOVE:   0    0.10 INCH OR MORE:   3
MIN 32 OR BELOW:   1    0.50 INCH OR MORE:   1
MIN  0 OR BELOW:   0    1.00 INCH OR MORE:   1

[HDD (BASE 65) ]
TOTAL THIS MO.   185    CLEAR  (SCALE 0-3)   5
DPTR FM NORMAL   -65    PTCLDY (SCALE 4-7)   9
TOTAL FM JUL 1   454    CLOUDY (SCALE 8-10)  2
DPTR FM NORMAL  -131

[CDD (BASE 65) ]
TOTAL THIS MO.     0
DPTR FM NORMAL     0    [PRESSURE DATA]
TOTAL FM JAN 1  1042    HIGHEST SLP M ON M
DPTR FM NORMAL   180    LOWEST  SLP 29.91 ON  7

[REMARKS]
