000
CXUS53 KMPX 220706
CF6AXN
PRELIMINARY LOCAL CLIMATOLOGICAL DATA (WS FORM: F-6)

                                          STATION:   ALEXANDRIA MN
                                          MONTH:     NOVEMBER
                                          YEAR:      2017
                                          LATITUDE:   45 52 N
                                          LONGITUDE:  95 23 W

  TEMPERATURE IN F:       :PCPN:    SNOW:  WIND      :SUNSHINE: SKY     :PK WND
================================================================================
1   2   3   4   5  6A  6B    7    8   9   10  11  12  13   14  15   16   17  18
                                     12Z  AVG MX 2MIN
DY MAX MIN AVG DEP HDD CDD  WTR  SNW DPTH SPD SPD DIR MIN PSBL S-S WX    SPD DR
================================================================================

 1  33  29  31  -7  34   0    M    M    M 11.1 21 150   M    M   9 16     26 160
 2  34  29  32  -5  33   0    M    M    M  9.2 21 320   M    M  10 1      25 320
 3  31  23  27 -10  38   0    M    M    M  9.4 15 120   M    M   9 12     20 110
 4  36  29  33  -3  32   0    M    M    M 11.0 17 140   M    M  10 12     23 140
 5  34  21  28  -8  37   0    M    M    M 14.0 21 320   M    M  10 1      27 310
 6  29  13  21 -14  44   0    M    M    M  6.1 14 280   M    M   5        17 280
 7  28  15  22 -12  43   0    M    M    M  8.0 16 240   M    M   1 1      19 230
 8  30  19  25  -9  40   0    M    M    M  9.1 18 350   M    M   2 1      24 330
 9  18   6  12 -21  53   0    M    M    M 12.1 22 360   M    M   2 1      30 340
10  23   6  15 -18  50   0    M    M    M 17.0 26 160   M    M   7        37 130
11  39  22  31  -1  34   0    M    M    M  8.8 15 210   M    M   1        20 170
12  36  24  30  -2  35   0    M    M    M  5.9 13 340   M    M   5 1      16 340
13  43  26  35   4  30   0    M    M    M 11.3 21 140   M    M   6 1      27 150
14  45  39  42  12  23   0    M    M    M  7.9 18 320   M    M  10 12     24 320
15  41  21  31   1  34   0    M    M    M 17.2 30 310   M    M  10 1      37 310
16  33  23  28  -1  37   0    M    M    M 15.3 28 150   M    M  10        37 150
17  40  29  35   7  30   0    M    M    M  9.0 25 160   M    M   5 1      32 150
18  29  15  22  -6  43   0    M    M    M 13.3 25 310   M    M   2        34 310
19  43  13  28   1  37   0    M    M    M  8.3 15 240   M    M   1        19 250
20  45  24  35   8  30   0    M    M    M 11.6 30 300   M    M   0        41 310
21  29  13  21  -5  44   0    M    M    M 18.1 33 320   M    M   4        48 290
================================================================================
SM  719  439       781   0    M     M    233.7          M      119
================================================================================
AV 34.2 20.9                              11.1 FASTST   M    M   6    MAX(MPH)
                                 MISC ---->  # 33 320               # 48  290
================================================================================
NOTES:
# LAST OF SEVERAL OCCURRENCES

COLUMN 17 PEAK WIND IN M.P.H.

PRELIMINARY LOCAL CLIMATOLOGICAL DATA (WS FORM: F-6) , PAGE 2

                                          STATION:  ALEXANDRIA MN
                                          MONTH:    NOVEMBER
                                          YEAR:     2017
                                          LATITUDE:   45 52 N
                                          LONGITUDE:  95 23 W

[TEMPERATURE DATA]      [PRECIPITATION DATA]       SYMBOLS USED IN COLUMN 16

AVERAGE MONTHLY: 27.6   TOTAL FOR MONTH:      M    1 = FOG OR MIST
DPTR FM NORMAL:  -4.5   DPTR FM NORMAL:       M    2 = FOG REDUCING VISIBILITY
HIGHEST:    45 ON 20,14 GRTST 24HR    T  ON 31- 1      TO 1/4 MILE OR LESS
LOWEST:      6 ON 10, 9                            3 = THUNDER
                        SNOW, ICE PELLETS, HAIL    4 = ICE PELLETS
                        TOTAL MONTH:    M          5 = HAIL
                        GRTST 24HR    M  ON   M    6 = FREEZING RAIN OR DRIZZLE
                        GRTST DEPTH:  M  ON   M    7 = DUSTSTORM OR SANDSTORM:
                                                       VSBY 1/2 MILE OR LESS
                                                   8 = SMOKE OR HAZE
[NO. OF DAYS WITH]      [WEATHER - DAYS WITH]      9 = BLOWING SNOW
                                                   X = TORNADO
MAX 32 OR BELOW:   8    0.01 INCH OR MORE:   0
MAX 90 OR ABOVE:   0    0.10 INCH OR MORE:   0
MIN 32 OR BELOW:  20    0.50 INCH OR MORE:   0
MIN  0 OR BELOW:   0    1.00 INCH OR MORE:   0

[HDD (BASE 65) ]
TOTAL THIS MO.   781    CLEAR  (SCALE 0-3)   7
DPTR FM NORMAL    89    PTCLDY (SCALE 4-7)   6
TOTAL FM JUL 1  1480    CLOUDY (SCALE 8-10)  8
DPTR FM NORMAL   -97

[CDD (BASE 65) ]
TOTAL THIS MO.     0
DPTR FM NORMAL     0    [PRESSURE DATA]
TOTAL FM JAN 1   392    HIGHEST SLP M ON M
DPTR FM NORMAL   -88    LOWEST  SLP 29.46 ON 20

[REMARKS]
