000
CXUS53 KMPX 221000
CF6AXN
PRELIMINARY LOCAL CLIMATOLOGICAL DATA (WS FORM: F-6)

                                          STATION:   ALEXANDRIA MN
                                          MONTH:     MARCH
                                          YEAR:      2017
                                          LATITUDE:   45 52 N
                                          LONGITUDE:  95 23 W

  TEMPERATURE IN F:       :PCPN:    SNOW:  WIND      :SUNSHINE: SKY     :PK WND
================================================================================
1   2   3   4   5  6A  6B    7    8   9   10  11  12  13   14  15   16   17  18
                                     12Z  AVG MX 2MIN
DY MAX MIN AVG DEP HDD CDD  WTR  SNW DPTH SPD SPD DIR MIN PSBL S-S WX    SPD DR
================================================================================

 1  32  16  24   3  41   0    M    M    M 12.7 24 310   M    M   7        29 310
 2  24  10  17  -4  48   0    M    M    M  9.4 18 330   M    M   1        26 300
 3  31   7  19  -3  46   0    M    M    M 11.7 22 150   M    M   5 18     26 140
 4  44  23  34  12  31   0    M    M    M 19.5 31 140   M    M   1        39 130
 5  63  32  48  25  17   0    M    M    M 11.4 22 150   M    M   0 1      30 140
 6  68  25  47  24  18   0    M    M    M 19.8 35 220   M    M   9 1      47 180
 7  40  20  30   6  35   0    M    M    M 29.0 44 280   M    M   5 18     56 290
 8  28  12  20  -4  45   0    M    M    M 21.9 44 290   M    M   4 8      57 300
 9  20   2  11 -13  54   0    M    M    M 12.4 21 340   M    M   4        26 330
10  14  -3   6 -19  59   0    M    M    M  9.4 21 330   M    M   1        26 330
11  20   3  12 -13  53   0    M    M    M  6.5 13  30   M    M   7        16  30
12  15   8  12 -14  53   0    M    M    M 11.6 21  80   M    M   7 1      25  60
13  22   1  12 -14  53   0    M    M    M  7.4 16  30   M    M   1 1      19  20
14  25   0  13 -14  52   0    M    M    M  4.5 10 190   M    M   0        13 190
15  32   4  18  -9  47   0    M    M    M  9.6 18 160   M    M   2        24 190
16  39  20  30   2  35   0    M    M    M 14.0 24 150   M    M   4        31 140
17  38  27  33   5  32   0    M    M    M 17.3 31 310   M    M  10 1      41 300
18  42  23  33   4  32   0    M    M    M  9.3 24 320   M    M   6        29 320
19  58  31  45  16  20   0    M    M    M 14.3 29 180   M    M   0        37 180
20  53  32  43  13  22   0    M    M    M  9.3 22 340   M    M   7        30 320
21  32  17  25  -5  40   0    M    M    M 11.9 23 350   M    M   0        31  10
================================================================================
SM  740  310       833   0    M     M    272.9          M       81
================================================================================
AV 35.2 14.8                              13.0 FASTST   M    M   4    MAX(MPH)
                                 MISC ---->  # 44 280               # 57  300
================================================================================
NOTES:
# LAST OF SEVERAL OCCURRENCES

COLUMN 17 PEAK WIND IN M.P.H.

PRELIMINARY LOCAL CLIMATOLOGICAL DATA (WS FORM: F-6) , PAGE 2

                                          STATION:  ALEXANDRIA MN
                                          MONTH:    MARCH
                                          YEAR:     2017
                                          LATITUDE:   45 52 N
                                          LONGITUDE:  95 23 W

[TEMPERATURE DATA]      [PRECIPITATION DATA]       SYMBOLS USED IN COLUMN 16

AVERAGE MONTHLY: 25.0   TOTAL FOR MONTH:      M    1 = FOG OR MIST
DPTR FM NORMAL:  -0.4   DPTR FM NORMAL:       M    2 = FOG REDUCING VISIBILITY
HIGHEST:    68 ON  6    GRTST 24HR    M  ON   M        TO 1/4 MILE OR LESS
LOWEST:     -3 ON 10                               3 = THUNDER
                        SNOW, ICE PELLETS, HAIL    4 = ICE PELLETS
                        TOTAL MONTH:    M          5 = HAIL
                        GRTST 24HR    M  ON   M    6 = FREEZING RAIN OR DRIZZLE
                        GRTST DEPTH:  M  ON   M    7 = DUSTSTORM OR SANDSTORM:
                                                       VSBY 1/2 MILE OR LESS
                                                   8 = SMOKE OR HAZE
[NO. OF DAYS WITH]      [WEATHER - DAYS WITH]      9 = BLOWING SNOW
                                                   X = TORNADO
MAX 32 OR BELOW:  12    0.01 INCH OR MORE:   0
MAX 90 OR ABOVE:   0    0.10 INCH OR MORE:   0
MIN 32 OR BELOW:  21    0.50 INCH OR MORE:   0
MIN  0 OR BELOW:   2    1.00 INCH OR MORE:   0

[HDD (BASE 65) ]
TOTAL THIS MO.   833    CLEAR  (SCALE 0-3)   9
DPTR FM NORMAL     1    PTCLDY (SCALE 4-7)  10
TOTAL FM JUL 1  6361    CLOUDY (SCALE 8-10)  2
DPTR FM NORMAL -1064

[CDD (BASE 65) ]
TOTAL THIS MO.     0
DPTR FM NORMAL     0    [PRESSURE DATA]
TOTAL FM JAN 1     0    HIGHEST SLP M ON M
DPTR FM NORMAL     0    LOWEST  SLP 29.09 ON  6

[REMARKS]
