000
CXUS55 KLBF 262144
CF6BBW
PRELIMINARY LOCAL CLIMATOLOGICAL DATA (WS FORM: F-6)

                                          STATION:   BROKEN BOW
                                          MONTH:     MARCH
                                          YEAR:      2017
                                          LATITUDE:   41 26 N
                                          LONGITUDE:  99 39 W

  TEMPERATURE IN F:       :PCPN:    SNOW:  WIND      :SUNSHINE: SKY     :PK WND
================================================================================
1   2   3   4   5  6A  6B    7    8   9   10  11  12  13   14  15   16   17  18
                                     12Z  AVG MX 2MIN
DY MAX MIN AVG DEP HDD CDD  WTR  SNW DPTH SPD SPD DIR MIN PSBL S-S WX    SPD DR
================================================================================

 1  44  19  32   0  33   0 0.00    M    M 14.1 30 320   M    M   1        42 290
 2  44  21  33   1  32   0 0.00    M    M 12.1 25 330   M    M   1        33 350
 3  62  24  43  10  22   0 0.00    M    M 10.1 23 200   M    M   0        36 190
 4  69  20  45  12  20   0 0.00    M    M  7.4 22 180   M    M   0        29 210
 5  72  29  51  17  14   0 0.00    M    M  6.2 20 130   M    M   0        26 100
 6  67  31  49  15  16   0    T    M    M 22.2 43 300   M    M   2        50 290
 7  51  27  39   5  26   0 0.00    M    M 17.9 38 300   M    M   1        51 290
 8  63  19  41   6  24   0 0.00    M    M  5.5 14 210   M    M   2        23 180
 9  52  23  38   3  27   0 0.00    M    M 12.2 24  30   M    M   1        31  30
10  32  18  25 -11  40   0 0.00    M    M 12.7 22 150   M    M   7        28 170
11  43  20  32  -4  33   0    T    M    M  7.8 21 140   M    M   6        25 170
12  52  18  35  -1  30   0 0.03    M    M 20.9 39 340   M    M   5        49 340
13  29  13  21 -16  44   0    T    M    M 13.8 35 340   M    M   6        43 350
14  30  19  25 -12  40   0    T    M    M 11.5 17 140   M    M   3        24 180
15  58  24  41   3  24   0 0.01    M    M 12.4 21 200   M    M   3        29 210
16  86  29  58  20   7   0 0.00    M    M 12.0 29 290   M    M   0        36 290
17  64  32  48  10  17   0 0.00    M    M  8.4 23 360   M    M   0 8      28 360
18  66  23  45   7  20   0 0.00    M    M  9.2 24 180   M    M   1        30 180
19  86  38  62  23   3   0 0.00    M    M  8.7 25 340   M    M   0        32  20
20  64  40  52  13  13   0    T    M    M 12.2 21  10   M    M   0        26  10
21  48  35  42   2  23   0    T    M    M 12.3 21 100   M    M   8        27 100
22  53  30  42   2  23   0 0.01    M    M 16.3 28 170   M    M   9        37 180
23  68  42  55  15  10   0 2.00    M    M 13.1 26  20   M    M   7 38     35  30
24  54  39  47   7  18   0 0.61    M    M 17.7 36 360   M    M  10        42  10
25  53  32  43   2  22   0 0.00    M    M  9.5 20 360   M    M   8 12     23 360
================================================================================
SM 1410  665       581   0  2.66    M    306.2          M       81
================================================================================
AV 56.4 26.6                              12.2 FASTST   M    M   3    MAX(MPH)
                                 MISC ---->  # 43 300               # 51  290
================================================================================
NOTES:
# LAST OF SEVERAL OCCURRENCES

COLUMN 17 PEAK WIND IN M.P.H.

PRELIMINARY LOCAL CLIMATOLOGICAL DATA (WS FORM: F-6) , PAGE 2

                                          STATION:  BROKEN BOW
                                          MONTH:    MARCH
                                          YEAR:     2017
                                          LATITUDE:   41 26 N
                                          LONGITUDE:  99 39 W

[TEMPERATURE DATA]      [PRECIPITATION DATA]       SYMBOLS USED IN COLUMN 16

AVERAGE MONTHLY: 41.5   TOTAL FOR MONTH:   2.66    1 = FOG OR MIST
DPTR FM NORMAL:   4.9   DPTR FM NORMAL:    1.74    2 = FOG REDUCING VISIBILITY
HIGHEST:    86 ON 19,16 GRTST 24HR  2.00 ON 23-23      TO 1/4 MILE OR LESS
LOWEST:     13 ON 13                               3 = THUNDER
                        SNOW, ICE PELLETS, HAIL    4 = ICE PELLETS
                        TOTAL MONTH:    M          5 = HAIL
                        GRTST 24HR    M  ON   M    6 = FREEZING RAIN OR DRIZZLE
                        GRTST DEPTH:  M  ON   M    7 = DUSTSTORM OR SANDSTORM:
                                                       VSBY 1/2 MILE OR LESS
                                                   8 = SMOKE OR HAZE
[NO. OF DAYS WITH]      [WEATHER - DAYS WITH]      9 = BLOWING SNOW
                                                   X = TORNADO
MAX 32 OR BELOW:   3    0.01 INCH OR MORE:   5
MAX 90 OR ABOVE:   0    0.10 INCH OR MORE:   2
MIN 32 OR BELOW:  20    0.50 INCH OR MORE:   2
MIN  0 OR BELOW:   0    1.00 INCH OR MORE:   1

[HDD (BASE 65) ]
TOTAL THIS MO.   581    CLEAR  (SCALE 0-3)  16
DPTR FM NORMAL  -127    PTCLDY (SCALE 4-7)   6
TOTAL FM JUL 1  4972    CLOUDY (SCALE 8-10)  3
DPTR FM NORMAL  -751

[CDD (BASE 65) ]
TOTAL THIS MO.     0
DPTR FM NORMAL     0    [PRESSURE DATA]
TOTAL FM JAN 1     0    HIGHEST SLP M ON M
DPTR FM NORMAL     0    LOWEST  SLP 29.24 ON  6

[REMARKS]
