000
CXUS55 KLBF 211200
CF6BBW
PRELIMINARY LOCAL CLIMATOLOGICAL DATA (WS FORM: F-6)

                                          STATION:   BROKEN BOW NE
                                          MONTH:     MAY
                                          YEAR:      2015
                                          LATITUDE:   41 26 N
                                          LONGITUDE:  99 39 W

  TEMPERATURE IN F:       :PCPN:    SNOW:  WIND      :SUNSHINE: SKY     :PK WND
================================================================================
1   2   3   4   5  6A  6B    7    8   9   10  11  12  13   14  15   16   17  18
                                     12Z  AVG MX 2MIN
DY MAX MIN AVG DEP HDD CDD  WTR  SNW DPTH SPD SPD DIR MIN PSBL S-S WX    SPD DR
================================================================================

 1  77  52  65  12   0   0    T    M    M  6.0 20 360   M    M   3        23 360
 2  89  46  68  14   0   3 0.00    M    M  6.7 21 210   M    M   1 8      32 210
 3  86  53  70  16   0   5 0.00    M    M 12.6 25  10   M    M   0        32 360
 4  64  53  59   4   6   0 0.17    M    M 11.0 21  40   M    M   8 1      27  30
 5  70  53  62   7   3   0 0.08    M    M 10.1 23 150   M    M  10 128    30 150
 6  71  56  64   9   1   0 0.13    M    M 14.3 29 140   M    M   9 13     39 150
 7  62  50  56   0   9   0    T    M    M 13.3 22 330   M    M  10 12     34 320
 8  68  41  55  -1  10   0 0.00    M    M  7.6 17  70   M    M   2        24  50
 9  53  44  49  -7  16   0 1.20    M    M 14.8 28  70   M    M  10 138    32  60
10  50  38  44 -13  21   0 0.17    M    M 17.9 31 310   M    M   8 13     43 300
11  54  35  45 -12  20   0    T    M    M 21.8 36 320   M    M   7        43 310
12  72  31  52  -6  13   0 0.00    M    M 13.3 31 180   M    M   1        44 180
13  73  50  62   4   3   0 0.27    M    M 19.7 32 170   M    M   5 1      41 160
14  78  53  66   8   0   1 0.10    M    M  6.8 16 310   M    M   7 1      21 300
15  75  54  65   6   0   0 0.11    M    M 13.2 25 130   M    M   5 13     37 130
16  74  57  66   7   0   1 0.37    M    M 15.0 35 200   M    M   4 13     45 190
17  74  49  62   3   3   0 0.04    M    M 13.4 29 350   M    M   3 3      36 290
18  63  44  54  -6  11   0 0.00    M    M 15.3 32 340   M    M   3        39 340
19  47  39  43 -17  22   0 0.47    M    M  9.4 18  40   M    M   9 1      24  30
20  52  38  45 -15  20   0 0.02    M    M  8.0 16 360   M    M   6 1      24  10
================================================================================
SM 1352  936       158  10  3.13    M    250.2          M      111
================================================================================
AV 67.6 46.8                              12.5 FASTST   M    M   6    MAX(MPH)
                                 MISC ---->  # 36 320               # 45  190
================================================================================
NOTES:
# LAST OF SEVERAL OCCURRENCES

COLUMN 17 PEAK WIND IN M.P.H.

PRELIMINARY LOCAL CLIMATOLOGICAL DATA (WS FORM: F-6) , PAGE 2

                                          STATION:  BROKEN BOW NE
                                          MONTH:    MAY
                                          YEAR:     2015
                                          LATITUDE:   41 26 N
                                          LONGITUDE:  99 39 W

[TEMPERATURE DATA]      [PRECIPITATION DATA]       SYMBOLS USED IN COLUMN 16

AVERAGE MONTHLY: 57.2   TOTAL FOR MONTH:   3.13    1 = FOG OR MIST
DPTR FM NORMAL:   0.2   DPTR FM NORMAL:    0.80    2 = FOG REDUCING VISIBILITY
HIGHEST:    89 ON  2    GRTST 24HR  1.37 ON  9-10      TO 1/4 MILE OR LESS
LOWEST:     31 ON 12                               3 = THUNDER
                        SNOW, ICE PELLETS, HAIL    4 = ICE PELLETS
                        TOTAL MONTH:    M          5 = HAIL
                        GRTST 24HR    M  ON   M    6 = FREEZING RAIN OR DRIZZLE
                        GRTST DEPTH:  M  ON   M    7 = DUSTSTORM OR SANDSTORM:
                                                       VSBY 1/2 MILE OR LESS
                                                   8 = SMOKE OR HAZE
[NO. OF DAYS WITH]      [WEATHER - DAYS WITH]      9 = BLOWING SNOW
                                                   X = TORNADO
MAX 32 OR BELOW:   0    0.01 INCH OR MORE:  12
MAX 90 OR ABOVE:   0    0.10 INCH OR MORE:   9
MIN 32 OR BELOW:   1    0.50 INCH OR MORE:   1
MIN  0 OR BELOW:   0    1.00 INCH OR MORE:   1

[HDD (BASE 65) ]
TOTAL THIS MO.   158    CLEAR  (SCALE 0-3)   6
DPTR FM NORMAL   -17    PTCLDY (SCALE 4-7)   9
TOTAL FM JUL 1  5994    CLOUDY (SCALE 8-10)  5
DPTR FM NORMAL  -561

[CDD (BASE 65) ]
TOTAL THIS MO.    10
DPTR FM NORMAL    -3    [PRESSURE DATA]
TOTAL FM JAN 1    15    HIGHEST SLP M ON M
DPTR FM NORMAL     1    LOWEST  SLP 29.49 ON 16

[REMARKS]
