000
CXUS51 KBOX 011200
CF6BDL
PRELIMINARY LOCAL CLIMATOLOGICAL DATA (WS FORM: F-6)

                                          STATION:   HARTFORD CT
                                          MONTH:     JUNE
                                          YEAR:      2015
                                          LATITUDE:   41 55 N
                                          LONGITUDE:  72 41 W

  TEMPERATURE IN F:       :PCPN:    SNOW:  WIND      :SUNSHINE: SKY     :PK WND
================================================================================
1   2   3   4   5  6A  6B    7    8   9   10  11  12  13   14  15   16   17  18
                                     12Z  AVG MX 2MIN
DY MAX MIN AVG DEP HDD CDD  WTR  SNW DPTH SPD SPD DIR MIN PSBL S-S WX    SPD DR
================================================================================

 1  53  48  51 -13  14   0 1.52  0.0    0 10.8 20  40   M    M   9 1      23  40
 2  55  48  52 -12  13   0 0.69  0.0    0  7.4 14  40   M    M  10 1      18  30
 3  72  46  59  -6   6   0 0.00  0.0    0  5.8 18 180   M    M   7 12     21 180
 4  72  51  62  -3   3   0 0.00  0.0    0  5.5 15 170   M    M   7        20 180
 5  79  50  65   0   0   0    T  0.0    0  4.9 14 160   M    M   8        16 160
 6  77  54  66   0   0   1    T  0.0    0  9.2 22  30   M    M   7        29  20
 7  77  46  62  -4   3   0 0.00  0.0    0  8.1 18 170   M    M   5        26 140
 8  78  58  68   2   0   3 0.01  0.0    0 13.9 24 190   M    M   9        34 200
 9  83  61  72   5   0   7 0.27  0.0    0 10.2 23 260   M    M   8 13     30 180
10  84  56  70   3   0   5 0.00  0.0    0  7.4 16 220   M    M   3 1      24 260
11  89  68  79  12   0  14 0.00  0.0    0  8.9 18 270   M    M   7        23 290
12  89  64  77   9   0  12 0.01  0.0    0  6.9 17 160   M    M   8        20 160
13  85  66  76   8   0  11 0.07  0.0    0  7.4 23  20   M    M   5        28  20
14  86  60  73   5   0   8    T  0.0    0  5.5 17 160   M    M   8        21 170
15  67  60  64  -5   1   0 1.94  0.0    0  5.9 14 130   M    M  10 18     17 110
16  79  59  69   0   0   4    T  0.0    0  4.6 10 310   M    M   9        15 320
17  76  58  67  -2   0   2 0.00  0.0    0  6.0 16  10   M    M   8        19  30
18  76  56  66  -3   0   1 0.00  0.0    0  8.6 16 180   M    M   8        20 180
19  85  62  74   4   0   9 0.04  0.0    0  8.1 14 330   M    M   7 1      19 360
20  74  54  64  -6   1   0 0.05  0.0    0  5.9 20 170   M    M   8 1      23 180
21  86  61  74   4   0   9 0.57  0.0    0  6.1 14 260   M    M   6 13     18 270
22  86  65  76   6   0  11 0.00  0.0    0  7.6 20 320   M    M   4        25 310
23  89  64  77   6   0  12 0.21  0.0    0  7.6 24 220   M    M   8 13     36 220
24  82  61  72   1   0   7 0.00  0.0    0  9.3 20 290   M    M   3        27 280
25  82  56  69  -2   0   4 0.00  0.0    0  5.1 17 300   M    M   5        23 310
26  79  60  70  -1   0   5    T  0.0    0  7.0 16  10   M    M   7        20 360
27  73  56  65  -7   0   0 0.46  0.0    0  5.6 15 150   M    M   9 1      19 190
28  61  55  58 -14   7   0 0.83  0.0    0 10.3 22  10   M    M  10 1      26  10
29  77  55  66  -6   0   1 0.01  0.0    0  4.9 14 270   M    M   8 1      18 260
30  84  57  71  -1   0   6 0.00  0.0    0  7.0 18 160   M    M   7        23 150
================================================================================
SM 2335 1715        48 132  6.68     0.0 221.5          M      218
================================================================================
AV 77.8 57.2                               7.4 FASTST   M    M   7    MAX(MPH)
                                 MISC ---->  # 24 190               # 36  220
================================================================================
NOTES:
# LAST OF SEVERAL OCCURRENCES

COLUMN 17 PEAK WIND IN M.P.H.

PRELIMINARY LOCAL CLIMATOLOGICAL DATA (WS FORM: F-6) , PAGE 2

                                          STATION:  HARTFORD CT
                                          MONTH:    JUNE
                                          YEAR:     2015
                                          LATITUDE:   41 55 N
                                          LONGITUDE:  72 41 W

[TEMPERATURE DATA]      [PRECIPITATION DATA]       SYMBOLS USED IN COLUMN 16

AVERAGE MONTHLY: 67.5   TOTAL FOR MONTH:   6.68    1 = FOG OR MIST
DPTR FM NORMAL:  -1.0   DPTR FM NORMAL:    2.33    2 = FOG REDUCING VISIBILITY
HIGHEST:    89 ON 23,12 GRTST 24HR  1.94 ON 15-15      TO 1/4 MILE OR LESS
LOWEST:     46 ON  7, 3                            3 = THUNDER
                        SNOW, ICE PELLETS, HAIL    4 = ICE PELLETS
                        TOTAL MONTH:   0.0 INCH    5 = HAIL
                        GRTST 24HR     0.0         6 = FREEZING RAIN OR DRIZZLE
                        GRTST DEPTH:   0           7 = DUSTSTORM OR SANDSTORM:
                                                       VSBY 1/2 MILE OR LESS
                                                   8 = SMOKE OR HAZE
[NO. OF DAYS WITH]      [WEATHER - DAYS WITH]      9 = BLOWING SNOW
                                                   X = TORNADO
MAX 32 OR BELOW:   0    0.01 INCH OR MORE:  14
MAX 90 OR ABOVE:   0    0.10 INCH OR MORE:   8
MIN 32 OR BELOW:   0    0.50 INCH OR MORE:   5
MIN  0 OR BELOW:   0    1.00 INCH OR MORE:   2

[HDD (BASE 65) ]
TOTAL THIS MO.    48    CLEAR  (SCALE 0-3)   2
DPTR FM NORMAL     8    PTCLDY (SCALE 4-7)  19
TOTAL FM JUL 1  6226    CLOUDY (SCALE 8-10)  9
DPTR FM NORMAL   228

[CDD (BASE 65) ]
TOTAL THIS MO.   132
DPTR FM NORMAL   -12    [PRESSURE DATA]
TOTAL FM JAN 1   249    HIGHEST SLP 30.32 ON  4
DPTR FM NORMAL    66    LOWEST  SLP 29.58 ON  9

[REMARKS]
#FINAL-06-15#
