000
CXUS55 KBOU 290809
CF6BDU
PRELIMINARY LOCAL CLIMATOLOGICAL DATA (WS FORM: F-6)

                                          STATION:   Boulder Airport
                                          MONTH:     SEPTEMBER
                                          YEAR:      2016
                                          LATITUDE:   40  2 N
                                          LONGITUDE: 105 14 W

  TEMPERATURE IN F:       :PCPN:    SNOW:  WIND      :SUNSHINE: SKY     :PK WND
================================================================================
1   2   3   4   5  6A  6B    7    8   9   10  11  12  13   14  15   16   17  18
                                     12Z  AVG MX 2MIN
DY MAX MIN AVG DEP HDD CDD  WTR  SNW DPTH SPD SPD DIR MIN PSBL S-S WX    SPD DR
================================================================================

 1  84  55  70   M   0   5    M    M    M  2.7 17 260   M    M   3 13     25 260
 2  86  61  74   M   0   9    M    M    M  2.8  8  70   M    M   1         M  M
 3  86  55  71   M   0   6    M    M    M  3.1 14 290   M    M   3 3      30 290
 4  84  55  70   M   0   5    M    M    M  2.9  9 300   M    M   2        16 300
 5  88  52  70   M   0   5    M    M    M  3.9 13  30   M    M   0        16  30
 6  79  59  69   M   0   4    M    M    M  4.1  9  20   M    M   5         M  M
 7  84  55  70   M   0   5    M    M    M  2.1  7 140   M    M   1         M  M
 8  90  54  72   M   0   7    M    M    M  4.4 13 220   M    M   0        24 220
 9  73  50  62   M   3   0    M    M    M  5.8 17  40   M    M   2        24  20
10  81  43  62   M   3   0    M    M    M  2.2  6  60   M    M   0         M  M
11  91  50  71   M   0   6    M    M    M  6.3 17 230   M    M   0 8      25 240
12  75  54  65   M   0   0    M    M    M  6.7 21 260   M    M   3        30 260
13  57  46  52   M  13   0    M    M    M  3.7  8 360   M    M   9 1       M  M
14  73  50  62   M   3   0    M    M    M  3.1 12 300   M    M   7 3       M  M
15  72  48  60   M   5   0    M    M    M  3.0 10 360   M    M   2         M  M
16  72  45  59   M   6   0    M    M    M  2.5  8  10   M    M   2 3       M  M
17  79  43  61   M   4   0    M    M    M  2.4 10  60   M    M   1         M  M
18  90  52  71   M   0   6    M    M    M  5.0 10 270   M    M   0        20 230
19  90  55  73   M   0   8    M    M    M  4.3 12 130   M    M   0         M  M
20  88  57  73   M   0   8    M    M    M  2.5  9 260   M    M   0         M  M
21  82  59  71   M   0   6    M    M    M  2.8 12 260   M    M   2        16 140
22  72  55  64   M   1   0    M    M    M  2.1  8  20   M    M   5         M  M
23  81  52  67   M   0   2    M    M    M  6.7 21 240   M    M   2        31 240
24  68  41  55   M  10   0    M    M    M  8.7 23 270   M    M   4        33 260
25  68  43  56   M   9   0    M    M    M  3.5  9 150   M    M   2         M  M
26  77  43  60   M   5   0    M    M    M  2.8  8  50   M    M   0         M  M
27  81  46  64   M   1   0    M    M    M  2.2  6 110   M    M   0         M  M
28  81  52  67   M   0   2    M    M    M  3.5  7  20   M    M   0         M  M
================================================================================
SM 2232 1430        63  84    M     M    105.8          M       56
================================================================================
AV 79.7 51.1                               3.8 FASTST   M    M   2    MAX(MPH)
                                 MISC ---->  # 23 270                 33    M
================================================================================
NOTES:
# LAST OF SEVERAL OCCURRENCES

COLUMN 17 PEAK WIND IN M.P.H.

PRELIMINARY LOCAL CLIMATOLOGICAL DATA (WS FORM: F-6) , PAGE 2

                                          STATION:  Boulder Airport
                                          MONTH:    SEPTEMBER
                                          YEAR:     2016
                                          LATITUDE:   40  2 N
                                          LONGITUDE: 105 14 W

[TEMPERATURE DATA]      [PRECIPITATION DATA]       SYMBOLS USED IN COLUMN 16

AVERAGE MONTHLY: 65.4   TOTAL FOR MONTH:      M    1 = FOG OR MIST
DPTR FM NORMAL:     M   DPTR FM NORMAL:       M    2 = FOG REDUCING VISIBILITY
HIGHEST:    91 ON 11    GRTST 24HR    M  ON   M        TO 1/4 MILE OR LESS
LOWEST:     41 ON 24                               3 = THUNDER
                        SNOW, ICE PELLETS, HAIL    4 = ICE PELLETS
                        TOTAL MONTH:    M          5 = HAIL
                        GRTST 24HR    M  ON   M    6 = FREEZING RAIN OR DRIZZLE
                        GRTST DEPTH:  M  ON   M    7 = DUSTSTORM OR SANDSTORM:
                                                       VSBY 1/2 MILE OR LESS
                                                   8 = SMOKE OR HAZE
[NO. OF DAYS WITH]      [WEATHER - DAYS WITH]      9 = BLOWING SNOW
                                                   X = TORNADO
MAX 32 OR BELOW:   0    0.01 INCH OR MORE:   0
MAX 90 OR ABOVE:   4    0.10 INCH OR MORE:   0
MIN 32 OR BELOW:   0    0.50 INCH OR MORE:   0
MIN  0 OR BELOW:   0    1.00 INCH OR MORE:   0

[HDD (BASE 65) ]
TOTAL THIS MO.    63    CLEAR  (SCALE 0-3)  21
DPTR FM NORMAL     M    PTCLDY (SCALE 4-7)   6
TOTAL FM JUL 1    76    CLOUDY (SCALE 8-10)  1
DPTR FM NORMAL     M

[CDD (BASE 65) ]
TOTAL THIS MO.    84
DPTR FM NORMAL     M    [PRESSURE DATA]
TOTAL FM JAN 1   840    HIGHEST SLP M ON M
DPTR FM NORMAL     M    LOWEST  SLP M ON M

[REMARKS]
