000
CXAK56 PAFC 231320
CF6BET
PRELIMINARY LOCAL CLIMATOLOGICAL DATA (WS FORM: F-6)

                                          STATION:   BETHEL
                                          MONTH:     MARCH
                                          YEAR:      2017
                                          LATITUDE:   60 46 N
                                          LONGITUDE: 161 48 W

  TEMPERATURE IN F:       :PCPN:    SNOW:  WIND      :SUNSHINE: SKY     :PK WND
================================================================================
1   2   3   4   5  6A  6B    7    8   9   10  11  12  13   14  15   16   17  18
                                     12Z  AVG MX 2MIN
DY MAX MIN AVG DEP HDD CDD  WTR  SNW DPTH SPD SPD DIR MIN PSBL S-S WX    SPD DR
================================================================================

 1   7  -6   1 -12  64   0 0.00  0.0    6 18.6 25 330   M    M   1        31 340
 2   8  -5   2 -11  63   0 0.00  0.0    6 12.7 24 320   M    M   1        33 310
 3   8  -5   2 -12  63   0    T    T    6  6.1 13 180   M    M   3 1      14 180
 4  16   4  10  -4  55   0 0.01    M    6  7.4 13  30   M    M  10 12     14  50
 5  12  -4   4 -10  61   0 0.00  0.0    5  7.9 13  10   M    M   2        15  10
 6   4  -9  -2 -16  67   0 0.00  0.0    5 13.8 20  20   M    M   0        25  30
 7   3 -18  -7 -21  72   0 0.00  0.0    5 13.8 21  20   M    M   1        26  30
 8   6  -6   0 -14  65   0 0.00  0.0    5 13.1 21  20   M    M   2        24  30
 9  13  -2   6  -8  59   0 0.00  0.0    5 12.7 18  20   M    M   2        22  20
10  16   1   9  -5  56   0 0.00  0.0    5 10.4 15 320   M    M   1        17 320
11  23   3  13  -1  52   0 0.00  0.0    5 12.6 21  20   M    M   3        26  30
12  22  11  17   3  48   0 0.00  0.0    5 15.3 23  20   M    M   4        32  10
13  19   3  11  -3  54   0 0.00  0.0    5 12.3 16 330   M    M   1        26 330
14  10  -3   4 -10  61   0    T    T    5 12.6 21 320   M    M   1 1      25 320
15   7  -7   0 -15  65   0    T    T    5 18.0 24 330   M    M   1 189    32 330
16   6  -9  -1 -16  66   0 0.00  0.0    5  9.6 14 320   M    M   1        22 340
17   8  -5   2 -13  63   0 0.00  0.0    5  7.6 13  40   M    M   3        15 340
18  10  -3   4 -11  61   0 0.00  0.0    5 12.0 21  10   M    M   4        23  10
19  11  -7   2 -13  63   0 0.00  0.0    5  8.3 15  10   M    M   0        17  10
20  11  -8   2 -13  63   0 0.00  0.0    0  7.8 13 330   M    M   0        16 340
21  14  -4   5 -11  60   0 0.00  0.0    5 12.8 22  10   M    M   0        26  30
22  18  -1   9  -7  56   0 0.00  0.0    5 10.4 18  10   M    M   0        21  10
================================================================================
SM  252  -80      1337   0  0.01    T    255.8          M       41
================================================================================
AV 11.5 -3.6                              11.6 FASTST   M    M   2    MAX(MPH)
                                 MISC ---->  # 25 330               # 33  310
================================================================================
NOTES:
# LAST OF SEVERAL OCCURRENCES

COLUMN 17 PEAK WIND IN M.P.H.

PRELIMINARY LOCAL CLIMATOLOGICAL DATA (WS FORM: F-6) , PAGE 2

                                          STATION:  BETHEL
                                          MONTH:    MARCH
                                          YEAR:     2017
                                          LATITUDE:   60 46 N
                                          LONGITUDE: 161 48 W

[TEMPERATURE DATA]      [PRECIPITATION DATA]       SYMBOLS USED IN COLUMN 16

AVERAGE MONTHLY:  3.9   TOTAL FOR MONTH:   0.01    1 = FOG OR MIST
DPTR FM NORMAL: -10.5   DPTR FM NORMAL:   -0.49    2 = FOG REDUCING VISIBILITY
HIGHEST:    23 ON 11    GRTST 24HR  0.01 ON  4- 4      TO 1/4 MILE OR LESS
LOWEST:    -18 ON  7                               3 = THUNDER
                        SNOW, ICE PELLETS, HAIL    4 = ICE PELLETS
                        TOTAL MONTH:    T          5 = HAIL
                        GRTST 24HR    T  ON 15-15  6 = FREEZING RAIN OR DRIZZLE
                        GRTST DEPTH:   6 ON  4, 3  7 = DUSTSTORM OR SANDSTORM:
                                                       VSBY 1/2 MILE OR LESS
                                                   8 = SMOKE OR HAZE
[NO. OF DAYS WITH]      [WEATHER - DAYS WITH]      9 = BLOWING SNOW
                                                   X = TORNADO
MAX 32 OR BELOW:  22    0.01 INCH OR MORE:   1
MAX 90 OR ABOVE:   0    0.10 INCH OR MORE:   0
MIN 32 OR BELOW:  22    0.50 INCH OR MORE:   0
MIN  0 OR BELOW:  17    1.00 INCH OR MORE:   0

[HDD (BASE 65) ]
TOTAL THIS MO.  1337    CLEAR  (SCALE 0-3)  18
DPTR FM NORMAL   222    PTCLDY (SCALE 4-7)   3
TOTAL FM JUL 1  9597    CLOUDY (SCALE 8-10)  1
DPTR FM NORMAL  -256

[CDD (BASE 65) ]
TOTAL THIS MO.     0
DPTR FM NORMAL     0    [PRESSURE DATA]
TOTAL FM JAN 1     0    HIGHEST SLP M ON M
DPTR FM NORMAL     0    LOWEST  SLP 29.96 ON 18

[REMARKS]
