000
CXUS55 KCYS 181610
CF6BFF
PRELIMINARY LOCAL CLIMATOLOGICAL DATA (WS FORM: F-6)
STATION: SCOTTSBLUFF NE AIRPORT
MONTH: APRIL
YEAR: 2024
LATITUDE: 41 52 N
LONGITUDE: 103 36 W
TEMPERATURE IN F: :PCPN: SNOW: WIND :SUNSHINE: SKY :PK WND
================================================================================
1 2 3 4 5 6A 6B 7 8 9 10 11 12 13 14 15 16 17 18
12Z AVG MX 2MIN
DY MAX MIN AVG DEP HDD CDD WTR SNW DPTH SPD SPD DIR MIN PSBL S-S WX SPD DR
================================================================================
1 48 31 40 -5 25 0 0.00 0.0 0 11.5 23 340 M M 9 8 31 320
2 63 29 46 1 19 0 0.00 0.0 0 12.0 28 310 M M 2 43 340
3 75 27 51 6 14 0 0.00 0.0 0 8.1 24 340 M M 1 33 350
4 78 35 57 12 8 0 0.00 0.0 0 12.6 26 120 M M 1 37 120
5 72 42 57 12 8 0 0.00 0.0 0 19.9 32 120 M M 0 42 110
6 63 34 49 3 16 0 0.50 M M 24.5 47 300 M M 4 1 65 300
7 46 34 40 -6 25 0 0.15 3.0 2 26.4 45 300 M M 8 1 65 300
8 52 32 42 -4 23 0 0.00 0.0 T 13.9 32 310 M M 4 44 300
9 63 26 45 -1 20 0 0.00 0.0 0 6.9 23 330 M M 1 32 320
10 61 31 46 0 19 0 0.00 0.0 0 12.8 29 330 M M 4 8 38 340
11 62 24 43 -3 22 0 0.00 0.0 0 5.9 12 260 M M 0 21 280
12 78 32 55 9 10 0 0.00 0.0 0 6.5 13 110 M M 0 16 110
13 85 38 62 15 3 0 0.00 0.0 M 8.3 20 250 M M 0 31 350
14 84 39 62 15 3 0 0.00 0.0 0 10.7 22 130 M M 0 29 140
15 82 49 66 19 0 1 0.00 0.0 0 13.2 44 270 M M 0 8 64 260
16 68 40 54 7 11 0 0.04 M M 20.3 44 320 M M 4 1 58 300
17 63 37 50 2 15 0 0.02 M M 9.8 31 10 M M 6 39 30
================================================================================
SM 1143 580 241 1 0.71 3.0 223.3 M 44
================================================================================
AV 67.2 34.1 13.1 FASTST M M 3 MAX(MPH)
MISC ----> 47 300 # 65 300
================================================================================
NOTES:
# LAST OF SEVERAL OCCURRENCES
COLUMN 17 PEAK WIND IN M.P.H.
PRELIMINARY LOCAL CLIMATOLOGICAL DATA (WS FORM: F-6) , PAGE 2
STATION: SCOTTSBLUFF NE AIRPORT
MONTH: APRIL
YEAR: 2024
LATITUDE: 41 52 N
LONGITUDE: 103 36 W
[TEMPERATURE DATA] [PRECIPITATION DATA] SYMBOLS USED IN COLUMN 16
AVERAGE MONTHLY: 50.7 TOTAL FOR MONTH: 0.71 1 = FOG OR MIST
DPTR FM NORMAL: 4.6 DPTR FM NORMAL: -0.29 2 = FOG REDUCING VISIBILITY
HIGHEST: 85 ON 13 GRTST 24HR 0.65 ON 6- 7 TO 1/4 MILE OR LESS
LOWEST: 24 ON 11 3 = THUNDER
SNOW, ICE PELLETS, HAIL 4 = ICE PELLETS
TOTAL MONTH: 3.0 INCHES 5 = HAIL
GRTST 24HR 3.0 ON 7- 7 6 = FREEZING RAIN OR DRIZZLE
GRTST DEPTH: 2 ON 7 7 = DUSTSTORM OR SANDSTORM:
VSBY 1/2 MILE OR LESS
8 = SMOKE OR HAZE
[NO. OF DAYS WITH] [WEATHER - DAYS WITH] 9 = BLOWING SNOW
X = TORNADO
MAX 32 OR BELOW: 0 0.01 INCH OR MORE: 4
MAX 90 OR ABOVE: 0 0.10 INCH OR MORE: 2
MIN 32 OR BELOW: 8 0.50 INCH OR MORE: 1
MIN 0 OR BELOW: 0 1.00 INCH OR MORE: 0
[HDD (BASE 65) ]
TOTAL THIS MO. 241 CLEAR (SCALE 0-3) 10
DPTR FM NORMAL -82 PTCLDY (SCALE 4-7) 6
TOTAL FM JUL 1 5305 CLOUDY (SCALE 8-10) 1
DPTR FM NORMAL -503
[CDD (BASE 65) ]
TOTAL THIS MO. 1
DPTR FM NORMAL 1 [PRESSURE DATA]
TOTAL FM JAN 1 1 HIGHEST SLP M ON M
DPTR FM NORMAL 1 LOWEST SLP 29.23 ON 15
[REMARKS]