000
CXUS56 KHNX 251146
CF6BFL
PRELIMINARY LOCAL CLIMATOLOGICAL DATA (WS FORM: F-6)

                                          STATION:   BAKERSFIELD CA
                                          MONTH:     SEPTEMBER
                                          YEAR:      2016
                                          LATITUDE:   35 25 N
                                          LONGITUDE: 119  3 W

  TEMPERATURE IN F:       :PCPN:    SNOW:  WIND      :SUNSHINE: SKY     :PK WND
================================================================================
1   2   3   4   5  6A  6B    7    8   9   10  11  12  13   14  15   16   17  18
                                     12Z  AVG MX 2MIN
DY MAX MIN AVG DEP HDD CDD  WTR  SNW DPTH SPD SPD DIR MIN PSBL S-S WX    SPD DR
================================================================================

 1  94  68  81   1   0  16 0.00  0.0    0  6.5 14 280   M    M   0        17 280
 2  94  66  80   0   0  15 0.00  0.0    0  6.7 15 290   M    M   0        20 290
 3  94  67  81   1   0  16 0.00  0.0    0  6.9 16 310   M    M   0        21 290
 4  85  63  74  -6   0   9 0.00  0.0    0  7.7 17 300   M    M   0        23 300
 5  85  61  73  -6   0   8 0.00  0.0    0  5.2 16 310   M    M   0        23 290
 6  92  63  78  -1   0  13 0.00  0.0    0  5.1 14 320   M    M   0        20 320
 7  97  65  81   2   0  16 0.00  0.0    0  6.7 15 310   M    M   0        20 320
 8  97  68  83   4   0  18 0.00  0.0    0  5.1 15 300   M    M   0        17 310
 9  95  70  83   4   0  18 0.00  0.0    0  5.3 14 280   M    M   0        17 290
10  98  71  85   7   0  20 0.00  0.0    0  5.4 13 310   M    M   0        18 290
11  97  70  84   6   0  19 0.00  0.0    0  5.4 16 350   M    M   0        22 310
12  93  64  79   1   0  14 0.00  0.0    0  8.0 22 320   M    M   0 8      26 320
13  76  56  66 -12   0   1 0.00  0.0    0  8.3 16 350   M    M   0        23 340
14  80  56  68 -10   0   3 0.00  0.0    0  5.3 13 270   M    M   0        16 290
15  86  59  73  -4   0   8 0.00  0.0    0  4.0 15 290   M    M   0        19 290
16  90  62  76  -1   0  11 0.00  0.0    0  5.9 15 310   M    M   0        19 300
17  95  66  81   4   0  16 0.00  0.0    0  5.5 14 300   M    M   0        21 320
18 102  66  84   7   0  19 0.00  0.0    0  5.9 17 310   M    M   0        21 310
19 105  69  87  11   0  22 0.00  0.0    0  7.3 18 360   M    M   0 8      22 360
20  96  77  87  11   0  22 0.00  0.0    0  6.0 14 320   M    M   0 8      18 320
21  92  68  80   4   0  15 0.00  0.0    0  8.2 17 320   M    M   1        20 310
22  76  55  66 -10   0   1 0.00  0.0    0  8.5 20 320   M    M   0        24 310
23  80  56  68  -7   0   3 0.00  0.0    0  5.9 14 310   M    M   0        19 290
24  86  58  72  -3   0   7 0.00  0.0    0  5.5 14 280   M    M   0        20 290
================================================================================
SM 2185 1544         0 310  0.00     0.0 150.3          M        1
================================================================================
AV 91.0 64.3                               6.3 FASTST   M    M   0    MAX(MPH)
                                 MISC ---->  # 22 320               # 26  320
================================================================================
NOTES:
# LAST OF SEVERAL OCCURRENCES

COLUMN 17 PEAK WIND IN M.P.H.

PRELIMINARY LOCAL CLIMATOLOGICAL DATA (WS FORM: F-6) , PAGE 2

                                          STATION:  BAKERSFIELD CA
                                          MONTH:    SEPTEMBER
                                          YEAR:     2016
                                          LATITUDE:   35 25 N
                                          LONGITUDE: 119  3 W

[TEMPERATURE DATA]      [PRECIPITATION DATA]       SYMBOLS USED IN COLUMN 16

AVERAGE MONTHLY: 77.7   TOTAL FOR MONTH:   0.00    1 = FOG OR MIST
DPTR FM NORMAL:  -0.1   DPTR FM NORMAL:   -0.06    2 = FOG REDUCING VISIBILITY
HIGHEST:   105 ON 19    GRTST 24HR  0.00 ON 24-24      TO 1/4 MILE OR LESS
LOWEST:     55 ON 22                               3 = THUNDER
                        SNOW, ICE PELLETS, HAIL    4 = ICE PELLETS
                        TOTAL MONTH:   0.0 INCH    5 = HAIL
                        GRTST 24HR     0.0         6 = FREEZING RAIN OR DRIZZLE
                        GRTST DEPTH:   0           7 = DUSTSTORM OR SANDSTORM:
                                                       VSBY 1/2 MILE OR LESS
                                                   8 = SMOKE OR HAZE
[NO. OF DAYS WITH]      [WEATHER - DAYS WITH]      9 = BLOWING SNOW
                                                   X = TORNADO
MAX 32 OR BELOW:   0    0.01 INCH OR MORE:   0
MAX 90 OR ABOVE:  16    0.10 INCH OR MORE:   0
MIN 32 OR BELOW:   0    0.50 INCH OR MORE:   0
MIN  0 OR BELOW:   0    1.00 INCH OR MORE:   0

[HDD (BASE 65) ]
TOTAL THIS MO.     0    CLEAR  (SCALE 0-3)  24
DPTR FM NORMAL     0    PTCLDY (SCALE 4-7)   0
TOTAL FM JUL 1     0    CLOUDY (SCALE 8-10)  0
DPTR FM NORMAL     0

[CDD (BASE 65) ]
TOTAL THIS MO.   310
DPTR FM NORMAL     3    [PRESSURE DATA]
TOTAL FM JAN 1  2503    HIGHEST SLP M ON M
DPTR FM NORMAL   428    LOWEST  SLP 29.70 ON  3

[REMARKS]
