000
CXUS54 KAMA 221015
CF6BGD
PRELIMINARY LOCAL CLIMATOLOGICAL DATA (WS FORM: F-6)

                                          STATION:   BORGER
                                          MONTH:     JANUARY
                                          YEAR:      2017
                                          LATITUDE:   35 42 N
                                          LONGITUDE: 101 24 W

  TEMPERATURE IN F:       :PCPN:    SNOW:  WIND      :SUNSHINE: SKY     :PK WND
================================================================================
1   2   3   4   5  6A  6B    7    8   9   10  11  12  13   14  15   16   17  18
                                     12Z  AVG MX 2MIN
DY MAX MIN AVG DEP HDD CDD  WTR  SNW DPTH SPD SPD DIR MIN PSBL S-S WX    SPD DR
================================================================================

 1  66  27  47  10  18   0 0.00  0.0    0 12.3 31 230   M    M   1        43 230
 2  62  37  50  13  15   0 0.00  0.0    0  9.2 20 260   M    M   0        26 250
 3  39  24  32  -5  33   0 0.00  0.0    0 12.5 22 360   M    M   5        28 350
 4  46  18  32  -6  33   0 0.00  0.0    0  9.9 22  40   M    M   0        30  50
 5  20  11  16 -22  49   0 0.13    M    0 10.9 20  20   M    M   7 128    24  50
 6  22   9  16 -22  49   0 0.03    M    4  5.5 13 320   M    M   5 1      17 310
 7  34   4  19 -19  46   0 0.00  0.0    M  8.1 18 170   M    M   0        25 180
 8  49  25  37  -1  28   0 0.00  0.0    0 10.8 22 190   M    M   0        31 190
 9  75  30  53  15  12   0 0.00  0.0    0 11.0 29 240   M    M   0        42 250
10  66  49  58  20   7   0 0.00  0.0    0 16.7 41 250   M    M   0        56 230
11  75  44  60  22   5   0 0.00  0.0    0 16.1 31 240   M    M   0        39 240
12  51  20  36  -2  29   0 0.00  0.0    0  8.2 16  40   M    M   0        27  70
13  31  23  27 -11  38   0 0.00  0.0    0  5.7 14  50   M    M  10        18  40
14  32  29  31  -7  34   0 1.42    M    0  6.0 15  60   M    M  10 136    20  70
15  33  32  33  -6  32   0 0.84    M    0  6.6 16 360   M    M   9 1236   21 360
16  42  29  36  -3  29   0 0.14    M    M  7.6 21 330   M    M   9 1      28 330
17  54  36  45   6  20   0 0.00  0.0    0  5.7 16 200   M    M   5        22 200
18  60  38  49  10  16   0 0.04  0.0    0 12.4 21 180   M    M   3 1      29 190
19  61  36  49  10  16   0 0.00  0.0    0  8.8 17 180   M    M   0 1      24 190
20  60  31  46   7  19   0 0.00  0.0    0 13.8 35 250   M    M   4 12     46 250
21  59  42  51  12  14   0 0.46  0.0    0  9.4 28 350   M    M   6 1      38 360
================================================================================
SM 1037  594       542   0  3.06     0.0 207.2          M       74
================================================================================
AV 49.4 28.3                               9.9 FASTST   M    M   4    MAX(MPH)
                                 MISC ---->  # 41 250               # 56  230
================================================================================
NOTES:
# LAST OF SEVERAL OCCURRENCES

COLUMN 17 PEAK WIND IN M.P.H.

PRELIMINARY LOCAL CLIMATOLOGICAL DATA (WS FORM: F-6) , PAGE 2

                                          STATION:  BORGER
                                          MONTH:    JANUARY
                                          YEAR:     2017
                                          LATITUDE:   35 42 N
                                          LONGITUDE: 101 24 W

[TEMPERATURE DATA]      [PRECIPITATION DATA]       SYMBOLS USED IN COLUMN 16

AVERAGE MONTHLY: 38.8   TOTAL FOR MONTH:   3.06    1 = FOG OR MIST
DPTR FM NORMAL:   0.6   DPTR FM NORMAL:    2.71    2 = FOG REDUCING VISIBILITY
HIGHEST:    75 ON 11, 9 GRTST 24HR  1.92 ON 14-15      TO 1/4 MILE OR LESS
LOWEST:      4 ON  7                               3 = THUNDER
                        SNOW, ICE PELLETS, HAIL    4 = ICE PELLETS
                        TOTAL MONTH:   0.0 INCH    5 = HAIL
                        GRTST 24HR     0.0         6 = FREEZING RAIN OR DRIZZLE
                        GRTST DEPTH:   4 ON  6     7 = DUSTSTORM OR SANDSTORM:
                                                       VSBY 1/2 MILE OR LESS
                                                   8 = SMOKE OR HAZE
[NO. OF DAYS WITH]      [WEATHER - DAYS WITH]      9 = BLOWING SNOW
                                                   X = TORNADO
MAX 32 OR BELOW:   4    0.01 INCH OR MORE:   7
MAX 90 OR ABOVE:   0    0.10 INCH OR MORE:   5
MIN 32 OR BELOW:  14    0.50 INCH OR MORE:   2
MIN  0 OR BELOW:   0    1.00 INCH OR MORE:   1

[HDD (BASE 65) ]
TOTAL THIS MO.   542    CLEAR  (SCALE 0-3)  11
DPTR FM NORMAL   -22    PTCLDY (SCALE 4-7)   6
TOTAL FM JUL 1  1686    CLOUDY (SCALE 8-10)  4
DPTR FM NORMAL  -415

[CDD (BASE 65) ]
TOTAL THIS MO.     0
DPTR FM NORMAL     0    [PRESSURE DATA]
TOTAL FM JAN 1     0    HIGHEST SLP M ON M
DPTR FM NORMAL     0    LOWEST  SLP 29.25 ON 21

[REMARKS]
