000
CXUS51 KBGM 280800
CF6BGM
PRELIMINARY LOCAL CLIMATOLOGICAL DATA (WS FORM: F-6)

                                          STATION:   BINGHAMTON NY
                                          MONTH:     JULY
                                          YEAR:      2015
                                          LATITUDE:   42 13 N
                                          LONGITUDE:  75 59 W

  TEMPERATURE IN F:       :PCPN:    SNOW:  WIND      :SUNSHINE: SKY     :PK WND
================================================================================
1   2   3   4   5  6A  6B    7    8   9   10  11  12  13   14  15   16   17  18
                                     12Z  AVG MX 2MIN
DY MAX MIN AVG DEP HDD CDD  WTR  SNW DPTH SPD SPD DIR MIN PSBL S-S WX    SPD DR
================================================================================

 1  71  60  66  -2   0   1 0.69  0.0    0  8.7 21 280   M    M   6 13     30 280
 2  72  54  63  -5   2   0 0.00  0.0    0  6.1 13 360   M    M   5 1      17 350
 3  73  50  62  -6   3   0 0.00  0.0    0  3.5  9 190   M    M   0        23 200
 4  65  59  62  -6   3   0 0.37  0.0    0  5.1 13 160   M    M   8 1      18 170
 5  77  57  67  -1   0   2 0.00  0.0    0  3.7 12 330   M    M   4 12     15 300
 6  76  56  66  -2   0   1 0.01  0.0    0  5.8 13 160   M    M   3 1      17 150
 7  81  68  75   7   0  10 0.10  0.0    0  8.6 16 220   M    M   6 18     22 200
 8  73  59  66  -2   0   1 0.07  0.0    0  7.6 16 340   M    M   6 18     21 320
 9  70  57  64  -5   1   0 0.22  0.0    0  5.8 16 330   M    M   8 12     24 300
10  76  56  66  -3   0   1    T  0.0    0  7.0 14 340   M    M   4 1      19 330
11  79  55  67  -2   0   2 0.00  0.0    0  4.4 13 310   M    M   1 1      16 310
12  79  58  69   0   0   4 0.00  0.0    0  2.8  9 290   M    M   0        14 290
13  81  61  71   2   0   6 0.00  0.0    0  5.4 14 160   M    M   2 1      19 140
14  76  63  70   1   0   5 0.70  0.0    0  7.4 20 270   M    M   7 13     28 270
15  65  52  59 -10   6   0    T  0.0    0  9.3 20 350   M    M   7 12     23 350
16  74  49  62  -7   3   0 0.00  0.0    0  5.6 13 360   M    M   0        17  10
17  73  53  63  -6   2   0 0.01  0.0    0  8.1 15 190   M    M   4        25 210
18  85  67  76   7   0  11 0.57  0.0    0  6.4 21 300   M    M   5 13     28 300
19  86  65  76   7   0  11 1.10  0.0    0  7.8 23  20   M    M   3 13     37 310
20  81  66  74   5   0   9    T  0.0    0  5.7 13 270   M    M   2        18 270
21  80  60  70   1   0   5 0.13  0.0    0  6.7 25 330   M    M   2 13     38 330
22  73  53  63  -6   2   0 0.00  0.0    0  7.8 18 350   M    M   2        27 290
23  73  53  63  -6   2   0 0.00  0.0    0  6.3 15 350   M    M   2        23 270
24  77  55  66  -3   0   1 0.00  0.0    0  3.8 12 340   M    M   1        16 290
25  78  56  67  -2   0   2 0.27  0.0    0  5.0 14 280   M    M   5 138    20 280
26  82  63  73   4   0   8 0.62    T    0  6.4 22 260   M    M   2 138    30 270
27  83  61  72   3   0   7 0.00  0.0    0  2.4  8 340   M    M   1 12     10  70
================================================================================
SM 2059 1566        24  87  4.86    T    163.2          M       96
================================================================================
AV 76.3 58.0                               6.0 FASTST   M    M   4    MAX(MPH)
                                 MISC ---->  # 25 330               # 38  330
================================================================================
NOTES:
# LAST OF SEVERAL OCCURRENCES

COLUMN 17 PEAK WIND IN M.P.H.

PRELIMINARY LOCAL CLIMATOLOGICAL DATA (WS FORM: F-6) , PAGE 2

                                          STATION:  BINGHAMTON NY
                                          MONTH:    JULY
                                          YEAR:     2015
                                          LATITUDE:   42 13 N
                                          LONGITUDE:  75 59 W

[TEMPERATURE DATA]      [PRECIPITATION DATA]       SYMBOLS USED IN COLUMN 16

AVERAGE MONTHLY: 67.1   TOTAL FOR MONTH:   4.86    1 = FOG OR MIST
DPTR FM NORMAL:  -1.6   DPTR FM NORMAL:    1.63    2 = FOG REDUCING VISIBILITY
HIGHEST:    86 ON 19    GRTST 24HR  1.39 ON 30- 1      TO 1/4 MILE OR LESS
LOWEST:     49 ON 16                               3 = THUNDER
                        SNOW, ICE PELLETS, HAIL    4 = ICE PELLETS
                        TOTAL MONTH:    T          5 = HAIL
                        GRTST 24HR    T  ON 26-26  6 = FREEZING RAIN OR DRIZZLE
                        GRTST DEPTH:   0           7 = DUSTSTORM OR SANDSTORM:
                                                       VSBY 1/2 MILE OR LESS
                                                   8 = SMOKE OR HAZE
[NO. OF DAYS WITH]      [WEATHER - DAYS WITH]      9 = BLOWING SNOW
                                                   X = TORNADO
MAX 32 OR BELOW:   0    0.01 INCH OR MORE:  13
MAX 90 OR ABOVE:   0    0.10 INCH OR MORE:  10
MIN 32 OR BELOW:   0    0.50 INCH OR MORE:   5
MIN  0 OR BELOW:   0    1.00 INCH OR MORE:   1

[HDD (BASE 65) ]
TOTAL THIS MO.    24    CLEAR  (SCALE 0-3)  13
DPTR FM NORMAL    -3    PTCLDY (SCALE 4-7)  14
TOTAL FM JUL 1    24    CLOUDY (SCALE 8-10)  0
DPTR FM NORMAL    -3

[CDD (BASE 65) ]
TOTAL THIS MO.    87
DPTR FM NORMAL   -38    [PRESSURE DATA]
TOTAL FM JAN 1   210    HIGHEST SLP M ON M
DPTR FM NORMAL   -12    LOWEST  SLP 29.52 ON 14

[REMARKS]
