000
CXUS54 KBMX 271216
CF6BHM
PRELIMINARY LOCAL CLIMATOLOGICAL DATA (WS FORM: F-6)

                                          STATION:   BIRMINGHAM
                                          MONTH:     JULY
                                          YEAR:      2014
                                          LATITUDE:   33 34 N
                                          LONGITUDE:  86 45 W

  TEMPERATURE IN F:       :PCPN:    SNOW:  WIND      :SUNSHINE: SKY     :PK WND
================================================================================
1   2   3   4   5  6A  6B    7    8   9   10  11  12  13   14  15   16   17  18
                                     12Z  AVG MX 2MIN
DY MAX MIN AVG DEP HDD CDD  WTR  SNW DPTH SPD SPD DIR MIN PSBL S-S WX    SPD DR
================================================================================

 1  93  72  83   3   0  18 0.00  0.0    0  3.4 13 220   M    M   2        16 220
 2  93  72  83   3   0  18    T  0.0    0  5.4 25 290   M    M   5        33 280
 3  86  67  77  -3   0  12 0.00  0.0    0  7.6 17 350   M    M   6        25 300
 4  85  61  73  -8   0   8 0.00  0.0    0  6.7 20 330   M    M   3        28 320
 5  89  58  74  -7   0   9 0.00  0.0    0  3.1 12 120   M    M   2 18     17 110
 6  88  71  80  -1   0  15 0.00  0.0    0  3.5 17 220   M    M   5        21 220
 7  92  67  80  -1   0  15 0.00  0.0    0  3.7 14 210   M    M   2 1      18 280
 8  93  76  85   4   0  20 0.00  0.0    0  9.7 20 250   M    M   6        24 240
 9  88  74  81   0   0  16 0.00  0.0    0  6.5 15 280   M    M   7        18 280
10  89  74  82   1   0  17 0.00  0.0    0  4.9 13 290   M    M   7 1      17 270
11  93  71  82   1   0  17 0.00  0.0    0  3.4 12 350   M    M   7 1      16 340
12  94  74  84   3   0  19 0.00  0.0    0  3.5 13  90   M    M   2        16  60
13  95  73  84   3   0  19 0.21  0.0    0  3.2 22 260   M    M   6 13     26 260
14  95  73  84   3   0  19 0.48  0.0    0  7.0 30 310   M    M   4 138    43 310
15  84  67  76  -5   0  11 0.01  0.0    0  5.1 14 350   M    M   6 3      17 360
16  83  62  73  -8   0   8 0.00  0.0    0  5.4 14 330   M    M   3        17 340
17  84  60  72  -9   0   7 0.00  0.0    0  2.8 12 340   M    M   6        14 340
18  76  68  72  -9   0   7 0.14  0.0    0  4.8 14 140   M    M  10 1      20 140
19  87  69  78  -3   0  13 0.05  0.0    0  7.0 16 260   M    M   7 1      20 270
20  87  67  77  -4   0  12 0.00  0.0    0  2.3  9 270   M    M   7        12 280
21  89  71  80  -1   0  15 0.03  0.0    0  3.0 17 350   M    M   6 1      21 350
22  87  73  80  -1   0  15    T  0.0    0  3.8 10 150   M    M   7 1      15 120
23  89  71  80  -1   0  15    T  0.0    0  2.8 14 320   M    M   5 3      21 200
24  90  71  81   0   0  16    T  0.0    0  4.9 16 330   M    M   5        20 330
25  91  67  79  -2   0  14 0.00  0.0    0  3.5 13 340   M    M   3 1      17 310
26  95  65  80  -1   0  15 0.00  0.0    0  3.5 14 260   M    M   2        18 230
================================================================================
SM 2315 1794         0 370  0.92     0.0 120.5          M      131
================================================================================
AV 89.0 69.0                               4.6 FASTST   M    M   5    MAX(MPH)
                                 MISC ---->  # 30 310               # 43  310
================================================================================
NOTES:
# LAST OF SEVERAL OCCURRENCES

COLUMN 17 PEAK WIND IN M.P.H.

PRELIMINARY LOCAL CLIMATOLOGICAL DATA (WS FORM: F-6) , PAGE 2

                                          STATION:  BIRMINGHAM
                                          MONTH:    JULY
                                          YEAR:     2014
                                          LATITUDE:   33 34 N
                                          LONGITUDE:  86 45 W

[TEMPERATURE DATA]      [PRECIPITATION DATA]       SYMBOLS USED IN COLUMN 16

AVERAGE MONTHLY: 79.0   TOTAL FOR MONTH:   0.92    1 = FOG OR MIST
DPTR FM NORMAL:  -1.9   DPTR FM NORMAL:   -3.16    2 = FOG REDUCING VISIBILITY
HIGHEST:    95 ON 26,14 GRTST 24HR  0.49 ON 14-15      TO 1/4 MILE OR LESS
LOWEST:     58 ON  5                               3 = THUNDER
                        SNOW, ICE PELLETS, HAIL    4 = ICE PELLETS
                        TOTAL MONTH:   0.0 INCH    5 = HAIL
                        GRTST 24HR     0.0         6 = FREEZING RAIN OR DRIZZLE
                        GRTST DEPTH:   0           7 = DUSTSTORM OR SANDSTORM:
                                                       VSBY 1/2 MILE OR LESS
                                                   8 = SMOKE OR HAZE
[NO. OF DAYS WITH]      [WEATHER - DAYS WITH]      9 = BLOWING SNOW
                                                   X = TORNADO
MAX 32 OR BELOW:   0    0.01 INCH OR MORE:   6
MAX 90 OR ABOVE:  11    0.10 INCH OR MORE:   3
MIN 32 OR BELOW:   0    0.50 INCH OR MORE:   0
MIN  0 OR BELOW:   0    1.00 INCH OR MORE:   0

[HDD (BASE 65) ]
TOTAL THIS MO.     0    CLEAR  (SCALE 0-3)   6
DPTR FM NORMAL     0    PTCLDY (SCALE 4-7)  19
TOTAL FM JUL 1     0    CLOUDY (SCALE 8-10)  1
DPTR FM NORMAL     0

[CDD (BASE 65) ]
TOTAL THIS MO.   370
DPTR FM NORMAL   -43    [PRESSURE DATA]
TOTAL FM JAN 1  1069    HIGHEST SLP M ON M
DPTR FM NORMAL    -8    LOWEST  SLP 29.85 ON 15

[REMARKS]
