000
CXUS53 KBIS 220851
CF6BIS
PRELIMINARY LOCAL CLIMATOLOGICAL DATA (WS FORM: F-6)

                                          STATION:   BISMARCK ND
                                          MONTH:     JANUARY
                                          YEAR:      2017
                                          LATITUDE:   46 46 N
                                          LONGITUDE: 100 45 W

  TEMPERATURE IN F:       :PCPN:    SNOW:  WIND      :SUNSHINE: SKY     :PK WND
================================================================================
1   2   3   4   5  6A  6B    7    8   9   10  11  12  13   14  15   16   17  18
                                     12Z  AVG MX 2MIN
DY MAX MIN AVG DEP HDD CDD  WTR  SNW DPTH SPD SPD DIR MIN PSBL S-S WX    SPD DR
================================================================================

 1  27  15  21   8  44   0 0.06  1.8   13  9.0 18  70   M    M  10 1      23  80
 2  15   3   9  -4  56   0 0.30  7.8   21 14.6 23  50   M    M  10 12     29 320
 3   3 -14  -5 -18  70   0    T    T   21 14.6 22 320   M    M   1 18     30 320
 4   0 -24 -12 -25  77   0    T    T   20  6.5 15 280   M    M   6 18     18 280
 5   2  -9  -3 -15  68   0    T    T   15  8.7 17 330   M    M  10 8      21 320
 6   4 -19  -7 -19  72   0 0.03  0.2   13  3.9 12 280   M    M   6 18     13 290
 7  -4 -30 -17 -29  82   0 0.00  0.0   13  5.3 12  70   M    M   0 18     14  90
 8   6 -20  -7 -19  72   0 0.00  0.0   13  9.8 25 310   M    M   3 189    34 310
 9   5  -3   1 -11  64   0 0.08  0.8   13  7.6 14 130   M    M   8 18      M  M
10   9  -5   2 -10  63   0 0.12  3.2   14 11.9 24 320   M    M   5 19     30 320
11   4 -26 -11 -23  76   0 0.02  0.2   15  6.6 16 320   M    M   3        22 310
12   7 -24  -8 -20  73   0 0.00  0.0   14 11.1 28 330   M    M   0 89     38 330
13  13 -25  -6 -18  71   0 0.00  0.0   12  7.4 16 200   M    M   2 8      19 210
14   6 -15  -4 -16  69   0 0.00  0.0   12  2.9 10 150   M    M   0 1      11 150
15  13 -15  -1 -13  66   0 0.00  0.0   11  2.5 10 140   M    M   0 18     11 150
16  27 -10   9  -3  56   0 0.00  0.0   11  3.8 12 290   M    M   0 18     13 310
17  34  -1  17   5  48   0 0.00  0.0   11  3.3 12 240   M    M   0 18     15 230
18  33  16  25  13  40   0 0.00  0.0   11  3.7 10 120   M    M   0        11 130
19  27   8  18   5  47   0 0.00  0.0   11  4.3 10 130   M    M   0 128    11 130
20  32  11  22   9  43   0    T  0.0   16  2.5  7 290   M    M  10 12      9 260
21  32  14  23  10  42   0    T    M   16  3.7  8 270   M    M   9 12     13 260
================================================================================
SM  295 -173      1299   0  0.61    14.0 143.7          M       83
================================================================================
AV 14.1 -8.2                               6.8 FASTST   M    M   4    MAX(MPH)
                                 MISC ---->  # 28 330               # 38  330
================================================================================
NOTES:
# LAST OF SEVERAL OCCURRENCES

COLUMN 17 PEAK WIND IN M.P.H.

PRELIMINARY LOCAL CLIMATOLOGICAL DATA (WS FORM: F-6) , PAGE 2

                                          STATION:  BISMARCK ND
                                          MONTH:    JANUARY
                                          YEAR:     2017
                                          LATITUDE:   46 46 N
                                          LONGITUDE: 100 45 W

[TEMPERATURE DATA]      [PRECIPITATION DATA]       SYMBOLS USED IN COLUMN 16

AVERAGE MONTHLY:  2.9   TOTAL FOR MONTH:   0.61    1 = FOG OR MIST
DPTR FM NORMAL:  -9.4   DPTR FM NORMAL:    0.30    2 = FOG REDUCING VISIBILITY
HIGHEST:    34 ON 17    GRTST 24HR  0.34 ON  1- 2      TO 1/4 MILE OR LESS
LOWEST:    -30 ON  7                               3 = THUNDER
                        SNOW, ICE PELLETS, HAIL    4 = ICE PELLETS
                        TOTAL MONTH:  14.0 INCHES  5 = HAIL
                        GRTST 24HR   7.8 ON   M    6 = FREEZING RAIN OR DRIZZLE
                        GRTST DEPTH:  21 ON  3, 2  7 = DUSTSTORM OR SANDSTORM:
                                                       VSBY 1/2 MILE OR LESS
                                                   8 = SMOKE OR HAZE
[NO. OF DAYS WITH]      [WEATHER - DAYS WITH]      9 = BLOWING SNOW
                                                   X = TORNADO
MAX 32 OR BELOW:  19    0.01 INCH OR MORE:   6
MAX 90 OR ABOVE:   0    0.10 INCH OR MORE:   2
MIN 32 OR BELOW:  21    0.50 INCH OR MORE:   0
MIN  0 OR BELOW:  15    1.00 INCH OR MORE:   0

[HDD (BASE 65) ]
TOTAL THIS MO.  1299    CLEAR  (SCALE 0-3)  11
DPTR FM NORMAL   195    PTCLDY (SCALE 4-7)   4
TOTAL FM JUL 1  4459    CLOUDY (SCALE 8-10)  6
DPTR FM NORMAL  -145

[CDD (BASE 65) ]
TOTAL THIS MO.     0
DPTR FM NORMAL     0    [PRESSURE DATA]
TOTAL FM JAN 1     0    HIGHEST SLP M ON M
DPTR FM NORMAL     0    LOWEST  SLP 29.36 ON 21

[REMARKS]
