000
CXUS53 KGRR 211017
CF6BIV
PRELIMINARY LOCAL CLIMATOLOGICAL DATA (WS FORM: F-6)

                                          STATION:   HOLLAND
                                          MONTH:     OCTOBER
                                          YEAR:      2017
                                          LATITUDE:   42 49 N
                                          LONGITUDE:  86 10 W

  TEMPERATURE IN F:       :PCPN:    SNOW:  WIND      :SUNSHINE: SKY     :PK WND
================================================================================
1   2   3   4   5  6A  6B    7    8   9   10  11  12  13   14  15   16   17  18
                                     12Z  AVG MX 2MIN
DY MAX MIN AVG DEP HDD CDD  WTR  SNW DPTH SPD SPD DIR MIN PSBL S-S WX    SPD DR
================================================================================

 1  71  39  55  -3  10   0 0.00    M    M  6.6 15 140   M    M   0        19 150
 2  81  51  66   9   0   1 0.00    M    M  9.1 16 170   M    M   1        21 180
 3  80  59  70  13   0   5    T    M    M 10.9 23 210   M    M   6        32 200
 4  72  47  60   4   5   0 0.04    M    M  9.9 24 220   M    M   5 1      32 240
 5  77  44  61   5   4   0 0.01    M    M  3.3 13 260   M    M   6 12     16 250
 6  68  54  61   5   4   0 0.39    M    M  7.1 13 160   M    M   9 13     18 180
 7  82  62  72  16   0   7 0.59    M    M 15.0 33 250   M    M   7 1      45 250
 8  78  52  65  10   0   0    T    M    M  7.4 29 250   M    M   1        39 250
 9  77  49  63   8   2   0 0.00    M    M  3.5 12 320   M    M   1 1      14 310
10  68  55  62   8   3   0 0.36    M    M  7.5 14  80   M    M   5 1      23  60
11  58  51  55   1  10   0 1.37    M    M 12.9 22  80   M    M  10 1      31  70
12  59  51  55   1  10   0 0.00    M    M  5.4 14  80   M    M  10        18  80
13  67  57  62   8   3   0 0.00    M    M  5.9 18 210   M    M   9 1      23 220
14  64  59  62   9   3   0 1.82    M    M  9.1 24 130   M    M  10 13     32 130
15  68  47  58   5   7   0 1.01    M    M 12.3 33 220   M    M   9 13     42 230
16  59  44  52  -1  13   0 0.17    M    M  5.7 15 250   M    M   5 1      19 250
17  66  43  55   3  10   0 0.00    M    M 15.1 28 220   M    M   0        36 230
18  69  47  58   6   7   0 0.00    M    M 11.7 23 210   M    M   0        30 200
19  65  45  55   3  10   0 0.00    M    M  8.0 20 240   M    M   0        26 230
20  78  42  60   9   5   0 0.00  0.0    0  7.7 22 220   M    M   0        27 210
================================================================================
SM 1407  998       106  13  5.76     0.0 174.1          M       94
================================================================================
AV 70.4 49.9                               8.7 FASTST   M    M   5    MAX(MPH)
                                 MISC ---->  # 33 250               # 45  250
================================================================================
NOTES:
# LAST OF SEVERAL OCCURRENCES

COLUMN 17 PEAK WIND IN M.P.H.

PRELIMINARY LOCAL CLIMATOLOGICAL DATA (WS FORM: F-6) , PAGE 2

                                          STATION:  HOLLAND
                                          MONTH:    OCTOBER
                                          YEAR:     2017
                                          LATITUDE:   42 49 N
                                          LONGITUDE:  86 10 W

[TEMPERATURE DATA]      [PRECIPITATION DATA]       SYMBOLS USED IN COLUMN 16

AVERAGE MONTHLY: 60.1   TOTAL FOR MONTH:   5.76    1 = FOG OR MIST
DPTR FM NORMAL:   5.7   DPTR FM NORMAL:    3.55    2 = FOG REDUCING VISIBILITY
HIGHEST:    82 ON  7    GRTST 24HR  1.82 ON 14-14      TO 1/4 MILE OR LESS
LOWEST:     39 ON  1                               3 = THUNDER
                        SNOW, ICE PELLETS, HAIL    4 = ICE PELLETS
                        TOTAL MONTH:   0.0 INCH    5 = HAIL
                        GRTST 24HR     0.0         6 = FREEZING RAIN OR DRIZZLE
                        GRTST DEPTH:   0           7 = DUSTSTORM OR SANDSTORM:
                                                       VSBY 1/2 MILE OR LESS
                                                   8 = SMOKE OR HAZE
[NO. OF DAYS WITH]      [WEATHER - DAYS WITH]      9 = BLOWING SNOW
                                                   X = TORNADO
MAX 32 OR BELOW:   0    0.01 INCH OR MORE:   9
MAX 90 OR ABOVE:   0    0.10 INCH OR MORE:   7
MIN 32 OR BELOW:   0    0.50 INCH OR MORE:   4
MIN  0 OR BELOW:   0    1.00 INCH OR MORE:   3

[HDD (BASE 65) ]
TOTAL THIS MO.   106    CLEAR  (SCALE 0-3)   8
DPTR FM NORMAL  -116    PTCLDY (SCALE 4-7)   6
TOTAL FM JUL 1   229    CLOUDY (SCALE 8-10)  6
DPTR FM NORMAL  -123

[CDD (BASE 65) ]
TOTAL THIS MO.    13
DPTR FM NORMAL     3    [PRESSURE DATA]
TOTAL FM JAN 1   613    HIGHEST SLP M ON M
DPTR FM NORMAL   -79    LOWEST  SLP 29.46 ON  7

[REMARKS]
