000
CXUS56 KBOI 291002
CF6BKE
PRELIMINARY LOCAL CLIMATOLOGICAL DATA (WS FORM: F-6)

                                          STATION:   BAKER OR
                                          MONTH:     JULY
                                          YEAR:      2015
                                          LATITUDE:   44 50 N
                                          LONGITUDE: 117 49 W

  TEMPERATURE IN F:       :PCPN:    SNOW:  WIND      :SUNSHINE: SKY     :PK WND
================================================================================
1   2   3   4   5  6A  6B    7    8   9   10  11  12  13   14  15   16   17  18
                                     12Z  AVG MX 2MIN
DY MAX MIN AVG DEP HDD CDD  WTR  SNW DPTH SPD SPD DIR MIN PSBL S-S WX    SPD DR
================================================================================

 1  94  48  71   9   0   6 0.00    M    M  6.6 14 310   M    M   0        17 310
 2  97  49  73  11   0   8 0.00    M    M  7.4 18 330   M    M   0        24 320
 3  97  48  73  11   0   8 0.00    M    M  6.2 16 320   M    M   0        21 310
 4  95  48  72   9   0   7 0.00    M    M  4.6 13 320   M    M   0        15 320
 5  91  50  71   8   0   6 0.00    M    M  5.3 18 310   M    M   0        23 320
 6  92  48  70   7   0   5 0.00    M    M  5.1 15 330   M    M   0 8      20 310
 7  91  53  72   8   0   7    T    M    M  4.7 16 330   M    M   0        20 330
 8  90  45  68   4   0   3 0.13    M    M  7.1 25 130   M    M   M 3      31 130
 9  83  52  68   4   0   3    T    M    M  4.3 17 150   M    M   1        20 130
10  86  50  68   4   0   3 2.03    M    M  5.2 28 260   M    M   4 1      36 260
11  72  57  65   1   0   0 0.17    M    M  3.4 15 110   M    M   8 1      19 110
12  77  54  66   1   0   1 0.30    M    M  4.8 21 280   M    M   7 1      26 290
13  71  49  60  -5   5   0 0.08    M    M  3.7 17 300   M    M   3 1      22 320
14  77  47  62  -3   3   0 0.01    M    M  5.2 20 180   M    M   1        24 180
15  82  47  65   0   0   0 0.00    M    M  5.9 18 320   M    M   1        24 330
16  74  47  61  -5   4   0 0.00    M    M  9.9 24 320   M    M   0        32 330
17  77  48  63  -3   2   0 0.00    M    M 12.1 24 310   M    M   0        30 320
18  84  44  64  -2   1   0 0.00    M    M  6.5 18 310   M    M   0        26 290
19  89  45  67   1   0   2 0.00    M    M  2.3 12 170   M    M   0        13 170
20  91  49  70   4   0   5 0.00    M    M  6.0 18 340   M    M   0        23 340
21  88  48  68   2   0   3 0.00    M    M  6.2 18 320   M    M   0        26 320
22  82  50  66   0   0   1    T    M    M  5.3 14 200   M    M   2        20 200
23  85  46  66  -1   0   1    T    M    M  6.5 22 140   M    M   2        27 140
24  86  40  63  -4   2   0 0.00    M    M  5.4 18 200   M    M   0        23 330
25  84  49  67   0   0   2 0.00    M    M  9.1 25 330   M    M   0        35 330
26  74  50  62  -5   3   0 0.00    M    M 11.7 25 330   M    M   2        31 330
27  70  41  56 -11   9   0 0.00    M    M 13.1 28 320   M    M   1        35 320
28  78  33  56 -11   9   0 0.00    M    M  1.9  9 240   M    M   0        11  40
================================================================================
SM 2357 1335        38  71  2.72    M    175.5          M       32
================================================================================
AV 84.2 47.7                               6.3 FASTST   M    M   1    MAX(MPH)
                                 MISC ---->  # 28 260               # 36  260
================================================================================
NOTES:
# LAST OF SEVERAL OCCURRENCES

COLUMN 17 PEAK WIND IN M.P.H.

PRELIMINARY LOCAL CLIMATOLOGICAL DATA (WS FORM: F-6) , PAGE 2

                                          STATION:  BAKER OR
                                          MONTH:    JULY
                                          YEAR:     2015
                                          LATITUDE:   44 50 N
                                          LONGITUDE: 117 49 W

[TEMPERATURE DATA]      [PRECIPITATION DATA]       SYMBOLS USED IN COLUMN 16

AVERAGE MONTHLY: 65.9   TOTAL FOR MONTH:   2.72    1 = FOG OR MIST
DPTR FM NORMAL:   1.0   DPTR FM NORMAL:    2.13    2 = FOG REDUCING VISIBILITY
HIGHEST:    97 ON  3, 2 GRTST 24HR  2.14 ON 10-11      TO 1/4 MILE OR LESS
LOWEST:     33 ON 28                               3 = THUNDER
                        SNOW, ICE PELLETS, HAIL    4 = ICE PELLETS
                        TOTAL MONTH:    M          5 = HAIL
                        GRTST 24HR    M  ON   M    6 = FREEZING RAIN OR DRIZZLE
                        GRTST DEPTH:  M  ON   M    7 = DUSTSTORM OR SANDSTORM:
                                                       VSBY 1/2 MILE OR LESS
                                                   8 = SMOKE OR HAZE
[NO. OF DAYS WITH]      [WEATHER - DAYS WITH]      9 = BLOWING SNOW
                                                   X = TORNADO
MAX 32 OR BELOW:   0    0.01 INCH OR MORE:   6
MAX 90 OR ABOVE:   9    0.10 INCH OR MORE:   4
MIN 32 OR BELOW:   0    0.50 INCH OR MORE:   1
MIN  0 OR BELOW:   0    1.00 INCH OR MORE:   1

[HDD (BASE 65) ]
TOTAL THIS MO.    38    CLEAR  (SCALE 0-3)  23
DPTR FM NORMAL   -26    PTCLDY (SCALE 4-7)   4
TOTAL FM JUL 1    38    CLOUDY (SCALE 8-10)  0
DPTR FM NORMAL   -26

[CDD (BASE 65) ]
TOTAL THIS MO.    71
DPTR FM NORMAL     6    [PRESSURE DATA]
TOTAL FM JAN 1   140    HIGHEST SLP M ON M
DPTR FM NORMAL    57    LOWEST  SLP 29.62 ON M

[REMARKS]
