000
CXUS51 KRLX 301124
CF6BKW
PRELIMINARY LOCAL CLIMATOLOGICAL DATA (WS FORM: F-6)

                                          STATION:   BECKLEY WV
                                          MONTH:     SEPTEMBER
                                          YEAR:      2016
                                          LATITUDE:   37 46 N
                                          LONGITUDE:  81  7 W

  TEMPERATURE IN F:       :PCPN:    SNOW:  WIND      :SUNSHINE: SKY     :PK WND
================================================================================
1   2   3   4   5  6A  6B    7    8   9   10  11  12  13   14  15   16   17  18
                                     12Z  AVG MX 2MIN
DY MAX MIN AVG DEP HDD CDD  WTR  SNW DPTH SPD SPD DIR MIN PSBL S-S WX    SPD DR
================================================================================

 1  76  58  67  -1   0   2 0.39  0.0    0  4.7 16 330   M    M   5 1      21 320
 2  72  53  63  -5   2   0 0.00  0.0    0  4.9 13 130   M    M   6 12     16 130
 3  75  50  63  -4   2   0 0.00  0.0    0  4.2 13 360   M    M   1        16 350
 4  79  57  68   1   0   3 0.00  0.0    0  3.8 10 190   M    M   1        14 170
 5  82  57  70   3   0   5 0.00  0.0    0  3.5 10 330   M    M   0        13  10
 6  83  56  70   4   0   5 0.00  0.0    0  4.2 14 290   M    M   0        20 350
 7  85  62  74   8   0   9 0.00  0.0    0  5.3 16 310   M    M   1        22 300
 8  85  64  75   9   0  10 0.00  0.0    0  5.8 14 270   M    M   1        19 320
 9  86  65  76  10   0  11 0.00  0.0    0  5.4 17 270   M    M   5        22 280
10  85  65  75  10   0  10    T  0.0    0  5.7 16 200   M    M   3        20 290
11  74  52  63  -2   2   0 0.01  0.0    0  6.1 16 330   M    M   4        21 340
12  80  52  66   2   0   1 0.00  0.0    0  7.8 17 140   M    M   2        24 140
13  86  64  75  11   0  10 0.00  0.0    0  5.9 15 260   M    M   1        20 260
14  85  60  73   9   0   8 0.00  0.0    0  5.0 17 360   M    M   1        21 360
15  81  55  68   4   0   3 0.00  0.0    0  4.0 13 130   M    M   1        17 130
16  79  64  72   9   0   7 0.00  0.0    0 10.4 15 140   M    M   3        23 130
17  81  63  72   9   0   7    T  0.0    0  9.1 16 120   M    M   3        21 120
18  71  64  68   6   0   3 1.03  0.0    0  4.8 12 140   M    M   8 123    15 140
19  77  60  69   7   0   4 0.15  0.0    0  3.1 14 360   M    M   6 12     17  30
20  79  55  67   5   0   2 0.00  0.0    0  4.1 14 360   M    M   2 12     18 330
21  82  53  68   7   0   3 0.00  0.0    0  3.7 16  90   M    M   0        21 100
22  80  57  69   8   0   4 0.00  0.0    0  4.5 14 120   M    M   1        19 120
23  82  58  70  10   0   5 0.00  0.0    0  3.8 13 350   M    M   0        16 360
24  83  59  71  11   0   6 0.00  0.0    0  3.7 14 350   M    M   2        17 310
25  83  58  71  11   0   6 0.00  0.0    0  3.5 10 320   M    M   1 1      15 290
26  80  61  71  12   0   6 0.23  0.0    0  7.8 21 250   M    M   4 13     29 290
27  72  49  61   2   4   0 0.00  0.0    0  3.9 12 240   M    M   3 12     15 350
28  77  45  61   2   4   0 0.00  0.0    0  5.6 16 170   M    M   1        23 260
29  73  51  62   4   3   0 0.23  0.0    0  5.9 26 120   M    M   7 13     36 110
================================================================================
SM 2313 1667        17 130  2.04     0.0 150.2          M       73
================================================================================
AV 79.8 57.5                               5.2 FASTST   M    M   3    MAX(MPH)
                                 MISC ---->  # 26 120               # 36  110
================================================================================
NOTES:
# LAST OF SEVERAL OCCURRENCES

COLUMN 17 PEAK WIND IN M.P.H.

PRELIMINARY LOCAL CLIMATOLOGICAL DATA (WS FORM: F-6) , PAGE 2

                                          STATION:  BECKLEY WV
                                          MONTH:    SEPTEMBER
                                          YEAR:     2016
                                          LATITUDE:   37 46 N
                                          LONGITUDE:  81  7 W

[TEMPERATURE DATA]      [PRECIPITATION DATA]       SYMBOLS USED IN COLUMN 16

AVERAGE MONTHLY: 68.6   TOTAL FOR MONTH:   2.04    1 = FOG OR MIST
DPTR FM NORMAL:   5.3   DPTR FM NORMAL:   -0.87    2 = FOG REDUCING VISIBILITY
HIGHEST:    86 ON 13, 9 GRTST 24HR  1.18 ON 18-19      TO 1/4 MILE OR LESS
LOWEST:     45 ON 28                               3 = THUNDER
                        SNOW, ICE PELLETS, HAIL    4 = ICE PELLETS
                        TOTAL MONTH:   0.0 INCH    5 = HAIL
                        GRTST 24HR     0.0         6 = FREEZING RAIN OR DRIZZLE
                        GRTST DEPTH:   0           7 = DUSTSTORM OR SANDSTORM:
                                                       VSBY 1/2 MILE OR LESS
                                                   8 = SMOKE OR HAZE
[NO. OF DAYS WITH]      [WEATHER - DAYS WITH]      9 = BLOWING SNOW
                                                   X = TORNADO
MAX 32 OR BELOW:   0    0.01 INCH OR MORE:   6
MAX 90 OR ABOVE:   0    0.10 INCH OR MORE:   5
MIN 32 OR BELOW:   0    0.50 INCH OR MORE:   1
MIN  0 OR BELOW:   0    1.00 INCH OR MORE:   1

[HDD (BASE 65) ]
TOTAL THIS MO.    17    CLEAR  (SCALE 0-3)  19
DPTR FM NORMAL   -88    PTCLDY (SCALE 4-7)  10
TOTAL FM JUL 1    17    CLOUDY (SCALE 8-10)  0
DPTR FM NORMAL  -109

[CDD (BASE 65) ]
TOTAL THIS MO.   130
DPTR FM NORMAL    72    [PRESSURE DATA]
TOTAL FM JAN 1   831    HIGHEST SLP M ON M
DPTR FM NORMAL   280    LOWEST  SLP 29.82 ON 28

[REMARKS]
